{"id":810,"date":"2018-02-19T16:54:10","date_gmt":"2018-02-19T15:54:10","guid":{"rendered":"https:\/\/didapro.org\/9abc\/?page_id=810"},"modified":"2022-04-05T16:24:49","modified_gmt":"2022-04-05T14:24:49","slug":"conferences-invitees","status":"publish","type":"page","link":"https:\/\/www.didapro.org\/9\/conferences-invitees\/","title":{"rendered":"Conf\u00e9rences invit\u00e9es"},"content":{"rendered":"\n<h2 class=\"wp-block-heading\">Mercredi 18 mai 2022 : <b>Pierre Eric Mounier-Kuhn<\/b><\/h2>\n<h5>CNRS, Sorbonne Universit\u00e9 et CentraleSup\u00e9lec &#8211; Chercheur associ\u00e9 au Centre Alexandre Koyr\u00e9<\/h5>\n<h3>La construction sociale d&rsquo;une discipline acad\u00e9mique : l&rsquo;informatique<\/h3>\n\n\n\n<p>Comment l&rsquo;informatique, qui n&rsquo;\u00e9tait il y a 60 ans qu&rsquo;une technique auxiliaire des math\u00e9matiques appliqu\u00e9es, est-elle devenue en un demi-si\u00e8cle une \u00ab\u00a0science\u00a0\u00bb, en tout cas une discipline acad\u00e9mique ? On exposera les processus \u00e0 l&rsquo;\u0153uvre dans ce ph\u00e9nom\u00e8ne historique, en citant quelques exemples \u00e9tudi\u00e9s apr\u00e8s la publication de notre ouvrage de 2010, \u00ab\u00a0L&rsquo;\u00e9mergence d&rsquo;une science\u00a0\u00bb.  L&rsquo;histoire de l&rsquo;informatique, comme les autres, contient sa part de mythes qu&rsquo;il est aussi int\u00e9ressant d&rsquo;\u00e9tudier pour contribuer \u00e0 la construction d\u2019une culture du monde \u00ab\u00a0num\u00e9rique\u00a0\u00bb: on en donnera un aper\u00e7u. On proposera en conclusion une perspective de comparaison internationale.<\/p><\/p>\n\n\n\n<h2 class=\"wp-block-heading\">Jeudi 19 mai 2022 :<b> Fran\u00e7oise Tort<\/b><\/h2>\n<h5>Enseignante Chercheuse \u00e0 l&rsquo;ENS Paris Saclay &#8211; Conceptrice de d\u00e9fis p\u00e9dagogiques chez Pix <\/h5>\n<h3>\u00c9valuation automatique de savoirs et savoir-faire num\u00e9riques. Questions et perspectives ouvertes par le dispositif PIX. <\/h3>\n\n\n\n<p><p>PIX est un service public en ligne d\u2019\u00e9valuation et de certification des comp\u00e9tences num\u00e9riques. Il propose un service en ligne gratuit, qui permet de se positionner sur 16 th\u00e8mes relevant de la culture num\u00e9rique et selon 7 niveaux de difficult\u00e9. Il propose \u00e9galement un dispositif de certification utilis\u00e9 par des professionnels de la formation, les universit\u00e9s et l&rsquo;enseignement secondaire. La certification est obligatoire \u00e0 chaque fin de cycle, au coll\u00e8ge et au lyc\u00e9e.\n<\/p> <p> \nNous plongerons au coeur du processus de cr\u00e9ation des contenus de Pix afin de d\u00e9couvrir comment le r\u00e9f\u00e9rentiel Digcomp y est impl\u00e9ment\u00e9. Comment sont con\u00e7ues les \u00e9preuves ? \u00c0 quels crit\u00e8res de qualit\u00e9 elles sont soumises ? Comment est mise en oeuvre l&rsquo;\u00e9valuation automatique ?  Comment sont propos\u00e9s ces contenus pour l&rsquo;enseignement secondaire ?  \n<\/p> <p> \nCette pr\u00e9sentation a pour ambition d&rsquo;aider \u00e0 appr\u00e9hender la culture num\u00e9rique dont les contenus de Pix trace les contours, de questionner la nature des savoirs et savoir-faire \u00e9valu\u00e9s et d&rsquo;ouvrir des pistes de r\u00e9flexion sur l&rsquo;utilisation du dispositif en milieu scolaire<\/p><\/p>\n\n\n\n<h2 class=\"wp-block-heading\">Vendredi 20 mai 2022 : <b>Engin Bumbacher<\/b><\/h2>\n<h5> HEP Vaud, Lausanne, Suisse &#8211; Professeur ordinaire en \u00e9ducation num\u00e9rique et didactique de l&rsquo;informatique <\/h5>\n<h3> Nouveaux types d&rsquo;\u00e9valuation pour mieux avancer la Pens\u00e9e Computationnelle dans les \u00e9coles : Une approche prometteuse ou une impasse ? <\/h3>\n\n\n\n<p> Depuis son introduction, le terme \u201cPens\u00e9e Computationnelle\u201d (P.C.) a \u00e9t\u00e9 rapidement repris par ceux qui veulent faire progresser l&rsquo;enseignement de l\u2019informatique dans les \u00e9coles obligatoires. Cependant, il reste encore beaucoup de questions ouvertes autour de ce concept plut\u00f4t nouveau qui n\u00e9cessitent des r\u00e9ponses pour permettre une int\u00e9gration r\u00e9ussie dans l\u2019enseignement. Les progr\u00e8s sur ces questions sont entrav\u00e9s par deux probl\u00e8mes : 1. Diff\u00e9rents groupes utilisent diff\u00e9rentes interpr\u00e9tations de la P.C., dont certaines ont peu en commun. 2. La P.C. \u00e9tant une comp\u00e9tence, les \u00e9valuations existantes qui ne prennent pas en compte le processus sont limit\u00e9es et ne pas n\u00e9cessairement valid\u00e9es non plus. Ces deux probl\u00e8mes sont fondamentalement li\u00e9s et doivent \u00eatre abord\u00e9s ensemble pour cr\u00e9er des solutions coh\u00e9rentes.<\/p> \n<p> \nCette pr\u00e9sentation ne pr\u00e9sentera pas une solution clef en main \u00e0 ces probl\u00e8mes, mais proposera une approche de recherche pour aider \u00e0 d\u00e9velopper des solutions coh\u00e9rentes. L&rsquo;approche est r\u00e9alis\u00e9e par un projet de l\u2019OCDE PISA pour lequel nous cr\u00e9ons une plateforme pour d\u00e9velopper, comparer, tester et valider de nouveaux types d&rsquo;\u00e9valuation formative de la P.C.. Ce projet sera pr\u00e9sent\u00e9 et situ\u00e9 par rapport \u00e0 d\u2019autres approches d&rsquo;\u00e9valuation et de recherche de la P.C., et on explorera son potentiel pour influencer la recherche et le d\u00e9veloppement de l&rsquo;enseignement de la P.C.. Cette pr\u00e9sentation se terminera par une discussion sur les questions et d\u00e9fis critiques.\n<\/p> <p> \n<u>Biographie:<\/u>\nEngin Bumbacher est professeur ordinaire en \u00e9ducation num\u00e9rique et didactique de l&rsquo;informatique \u00e0 la HEP Vaud, Lausanne, Suisse. Ses int\u00e9r\u00eats de recherche portent g\u00e9n\u00e9ralement sur l&rsquo;int\u00e9gration des pratiques computationnelles et de la science de donn\u00e9es dans les disciplines non informatiques, entre autres dans le but de d\u00e9velopper les comp\u00e9tences de Pens\u00e9e Computationnelle des \u00e9tudiants. Il s&rsquo;int\u00e9resse \u00e9galement \u00e0 la conception de nouvelles approches pour mesurer les pratiques de Pens\u00e9e Computationnelle. Engin Bumbacher est aussi membre du groupe d&rsquo;experts pour la OCDE PISA pour l\u2019\u00e9valuation du domaine de l&rsquo;innovation 2025. Il est titulaire d&rsquo;un doctorat en \u201cLearning Sciences and Technology Design\u201d de l\u2019Universit\u00e9 de Stanford, et d&rsquo;un MSc en \u201cNeural Systems and Computation\u201d et d\u2019un BSc en Physique de l\u2019EPFZ.\n\n<\/p><\/p>\n\n\n\n<p><\/p>\n","protected":false},"excerpt":{"rendered":"<p>Mercredi 18 mai 2022 : Pierre Eric Mounier-Kuhn CNRS, Sorbonne Universit\u00e9 et CentraleSup\u00e9lec &#8211; Chercheur associ\u00e9 au Centre Alexandre Koyr\u00e9 La construction sociale d&rsquo;une discipline acad\u00e9mique : l&rsquo;informatique Comment l&rsquo;informatique, qui n&rsquo;\u00e9tait il y a 60 ans qu&rsquo;une technique auxiliaire des math\u00e9matiques appliqu\u00e9es, est-elle devenue en un demi-si\u00e8cle une \u00ab\u00a0science\u00a0\u00bb, en tout cas une discipline &hellip; <\/p>\n<p class=\"link-more\"><a href=\"https:\/\/www.didapro.org\/9\/conferences-invitees\/\" class=\"more-link\">Continuer la lecture<span class=\"screen-reader-text\"> de &laquo;&nbsp;Conf\u00e9rences invit\u00e9es&nbsp;&raquo;<\/span><\/a><\/p>\n","protected":false},"author":2,"featured_media":818,"parent":0,"menu_order":0,"comment_status":"closed","ping_status":"closed","template":"","meta":{"jetpack_post_was_ever_published":false,"footnotes":""},"class_list":["post-810","page","type-page","status-publish","has-post-thumbnail","hentry"],"jetpack_sharing_enabled":true,"jetpack_shortlink":"https:\/\/wp.me\/PcTN9V-d4","jetpack-related-posts":[{"id":353,"url":"https:\/\/www.didapro.org\/9\/","url_meta":{"origin":810,"position":0},"title":"Accueil","author":"admin","date":"7 ao\u00fbt 2016","format":false,"excerpt":"Didapro 9 \u2013 DidaSTIC 9\u00e8me colloque francophone de didactique de l'informatique 18-20 mai 2022 Le Mans Co-organis\u00e9 par le CREN port\u00e9 par les universit\u00e9s de Nantes et Le Mans, et l'INSPE de l'acad\u00e9mie de Nantes \u00a0 Depuis 1988, les colloques de didactique de l\u2019informatique, puis le colloque Didapro \u2013 DidaSTIC\u2026","rel":"","context":"Article similaire","block_context":{"text":"Article similaire","link":""},"img":{"alt_text":"","src":"","width":0,"height":0},"classes":[]},{"id":489,"url":"https:\/\/www.didapro.org\/9\/objectifs-et-themes\/","url_meta":{"origin":810,"position":1},"title":"Objectifs et th\u00e8mes","author":"7","date":"18 avril 2017","format":false,"excerpt":"Depuis 1988, les colloques de didactique de l\u2019informatique, puis le colloque Didapro \u2013 DidaSTIC explorent des th\u00e8mes autour de l\u2019enseignement et l\u2019apprentissage de l\u2019informatique. La 9e \u00e9dition (Didapro 9), co-organis\u00e9e par le CREN (Centre de Recherche en Education de Nantes) et l\u2019INSPE de l\u2019Acad\u00e9mie de Nantes se d\u00e9roulera sur trois\u2026","rel":"","context":"Article similaire","block_context":{"text":"Article similaire","link":""},"img":{"alt_text":"","src":"","width":0,"height":0},"classes":[]},{"id":604,"url":"https:\/\/www.didapro.org\/9\/programme\/","url_meta":{"origin":810,"position":2},"title":"Programme","author":"jppellet","date":"27 octobre 2017","format":false,"excerpt":"Mercredi 18 mai 8h30 - 9hAccueil9h - 9h20Ouverture du colloque9h20 - 10h30Conf\u00e9rence invit\u00e9e : Pierre Eric Mounier-Kuhn10h30 - 11hPause11h - 12h30Table-ronde : Les enseignants.e.s d'informatique au lyc\u00e9e 12h30 - 14hD\u00e9jeuner14h - 14h45Ateliers 114h45 - 15hPause15h - 15h45Ateliers 215h45 - 16hPause16h - 16h45Ateliers 3 Jeudi 19 mai 8h30 - 9hAccueil9h -\u2026","rel":"","context":"Article similaire","block_context":{"text":"Article similaire","link":""},"img":{"alt_text":"","src":"https:\/\/i0.wp.com\/www.didapro.org\/9\/wp-content\/uploads\/sites\/6\/2017\/10\/program_3.jpg?fit=1200%2C720&ssl=1&resize=350%2C200","width":350,"height":200,"srcset":"https:\/\/i0.wp.com\/www.didapro.org\/9\/wp-content\/uploads\/sites\/6\/2017\/10\/program_3.jpg?fit=1200%2C720&ssl=1&resize=350%2C200 1x, https:\/\/i0.wp.com\/www.didapro.org\/9\/wp-content\/uploads\/sites\/6\/2017\/10\/program_3.jpg?fit=1200%2C720&ssl=1&resize=525%2C300 1.5x, https:\/\/i0.wp.com\/www.didapro.org\/9\/wp-content\/uploads\/sites\/6\/2017\/10\/program_3.jpg?fit=1200%2C720&ssl=1&resize=700%2C400 2x, https:\/\/i0.wp.com\/www.didapro.org\/9\/wp-content\/uploads\/sites\/6\/2017\/10\/program_3.jpg?fit=1200%2C720&ssl=1&resize=1050%2C600 3x"},"classes":[]},{"id":733,"url":"https:\/\/www.didapro.org\/9\/partenaires\/","url_meta":{"origin":810,"position":3},"title":"Organisateurs et partenaires","author":"7","date":"15 janvier 2018","format":false,"excerpt":"Le colloque Didapro 9 \u2013 DidaSTIC est organis\u00e9 par : Centre de Recherche en Education de NantesINSP\u00c9 de l'acad\u00e9mie de NantesLe Mans Universit\u00e9 Il est soutenu par les partenaires : Acad\u00e9mie de NantesINSPE de l'acad\u00e9mie de la R\u00e9unionC3I - IREM Commission inter-IREM informatique","rel":"","context":"Article similaire","block_context":{"text":"Article similaire","link":""},"img":{"alt_text":"","src":"https:\/\/i0.wp.com\/www.didapro.org\/9\/wp-content\/uploads\/sites\/6\/2017\/04\/header-conference.jpg?fit=1200%2C720&ssl=1&resize=350%2C200","width":350,"height":200,"srcset":"https:\/\/i0.wp.com\/www.didapro.org\/9\/wp-content\/uploads\/sites\/6\/2017\/04\/header-conference.jpg?fit=1200%2C720&ssl=1&resize=350%2C200 1x, https:\/\/i0.wp.com\/www.didapro.org\/9\/wp-content\/uploads\/sites\/6\/2017\/04\/header-conference.jpg?fit=1200%2C720&ssl=1&resize=525%2C300 1.5x, https:\/\/i0.wp.com\/www.didapro.org\/9\/wp-content\/uploads\/sites\/6\/2017\/04\/header-conference.jpg?fit=1200%2C720&ssl=1&resize=700%2C400 2x, https:\/\/i0.wp.com\/www.didapro.org\/9\/wp-content\/uploads\/sites\/6\/2017\/04\/header-conference.jpg?fit=1200%2C720&ssl=1&resize=1050%2C600 3x"},"classes":[]},{"id":476,"url":"https:\/\/www.didapro.org\/9\/comites\/","url_meta":{"origin":810,"position":4},"title":"Comit\u00e9s","author":"7","date":"14 avril 2017","format":false,"excerpt":"Comit\u00e9 scientifique Jean-Pierre ARCHAMBAULT, \u00a0Association EPI \u2013 Enseignement public et informatique Georges-Louis BARON, \u00a0Universit\u00e9 Paris DescartesMonique BARON, Sorbonne Universit\u00e9Jacques BEZIAT, \u00a0Universit\u00e9 de Caen NormandieL\u00e6titia BOULC'H, Universit\u00e9 Paris DescartesPascale BRANDT-POMARES, Aix-Marseille Universit\u00e9Julien BROISIN, Universit\u00e9 de ToulouseEric BRUILLARD, \u00a0ENS Paris-SaclayPierre-Andr\u00e9 CARON, Universit\u00e9 de LilleThierry DANQUIGNY, Universit\u00e9 de LilleChristophe DECLERCQ, INSP\u00c9 de l'acad\u00e9mie\u2026","rel":"","context":"Article similaire","block_context":{"text":"Article similaire","link":""},"img":{"alt_text":"","src":"https:\/\/i0.wp.com\/www.didapro.org\/9\/wp-content\/uploads\/sites\/6\/2017\/04\/header-didapro6.jpg?fit=1200%2C720&ssl=1&resize=350%2C200","width":350,"height":200,"srcset":"https:\/\/i0.wp.com\/www.didapro.org\/9\/wp-content\/uploads\/sites\/6\/2017\/04\/header-didapro6.jpg?fit=1200%2C720&ssl=1&resize=350%2C200 1x, https:\/\/i0.wp.com\/www.didapro.org\/9\/wp-content\/uploads\/sites\/6\/2017\/04\/header-didapro6.jpg?fit=1200%2C720&ssl=1&resize=525%2C300 1.5x, https:\/\/i0.wp.com\/www.didapro.org\/9\/wp-content\/uploads\/sites\/6\/2017\/04\/header-didapro6.jpg?fit=1200%2C720&ssl=1&resize=700%2C400 2x, https:\/\/i0.wp.com\/www.didapro.org\/9\/wp-content\/uploads\/sites\/6\/2017\/04\/header-didapro6.jpg?fit=1200%2C720&ssl=1&resize=1050%2C600 3x"},"classes":[]},{"id":507,"url":"https:\/\/www.didapro.org\/9\/contributions-dates\/","url_meta":{"origin":810,"position":5},"title":"Contributions et dates","author":"jppellet","date":"5 mai 2017","format":false,"excerpt":"Contributions Quatre types de contributions peuvent \u00eatre propos\u00e9es : article long (8-12 pages)article court (4-6 pages)proposition de poster (2-4 pages)proposition d'atelier (de une \u00e0 au maximum 4 pages) Les contributions sont soumises via la plateforme EasyChair avant les dates sp\u00e9cifi\u00e9es\u00a0ci-dessous. Les contributions sont \u00e0 r\u00e9diger en fran\u00e7ais. Dates importantes D\u00e9p\u00f4t\u00a0des\u00a0articles\u2026","rel":"","context":"Article similaire","block_context":{"text":"Article similaire","link":""},"img":{"alt_text":"","src":"https:\/\/i0.wp.com\/www.didapro.org\/9\/wp-content\/uploads\/sites\/6\/2017\/04\/header-didapro-1.jpg?fit=1200%2C720&ssl=1&resize=350%2C200","width":350,"height":200,"srcset":"https:\/\/i0.wp.com\/www.didapro.org\/9\/wp-content\/uploads\/sites\/6\/2017\/04\/header-didapro-1.jpg?fit=1200%2C720&ssl=1&resize=350%2C200 1x, https:\/\/i0.wp.com\/www.didapro.org\/9\/wp-content\/uploads\/sites\/6\/2017\/04\/header-didapro-1.jpg?fit=1200%2C720&ssl=1&resize=525%2C300 1.5x, https:\/\/i0.wp.com\/www.didapro.org\/9\/wp-content\/uploads\/sites\/6\/2017\/04\/header-didapro-1.jpg?fit=1200%2C720&ssl=1&resize=700%2C400 2x, https:\/\/i0.wp.com\/www.didapro.org\/9\/wp-content\/uploads\/sites\/6\/2017\/04\/header-didapro-1.jpg?fit=1200%2C720&ssl=1&resize=1050%2C600 3x"},"classes":[]}],"jetpack_likes_enabled":true,"_links":{"self":[{"href":"https:\/\/www.didapro.org\/9\/wp-json\/wp\/v2\/pages\/810","targetHints":{"allow":["GET"]}}],"collection":[{"href":"https:\/\/www.didapro.org\/9\/wp-json\/wp\/v2\/pages"}],"about":[{"href":"https:\/\/www.didapro.org\/9\/wp-json\/wp\/v2\/types\/page"}],"author":[{"embeddable":true,"href":"https:\/\/www.didapro.org\/9\/wp-json\/wp\/v2\/users\/2"}],"replies":[{"embeddable":true,"href":"https:\/\/www.didapro.org\/9\/wp-json\/wp\/v2\/comments?post=810"}],"version-history":[{"count":40,"href":"https:\/\/www.didapro.org\/9\/wp-json\/wp\/v2\/pages\/810\/revisions"}],"predecessor-version":[{"id":1350,"href":"https:\/\/www.didapro.org\/9\/wp-json\/wp\/v2\/pages\/810\/revisions\/1350"}],"wp:featuredmedia":[{"embeddable":true,"href":"https:\/\/www.didapro.org\/9\/wp-json\/wp\/v2\/media\/818"}],"wp:attachment":[{"href":"https:\/\/www.didapro.org\/9\/wp-json\/wp\/v2\/media?parent=810"}],"curies":[{"name":"wp","href":"https:\/\/api.w.org\/{rel}","templated":true}]}}