{"id":552,"date":"2017-08-24T16:11:04","date_gmt":"2017-08-24T14:11:04","guid":{"rendered":"https:\/\/didapro.org\/9abc\/?page_id=552"},"modified":"2022-05-13T14:12:28","modified_gmt":"2022-05-13T12:12:28","slug":"lieu-et-hebergement","status":"publish","type":"page","link":"https:\/\/www.didapro.org\/9\/lieu-et-hebergement\/","title":{"rendered":"Lieu et h\u00e9bergement"},"content":{"rendered":"\n<div class=\"wp-block-image\"><figure class=\"aligncenter size-large is-resized\"><img data-recalc-dims=\"1\" loading=\"lazy\" decoding=\"async\" data-attachment-id=\"1443\" data-permalink=\"https:\/\/www.didapro.org\/9\/lieu-et-hebergement\/acces-inspe\/\" data-orig-file=\"https:\/\/i0.wp.com\/www.didapro.org\/9\/wp-content\/uploads\/sites\/6\/2022\/05\/Acce%CC%80s-INSPE.png?fit=2000%2C2000&amp;ssl=1\" data-orig-size=\"2000,2000\" data-comments-opened=\"1\" data-image-meta=\"{&quot;aperture&quot;:&quot;0&quot;,&quot;credit&quot;:&quot;&quot;,&quot;camera&quot;:&quot;&quot;,&quot;caption&quot;:&quot;&quot;,&quot;created_timestamp&quot;:&quot;0&quot;,&quot;copyright&quot;:&quot;&quot;,&quot;focal_length&quot;:&quot;0&quot;,&quot;iso&quot;:&quot;0&quot;,&quot;shutter_speed&quot;:&quot;0&quot;,&quot;title&quot;:&quot;&quot;,&quot;orientation&quot;:&quot;0&quot;}\" data-image-title=\"Acce\u0300s-INSPE\" data-image-description=\"\" data-image-caption=\"\" data-large-file=\"https:\/\/i0.wp.com\/www.didapro.org\/9\/wp-content\/uploads\/sites\/6\/2022\/05\/Acce%CC%80s-INSPE.png?fit=525%2C525&amp;ssl=1\" src=\"https:\/\/i0.wp.com\/www.didapro.org\/9\/wp-content\/uploads\/sites\/6\/2022\/05\/Acce%CC%80s-INSPE.png?resize=187%2C187&#038;ssl=1\" alt=\"\" class=\"wp-image-1443\" width=\"187\" height=\"187\" srcset=\"https:\/\/i0.wp.com\/www.didapro.org\/9\/wp-content\/uploads\/sites\/6\/2022\/05\/Acce%CC%80s-INSPE.png?resize=1024%2C1024&amp;ssl=1 1024w, https:\/\/i0.wp.com\/www.didapro.org\/9\/wp-content\/uploads\/sites\/6\/2022\/05\/Acce%CC%80s-INSPE.png?resize=300%2C300&amp;ssl=1 300w, https:\/\/i0.wp.com\/www.didapro.org\/9\/wp-content\/uploads\/sites\/6\/2022\/05\/Acce%CC%80s-INSPE.png?resize=150%2C150&amp;ssl=1 150w, https:\/\/i0.wp.com\/www.didapro.org\/9\/wp-content\/uploads\/sites\/6\/2022\/05\/Acce%CC%80s-INSPE.png?resize=768%2C768&amp;ssl=1 768w, https:\/\/i0.wp.com\/www.didapro.org\/9\/wp-content\/uploads\/sites\/6\/2022\/05\/Acce%CC%80s-INSPE.png?resize=1536%2C1536&amp;ssl=1 1536w, https:\/\/i0.wp.com\/www.didapro.org\/9\/wp-content\/uploads\/sites\/6\/2022\/05\/Acce%CC%80s-INSPE.png?resize=100%2C100&amp;ssl=1 100w, https:\/\/i0.wp.com\/www.didapro.org\/9\/wp-content\/uploads\/sites\/6\/2022\/05\/Acce%CC%80s-INSPE.png?w=2000&amp;ssl=1 2000w\" sizes=\"auto, (max-width: 187px) 100vw, 187px\" \/><figcaption>Scannez-moi<br> (l&rsquo;indication &lsquo;ESPE&rsquo; sous Google Maps est la bonne !)<\/figcaption><\/figure><\/div>\n\n\n<h2>Localisation :<\/h2>\n<p>&nbsp;<\/p>\n<h4><a href=\"https:\/\/inspe-site-lemans.univ-nantes.fr\/\">Insp\u00e9 Acad\u00e9mie de Nantes <\/a>&#8211; Site de formation du Mans<\/h4>\n<p>11 Bd Pythagore, 72016 Le Mans<br \/><a href=\"https:\/\/www.google.com\/maps\/@48.017067,0.1546916,18z\">GPS : 48.0173, 0.15530 <\/a><br \/><a href=\"https:\/\/inspe-site-lemans.univ-nantes.fr\/medias\/fichier\/acces-au-site-du-mans_1583943328466-pdf?ID_FICHE=903412&amp;INLINE=FALSE\"> T\u00e9l\u00e9charger le plan d&rsquo;acc\u00e8s de l&rsquo;Insp\u00e9 Site Le Mans<\/a><\/p>\n<h4><a href=\"http:\/\/www.univ-lemans.fr\/fr\/index.html\">Le Mans Universit\u00e9<\/a><\/h4>\n<h2>Acc\u00e8s :<\/h2>\n<h4>Par le tram<\/h4>\n<p>Depuis la gare SNCF &#8211; Le Mans &#8211; Direction : \u00ab\u00a0Universit\u00e9\u00a0\u00bb &#8211; Arr\u00eat : \u00ab\u00a0Terminus universit\u00e9\u00a0\u00bb ou \u00ab\u00a0Campus Ribay\u00a0\u00bb.<br \/>Plus d&rsquo;informations sur <a href=\"https:\/\/www.setram.fr\/\">SETRAM<\/a><\/p>\n<h4>En voiture<\/h4>\n<p>Sortie 8 de l&rsquo;A11 (Le Mans Ouest &#8211; Universit\u00e9)<\/p>\n<h2>H\u00e9bergement :<\/h2>\n<p><a href=\"https:\/\/lemans.artyster.com\/\"> Artyster Le Mans <\/a> &#8211; 5 Bd Ren\u00e9 Levasseur, 72000 Le Mans<\/p>\n<p><a href=\"https:\/\/www.odalys-vacances.com\/location-ville\/pays-de-la-loire\/le-mans\/odalys-city-le-mans-centre-congres.html?esl-k=sem-google|ng|c562188178298|m|k|p|t|dc|a118274777650|g1342151501&amp;gclid=EAIaIQobChMIzNTdlNe29wIVVPhRCh2oiwOEEAAYAiAAEgLEwfD_BwE\">Odalys City Le Mans Centre Congr\u00e8s <\/a> &#8211; 7 Rue Barbier, 72000 Le Mans, France<\/p>\n<h2>Visites :<\/h2>\n<p><a href=\"https:\/\/www.lemans.fr\/\">La ville du Mans &#8211; visites<\/a><\/p>\n<p><a href=\"https:\/\/www.guidigo.com\/Tour\/France\/Le%20Mans\/La-Cite-Plantagenet-au-carrefour-de-la-modernite\/dU_GzHLtmww?lg=en\">Guidigo : <\/a> Osez vous aventurer dans les m\u00e9andres de la Cit\u00e9 Plantagen\u00eat<\/p>","protected":false},"excerpt":{"rendered":"<p>Localisation : &nbsp; Insp\u00e9 Acad\u00e9mie de Nantes &#8211; Site de formation du Mans 11 Bd Pythagore, 72016 Le MansGPS : 48.0173, 0.15530 T\u00e9l\u00e9charger le plan d&rsquo;acc\u00e8s de l&rsquo;Insp\u00e9 Site Le Mans Le Mans Universit\u00e9 Acc\u00e8s : Par le tram Depuis la gare SNCF &#8211; Le Mans &#8211; Direction : \u00ab\u00a0Universit\u00e9\u00a0\u00bb &#8211; Arr\u00eat : \u00ab\u00a0Terminus universit\u00e9\u00a0\u00bb &hellip; <\/p>\n<p class=\"link-more\"><a href=\"https:\/\/www.didapro.org\/9\/lieu-et-hebergement\/\" class=\"more-link\">Continuer la lecture<span class=\"screen-reader-text\"> de &laquo;&nbsp;Lieu et h\u00e9bergement&nbsp;&raquo;<\/span><\/a><\/p>\n","protected":false},"author":2,"featured_media":868,"parent":0,"menu_order":0,"comment_status":"closed","ping_status":"closed","template":"","meta":{"jetpack_post_was_ever_published":false,"footnotes":""},"class_list":["post-552","page","type-page","status-publish","has-post-thumbnail","hentry"],"jetpack_sharing_enabled":true,"jetpack_shortlink":"https:\/\/wp.me\/PcTN9V-8U","jetpack-related-posts":[{"id":476,"url":"https:\/\/www.didapro.org\/9\/comites\/","url_meta":{"origin":552,"position":0},"title":"Comit\u00e9s","author":"7","date":"14 avril 2017","format":false,"excerpt":"Comit\u00e9 scientifique Jean-Pierre ARCHAMBAULT, \u00a0Association EPI \u2013 Enseignement public et informatique Georges-Louis BARON, \u00a0Universit\u00e9 Paris DescartesMonique BARON, Sorbonne Universit\u00e9Jacques BEZIAT, \u00a0Universit\u00e9 de Caen NormandieL\u00e6titia BOULC'H, Universit\u00e9 Paris DescartesPascale BRANDT-POMARES, Aix-Marseille Universit\u00e9Julien BROISIN, Universit\u00e9 de ToulouseEric BRUILLARD, \u00a0ENS Paris-SaclayPierre-Andr\u00e9 CARON, Universit\u00e9 de LilleThierry DANQUIGNY, Universit\u00e9 de LilleChristophe DECLERCQ, INSP\u00c9 de l'acad\u00e9mie\u2026","rel":"","context":"Article similaire","block_context":{"text":"Article similaire","link":""},"img":{"alt_text":"","src":"https:\/\/i0.wp.com\/www.didapro.org\/9\/wp-content\/uploads\/sites\/6\/2017\/04\/header-didapro6.jpg?fit=1200%2C720&ssl=1&resize=350%2C200","width":350,"height":200,"srcset":"https:\/\/i0.wp.com\/www.didapro.org\/9\/wp-content\/uploads\/sites\/6\/2017\/04\/header-didapro6.jpg?fit=1200%2C720&ssl=1&resize=350%2C200 1x, https:\/\/i0.wp.com\/www.didapro.org\/9\/wp-content\/uploads\/sites\/6\/2017\/04\/header-didapro6.jpg?fit=1200%2C720&ssl=1&resize=525%2C300 1.5x, https:\/\/i0.wp.com\/www.didapro.org\/9\/wp-content\/uploads\/sites\/6\/2017\/04\/header-didapro6.jpg?fit=1200%2C720&ssl=1&resize=700%2C400 2x, https:\/\/i0.wp.com\/www.didapro.org\/9\/wp-content\/uploads\/sites\/6\/2017\/04\/header-didapro6.jpg?fit=1200%2C720&ssl=1&resize=1050%2C600 3x"},"classes":[]},{"id":353,"url":"https:\/\/www.didapro.org\/9\/","url_meta":{"origin":552,"position":1},"title":"Accueil","author":"admin","date":"7 ao\u00fbt 2016","format":false,"excerpt":"Didapro 9 \u2013 DidaSTIC 9\u00e8me colloque francophone de didactique de l'informatique 18-20 mai 2022 Le Mans Co-organis\u00e9 par le CREN port\u00e9 par les universit\u00e9s de Nantes et Le Mans, et l'INSPE de l'acad\u00e9mie de Nantes \u00a0 Depuis 1988, les colloques de didactique de l\u2019informatique, puis le colloque Didapro \u2013 DidaSTIC\u2026","rel":"","context":"Article similaire","block_context":{"text":"Article similaire","link":""},"img":{"alt_text":"","src":"","width":0,"height":0},"classes":[]},{"id":733,"url":"https:\/\/www.didapro.org\/9\/partenaires\/","url_meta":{"origin":552,"position":2},"title":"Organisateurs et partenaires","author":"7","date":"15 janvier 2018","format":false,"excerpt":"Le colloque Didapro 9 \u2013 DidaSTIC est organis\u00e9 par : Centre de Recherche en Education de NantesINSP\u00c9 de l'acad\u00e9mie de NantesLe Mans Universit\u00e9 Il est soutenu par les partenaires : Acad\u00e9mie de NantesINSPE de l'acad\u00e9mie de la R\u00e9unionC3I - IREM Commission inter-IREM informatique","rel":"","context":"Article similaire","block_context":{"text":"Article similaire","link":""},"img":{"alt_text":"","src":"https:\/\/i0.wp.com\/www.didapro.org\/9\/wp-content\/uploads\/sites\/6\/2017\/04\/header-conference.jpg?fit=1200%2C720&ssl=1&resize=350%2C200","width":350,"height":200,"srcset":"https:\/\/i0.wp.com\/www.didapro.org\/9\/wp-content\/uploads\/sites\/6\/2017\/04\/header-conference.jpg?fit=1200%2C720&ssl=1&resize=350%2C200 1x, https:\/\/i0.wp.com\/www.didapro.org\/9\/wp-content\/uploads\/sites\/6\/2017\/04\/header-conference.jpg?fit=1200%2C720&ssl=1&resize=525%2C300 1.5x, https:\/\/i0.wp.com\/www.didapro.org\/9\/wp-content\/uploads\/sites\/6\/2017\/04\/header-conference.jpg?fit=1200%2C720&ssl=1&resize=700%2C400 2x, https:\/\/i0.wp.com\/www.didapro.org\/9\/wp-content\/uploads\/sites\/6\/2017\/04\/header-conference.jpg?fit=1200%2C720&ssl=1&resize=1050%2C600 3x"},"classes":[]},{"id":489,"url":"https:\/\/www.didapro.org\/9\/objectifs-et-themes\/","url_meta":{"origin":552,"position":3},"title":"Objectifs et th\u00e8mes","author":"7","date":"18 avril 2017","format":false,"excerpt":"Depuis 1988, les colloques de didactique de l\u2019informatique, puis le colloque Didapro \u2013 DidaSTIC explorent des th\u00e8mes autour de l\u2019enseignement et l\u2019apprentissage de l\u2019informatique. La 9e \u00e9dition (Didapro 9), co-organis\u00e9e par le CREN (Centre de Recherche en Education de Nantes) et l\u2019INSPE de l\u2019Acad\u00e9mie de Nantes se d\u00e9roulera sur trois\u2026","rel":"","context":"Article similaire","block_context":{"text":"Article similaire","link":""},"img":{"alt_text":"","src":"","width":0,"height":0},"classes":[]},{"id":657,"url":"https:\/\/www.didapro.org\/9\/inscription\/","url_meta":{"origin":552,"position":4},"title":"Inscription","author":"jppellet","date":"29 novembre 2017","format":false,"excerpt":"Inscriptions du 1er mars 2022 au 13 mai 2022 Inscriptions \u00e0 la journ\u00e9e d\u2019ouverture et au colloque scientifique \u00a0 Journ\u00e9e des enseignant\u00b7e\u00b7s* uniquement \u00a0 Journ\u00e9e + Colloque avec repas de gala Enseignants-Chercheurs et Enseignantes-Chercheuses, Chercheur\u00b7e\u00b7s Inclus dans l\u2019inscription DidaPro9 \u00a0 180 \u20ac Doctorant\u00b7e\u00b7s Inclus dans l\u2019inscription DidaPro9 \u00a0 80 \u20ac\u2026","rel":"","context":"Article similaire","block_context":{"text":"Article similaire","link":""},"img":{"alt_text":"","src":"","width":0,"height":0},"classes":[]},{"id":604,"url":"https:\/\/www.didapro.org\/9\/programme\/","url_meta":{"origin":552,"position":5},"title":"Programme","author":"jppellet","date":"27 octobre 2017","format":false,"excerpt":"Mercredi 18 mai 8h30 - 9hAccueil9h - 9h20Ouverture du colloque9h20 - 10h30Conf\u00e9rence invit\u00e9e : Pierre Eric Mounier-Kuhn10h30 - 11hPause11h - 12h30Table-ronde : Les enseignants.e.s d'informatique au lyc\u00e9e 12h30 - 14hD\u00e9jeuner14h - 14h45Ateliers 114h45 - 15hPause15h - 15h45Ateliers 215h45 - 16hPause16h - 16h45Ateliers 3 Jeudi 19 mai 8h30 - 9hAccueil9h -\u2026","rel":"","context":"Article similaire","block_context":{"text":"Article similaire","link":""},"img":{"alt_text":"","src":"https:\/\/i0.wp.com\/www.didapro.org\/9\/wp-content\/uploads\/sites\/6\/2017\/10\/program_3.jpg?fit=1200%2C720&ssl=1&resize=350%2C200","width":350,"height":200,"srcset":"https:\/\/i0.wp.com\/www.didapro.org\/9\/wp-content\/uploads\/sites\/6\/2017\/10\/program_3.jpg?fit=1200%2C720&ssl=1&resize=350%2C200 1x, https:\/\/i0.wp.com\/www.didapro.org\/9\/wp-content\/uploads\/sites\/6\/2017\/10\/program_3.jpg?fit=1200%2C720&ssl=1&resize=525%2C300 1.5x, https:\/\/i0.wp.com\/www.didapro.org\/9\/wp-content\/uploads\/sites\/6\/2017\/10\/program_3.jpg?fit=1200%2C720&ssl=1&resize=700%2C400 2x, https:\/\/i0.wp.com\/www.didapro.org\/9\/wp-content\/uploads\/sites\/6\/2017\/10\/program_3.jpg?fit=1200%2C720&ssl=1&resize=1050%2C600 3x"},"classes":[]}],"jetpack_likes_enabled":true,"_links":{"self":[{"href":"https:\/\/www.didapro.org\/9\/wp-json\/wp\/v2\/pages\/552","targetHints":{"allow":["GET"]}}],"collection":[{"href":"https:\/\/www.didapro.org\/9\/wp-json\/wp\/v2\/pages"}],"about":[{"href":"https:\/\/www.didapro.org\/9\/wp-json\/wp\/v2\/types\/page"}],"author":[{"embeddable":true,"href":"https:\/\/www.didapro.org\/9\/wp-json\/wp\/v2\/users\/2"}],"replies":[{"embeddable":true,"href":"https:\/\/www.didapro.org\/9\/wp-json\/wp\/v2\/comments?post=552"}],"version-history":[{"count":36,"href":"https:\/\/www.didapro.org\/9\/wp-json\/wp\/v2\/pages\/552\/revisions"}],"predecessor-version":[{"id":1444,"href":"https:\/\/www.didapro.org\/9\/wp-json\/wp\/v2\/pages\/552\/revisions\/1444"}],"wp:featuredmedia":[{"embeddable":true,"href":"https:\/\/www.didapro.org\/9\/wp-json\/wp\/v2\/media\/868"}],"wp:attachment":[{"href":"https:\/\/www.didapro.org\/9\/wp-json\/wp\/v2\/media?parent=552"}],"curies":[{"name":"wp","href":"https:\/\/api.w.org\/{rel}","templated":true}]}}