{"id":507,"date":"2017-05-05T17:13:00","date_gmt":"2017-05-05T15:13:00","guid":{"rendered":"https:\/\/didapro.org\/9abc\/?page_id=507"},"modified":"2022-02-27T06:52:06","modified_gmt":"2022-02-27T05:52:06","slug":"contributions-dates","status":"publish","type":"page","link":"https:\/\/www.didapro.org\/9\/contributions-dates\/","title":{"rendered":"Contributions et dates"},"content":{"rendered":"\n<h1 class=\"wp-block-heading\">Contributions<\/h1>\n\n\n\n<p>Quatre types de contributions peuvent \u00eatre propos\u00e9es :<\/p>\n\n\n\n<ul class=\"wp-block-list\"><li>article long (8-12 pages)<\/li><li>article court (4-6 pages)<\/li><li>proposition de poster (2-4 pages)<\/li><li>proposition d&rsquo;atelier (de une \u00e0 au maximum 4 pages)<\/li><\/ul>\n\n\n\n<p>Les contributions sont soumises via la <a href=\"https:\/\/easychair.org\/cfp\/DIDAPRO9\" data-type=\"URL\" data-id=\"https:\/\/easychair.org\/cfp\/DIDAPRO9\" target=\"_blank\" rel=\"noreferrer noopener\">plateforme EasyChair <\/a>avant les dates sp\u00e9cifi\u00e9es&nbsp;ci-dessous. Les contributions sont \u00e0 r\u00e9diger en fran\u00e7ais.<\/p>\n\n\n\n<h1 class=\"wp-block-heading\">Dates importantes<\/h1>\n\n\n\n<figure class=\"wp-block-table\"><table><tbody><tr><td><span style=\"color: #000000\">D\u00e9p\u00f4t&nbsp;des<strong>&nbsp;articles complets<\/strong><\/span><\/td><td><s>15 d\u00e9cembre 2021<\/s>   <span class=\"has-inline-color has-vivid-red-color\"><strong> 21 janvier 2022<\/strong><\/span><\/td><\/tr><tr><td><span>Notification d\u2019<strong>acceptation<\/strong> des&nbsp;articles<\/span><\/td><td>15 mars 2022<\/td><\/tr><tr><td><span style=\"color: #000000\">Ouverture des <strong>inscriptions<\/strong><\/span><\/td><td>1er mars 2022<\/td><\/tr><tr><td><span style=\"color: #000000\">D\u00e9p\u00f4t des propositions de <strong>posters<\/strong><\/span><\/td><td><s>11 f\u00e9vrier 2022<\/s>  <span class=\"has-inline-color has-vivid-red-color\"><strong>25 f\u00e9vrier 2022<\/strong><\/span><\/td><\/tr><tr><td><span style=\"color: #000000\">D\u00e9p\u00f4t des propositions pour les  <strong>ateliers<\/strong><\/span><\/td><td><s>11 f\u00e9vrier 2022 <\/s> <span class=\"has-inline-color has-vivid-red-color\"><strong>25 f\u00e9vrier 2022<\/strong><\/span><\/td><\/tr><tr><td><span style=\"color: #000000\">D\u00e9p\u00f4t des <b>articles r\u00e9vis\u00e9s<\/b> (<i>camera ready<\/i>)<\/span><\/td><td>15 avril 2022<\/td><\/tr><tr><td><span style=\"color: #000000\">Fermeture des <strong>inscriptions<\/strong><\/span><\/td><td>13 mai 2022<\/td><\/tr><tr><td><strong>Tenue du colloque<\/strong><\/td><td><strong>du 18 au 20 mai 2022&nbsp;<\/strong><\/td><\/tr><\/tbody><\/table><\/figure>\n\n\n\n<h2 class=\"wp-block-heading\">Articles<\/h2>\n\n\n\n<p><span style=\"color: #000000\">Les <strong>articles complets<\/strong> sont \u00e0 d\u00e9poser selon les indications suivantes :<\/span><\/p>\n\n\n\n<ul class=\"wp-block-list\"><li>Les soumissions devront \u00eatre au format LNCS sur la base des mod\u00e8les .doc ou Latex (<a href=\"https:\/\/www.springer.com\/fr\/computer-science\/lncs\/conference-proceedings-guidelines\">https:\/\/www.springer.com\/fr\/computer-science\/lncs\/conference-proceedings-guidelines).<\/a><\/li><li><span style=\"color: #000000\">les formats accept\u00e9s pour le d\u00e9p\u00f4t sont <\/span>\u00ab\u00a0.pdf\u00a0\u00bb<\/li><li><span style=\"color: #000000\">les articles sont \u00e0 anonymiser enti\u00e8rement (merci de ne pas mentionner les auteurs ou affiliations)<\/span><\/li><\/ul>\n\n\n\n<p><span style=\"color: #000000\">Nous vous rendons attentifs au fait que le texte des contributions pourra \u00eatre l\u00e9g\u00e8rement reformat\u00e9 en cas d&rsquo;acceptation pour les besoins de l&rsquo;\u00e9diteur.<\/span><\/p>\n\n\n\n<h2 class=\"wp-block-heading\">Posters<\/h2>\n\n\n\n<p><span style=\"color: #000000\">Les posters d\u00e9crivent des travaux r\u00e9cemment compl\u00e9t\u00e9s ou encore en cours, des applications concr\u00e8tes, ou illustrent des pratiques correspondant aux th\u00e9matiques du colloque.<\/span><\/p>\n\n\n\n<p><span style=\"color: #000000\">Les propositions de poster se font via<a href=\"https:\/\/easychair.org\/cfp\/DIDAPRO9\"> EasyChair<\/a> dans le m\u00eame format que les contributions d\u2019articles, avec un maximum de 4 pages. Le texte inclut un r\u00e9sum\u00e9, une description de la probl\u00e9matique abord\u00e9e, de la m\u00e9thodologie de recherche ou des pratiques appliqu\u00e9es, et si possible des r\u00e9sultats.<\/span><\/p>\n\n\n\n<h2 class=\"wp-block-heading\">Ateliers<\/h2>\n\n\n\n<p><span style=\"color: #000000\">Les ateliers sont des occasions de pr\u00e9senter et faire exp\u00e9rimenter un outil, une d\u00e9marche, une th\u00e9matique appliqu\u00e9e \u00e0 l\u2019enseignement et \u00e0 l\u2019apprentissage de l\u2019informatique. Se d\u00e9roulant en plus petit comit\u00e9 que les s\u00e9ances pl\u00e9ni\u00e8res et de fa\u00e7on plus interactive, ils durent environ 45 minutes et auront lieu le mercredi 18 mai lors de la journ\u00e9e \u00e9galement ouverte aux enseignant\u00b7e\u00b7s. Ils sont potentiellement tenus plusieurs fois de suite afin de proposer aux participant\u00b7e\u00b7s un choix plus large.<\/span><\/p>\n\n\n\n<p><span style=\"color: #000000\">Les propositions d\u2019ateliers se font via <a href=\"https:\/\/easychair.org\/cfp\/DIDAPRO9\">EasyChair <\/a>dans le m\u00eame format que les contributions d\u2019articles, avec un maximum de 4 pages. Le texte inclut un r\u00e9sum\u00e9 de la th\u00e9matique de l\u2019atelier, une liste du mat\u00e9riel requis et\/ou fourni par les organisateurs\/trices, un nombre maximal de participants et une description des activit\u00e9s r\u00e9alis\u00e9es pendant le temps \u00e0 disposition.<\/span><\/p>\n\n\n\n<p><\/p>\n","protected":false},"excerpt":{"rendered":"<p>Contributions Quatre types de contributions peuvent \u00eatre propos\u00e9es : article long (8-12 pages) article court (4-6 pages) proposition de poster (2-4 pages) proposition d&rsquo;atelier (de une \u00e0 au maximum 4 pages) Les contributions sont soumises via la plateforme EasyChair avant les dates sp\u00e9cifi\u00e9es&nbsp;ci-dessous. Les contributions sont \u00e0 r\u00e9diger en fran\u00e7ais. Dates importantes D\u00e9p\u00f4t&nbsp;des&nbsp;articles complets 15 &hellip; <\/p>\n<p class=\"link-more\"><a href=\"https:\/\/www.didapro.org\/9\/contributions-dates\/\" class=\"more-link\">Continuer la lecture<span class=\"screen-reader-text\"> de &laquo;&nbsp;Contributions et dates&nbsp;&raquo;<\/span><\/a><\/p>\n","protected":false},"author":3,"featured_media":458,"parent":0,"menu_order":0,"comment_status":"closed","ping_status":"closed","template":"","meta":{"jetpack_post_was_ever_published":false,"footnotes":""},"class_list":["post-507","page","type-page","status-publish","has-post-thumbnail","hentry"],"jetpack_sharing_enabled":true,"jetpack_shortlink":"https:\/\/wp.me\/PcTN9V-8b","jetpack-related-posts":[{"id":489,"url":"https:\/\/www.didapro.org\/9\/objectifs-et-themes\/","url_meta":{"origin":507,"position":0},"title":"Objectifs et th\u00e8mes","author":"7","date":"18 avril 2017","format":false,"excerpt":"Depuis 1988, les colloques de didactique de l\u2019informatique, puis le colloque Didapro \u2013 DidaSTIC explorent des th\u00e8mes autour de l\u2019enseignement et l\u2019apprentissage de l\u2019informatique. La 9e \u00e9dition (Didapro 9), co-organis\u00e9e par le CREN (Centre de Recherche en Education de Nantes) et l\u2019INSPE de l\u2019Acad\u00e9mie de Nantes se d\u00e9roulera sur trois\u2026","rel":"","context":"Article similaire","block_context":{"text":"Article similaire","link":""},"img":{"alt_text":"","src":"","width":0,"height":0},"classes":[]},{"id":353,"url":"https:\/\/www.didapro.org\/9\/","url_meta":{"origin":507,"position":1},"title":"Accueil","author":"admin","date":"7 ao\u00fbt 2016","format":false,"excerpt":"Didapro 9 \u2013 DidaSTIC 9\u00e8me colloque francophone de didactique de l'informatique 18-20 mai 2022 Le Mans Co-organis\u00e9 par le CREN port\u00e9 par les universit\u00e9s de Nantes et Le Mans, et l'INSPE de l'acad\u00e9mie de Nantes \u00a0 Depuis 1988, les colloques de didactique de l\u2019informatique, puis le colloque Didapro \u2013 DidaSTIC\u2026","rel":"","context":"Article similaire","block_context":{"text":"Article similaire","link":""},"img":{"alt_text":"","src":"","width":0,"height":0},"classes":[]},{"id":810,"url":"https:\/\/www.didapro.org\/9\/conferences-invitees\/","url_meta":{"origin":507,"position":2},"title":"Conf\u00e9rences invit\u00e9es","author":"7","date":"19 f\u00e9vrier 2018","format":false,"excerpt":"Mercredi 18 mai 2022 : Pierre Eric Mounier-Kuhn CNRS, Sorbonne Universit\u00e9 et CentraleSup\u00e9lec - Chercheur associ\u00e9 au Centre Alexandre Koyr\u00e9 La construction sociale d'une discipline acad\u00e9mique : l'informatique Comment l'informatique, qui n'\u00e9tait il y a 60 ans qu'une technique auxiliaire des math\u00e9matiques appliqu\u00e9es, est-elle devenue en un demi-si\u00e8cle une \"science\",\u2026","rel":"","context":"Article similaire","block_context":{"text":"Article similaire","link":""},"img":{"alt_text":"","src":"https:\/\/i0.wp.com\/www.didapro.org\/9\/wp-content\/uploads\/sites\/6\/2018\/02\/header-bolo.jpg?fit=1200%2C720&ssl=1&resize=350%2C200","width":350,"height":200,"srcset":"https:\/\/i0.wp.com\/www.didapro.org\/9\/wp-content\/uploads\/sites\/6\/2018\/02\/header-bolo.jpg?fit=1200%2C720&ssl=1&resize=350%2C200 1x, https:\/\/i0.wp.com\/www.didapro.org\/9\/wp-content\/uploads\/sites\/6\/2018\/02\/header-bolo.jpg?fit=1200%2C720&ssl=1&resize=525%2C300 1.5x, https:\/\/i0.wp.com\/www.didapro.org\/9\/wp-content\/uploads\/sites\/6\/2018\/02\/header-bolo.jpg?fit=1200%2C720&ssl=1&resize=700%2C400 2x, https:\/\/i0.wp.com\/www.didapro.org\/9\/wp-content\/uploads\/sites\/6\/2018\/02\/header-bolo.jpg?fit=1200%2C720&ssl=1&resize=1050%2C600 3x"},"classes":[]},{"id":604,"url":"https:\/\/www.didapro.org\/9\/programme\/","url_meta":{"origin":507,"position":3},"title":"Programme","author":"jppellet","date":"27 octobre 2017","format":false,"excerpt":"Mercredi 18 mai 8h30 - 9hAccueil9h - 9h20Ouverture du colloque9h20 - 10h30Conf\u00e9rence invit\u00e9e : Pierre Eric Mounier-Kuhn10h30 - 11hPause11h - 12h30Table-ronde : Les enseignants.e.s d'informatique au lyc\u00e9e 12h30 - 14hD\u00e9jeuner14h - 14h45Ateliers 114h45 - 15hPause15h - 15h45Ateliers 215h45 - 16hPause16h - 16h45Ateliers 3 Jeudi 19 mai 8h30 - 9hAccueil9h -\u2026","rel":"","context":"Article similaire","block_context":{"text":"Article similaire","link":""},"img":{"alt_text":"","src":"https:\/\/i0.wp.com\/www.didapro.org\/9\/wp-content\/uploads\/sites\/6\/2017\/10\/program_3.jpg?fit=1200%2C720&ssl=1&resize=350%2C200","width":350,"height":200,"srcset":"https:\/\/i0.wp.com\/www.didapro.org\/9\/wp-content\/uploads\/sites\/6\/2017\/10\/program_3.jpg?fit=1200%2C720&ssl=1&resize=350%2C200 1x, https:\/\/i0.wp.com\/www.didapro.org\/9\/wp-content\/uploads\/sites\/6\/2017\/10\/program_3.jpg?fit=1200%2C720&ssl=1&resize=525%2C300 1.5x, https:\/\/i0.wp.com\/www.didapro.org\/9\/wp-content\/uploads\/sites\/6\/2017\/10\/program_3.jpg?fit=1200%2C720&ssl=1&resize=700%2C400 2x, https:\/\/i0.wp.com\/www.didapro.org\/9\/wp-content\/uploads\/sites\/6\/2017\/10\/program_3.jpg?fit=1200%2C720&ssl=1&resize=1050%2C600 3x"},"classes":[]},{"id":657,"url":"https:\/\/www.didapro.org\/9\/inscription\/","url_meta":{"origin":507,"position":4},"title":"Inscription","author":"jppellet","date":"29 novembre 2017","format":false,"excerpt":"Inscriptions du 1er mars 2022 au 13 mai 2022 Inscriptions \u00e0 la journ\u00e9e d\u2019ouverture et au colloque scientifique \u00a0 Journ\u00e9e des enseignant\u00b7e\u00b7s* uniquement \u00a0 Journ\u00e9e + Colloque avec repas de gala Enseignants-Chercheurs et Enseignantes-Chercheuses, Chercheur\u00b7e\u00b7s Inclus dans l\u2019inscription DidaPro9 \u00a0 180 \u20ac Doctorant\u00b7e\u00b7s Inclus dans l\u2019inscription DidaPro9 \u00a0 80 \u20ac\u2026","rel":"","context":"Article similaire","block_context":{"text":"Article similaire","link":""},"img":{"alt_text":"","src":"","width":0,"height":0},"classes":[]}],"jetpack_likes_enabled":true,"_links":{"self":[{"href":"https:\/\/www.didapro.org\/9\/wp-json\/wp\/v2\/pages\/507","targetHints":{"allow":["GET"]}}],"collection":[{"href":"https:\/\/www.didapro.org\/9\/wp-json\/wp\/v2\/pages"}],"about":[{"href":"https:\/\/www.didapro.org\/9\/wp-json\/wp\/v2\/types\/page"}],"author":[{"embeddable":true,"href":"https:\/\/www.didapro.org\/9\/wp-json\/wp\/v2\/users\/3"}],"replies":[{"embeddable":true,"href":"https:\/\/www.didapro.org\/9\/wp-json\/wp\/v2\/comments?post=507"}],"version-history":[{"count":49,"href":"https:\/\/www.didapro.org\/9\/wp-json\/wp\/v2\/pages\/507\/revisions"}],"predecessor-version":[{"id":1321,"href":"https:\/\/www.didapro.org\/9\/wp-json\/wp\/v2\/pages\/507\/revisions\/1321"}],"wp:featuredmedia":[{"embeddable":true,"href":"https:\/\/www.didapro.org\/9\/wp-json\/wp\/v2\/media\/458"}],"wp:attachment":[{"href":"https:\/\/www.didapro.org\/9\/wp-json\/wp\/v2\/media?parent=507"}],"curies":[{"name":"wp","href":"https:\/\/api.w.org\/{rel}","templated":true}]}}

<h1 class="wp-block-heading">Contributions</h1>



<p>Quatre types de contributions peuvent être proposées :</p>



<ul class="wp-block-list"><li>article long (8-12 pages)</li><li>article court (4-6 pages)</li><li>proposition de poster (2-4 pages)</li><li>proposition d&rsquo;atelier (de une à au maximum 4 pages)</li></ul>



<p>Les contributions sont soumises via la <a href="https://easychair.org/cfp/DIDAPRO9" data-type="URL" data-id="https://easychair.org/cfp/DIDAPRO9" target="_blank" rel="noreferrer noopener">plateforme EasyChair </a>avant les dates spécifiées&nbsp;ci-dessous. Les contributions sont à rédiger en français.</p>



<h1 class="wp-block-heading">Dates importantes</h1>



<figure class="wp-block-table"><table><tbody><tr><td><span style="color: #000000">Dépôt&nbsp;des<strong>&nbsp;articles complets</strong></span></td><td><s>15 décembre 2021</s>   <span class="has-inline-color has-vivid-red-color"><strong> 21 janvier 2022</strong></span></td></tr><tr><td><span>Notification d’<strong>acceptation</strong> des&nbsp;articles</span></td><td>15 mars 2022</td></tr><tr><td><span style="color: #000000">Ouverture des <strong>inscriptions</strong></span></td><td>1er mars 2022</td></tr><tr><td><span style="color: #000000">Dépôt des propositions de <strong>posters</strong></span></td><td><s>11 février 2022</s>  <span class="has-inline-color has-vivid-red-color"><strong>25 février 2022</strong></span></td></tr><tr><td><span style="color: #000000">Dépôt des propositions pour les  <strong>ateliers</strong></span></td><td><s>11 février 2022 </s> <span class="has-inline-color has-vivid-red-color"><strong>25 février 2022</strong></span></td></tr><tr><td><span style="color: #000000">Dépôt des <b>articles révisés</b> (<i>camera ready</i>)</span></td><td>15 avril 2022</td></tr><tr><td><span style="color: #000000">Fermeture des <strong>inscriptions</strong></span></td><td>13 mai 2022</td></tr><tr><td><strong>Tenue du colloque</strong></td><td><strong>du 18 au 20 mai 2022&nbsp;</strong></td></tr></tbody></table></figure>



<h2 class="wp-block-heading">Articles</h2>



<p><span style="color: #000000">Les <strong>articles complets</strong> sont à déposer selon les indications suivantes :</span></p>



<ul class="wp-block-list"><li>Les soumissions devront être au format LNCS sur la base des modèles .doc ou Latex (<a href="https://www.springer.com/fr/computer-science/lncs/conference-proceedings-guidelines">https://www.springer.com/fr/computer-science/lncs/conference-proceedings-guidelines).</a></li><li><span style="color: #000000">les formats acceptés pour le dépôt sont </span>« .pdf »</li><li><span style="color: #000000">les articles sont à anonymiser entièrement (merci de ne pas mentionner les auteurs ou affiliations)</span></li></ul>



<p><span style="color: #000000">Nous vous rendons attentifs au fait que le texte des contributions pourra être légèrement reformaté en cas d&rsquo;acceptation pour les besoins de l&rsquo;éditeur.</span></p>



<h2 class="wp-block-heading">Posters</h2>



<p><span style="color: #000000">Les posters décrivent des travaux récemment complétés ou encore en cours, des applications concrètes, ou illustrent des pratiques correspondant aux thématiques du colloque.</span></p>



<p><span style="color: #000000">Les propositions de poster se font via<a href="https://easychair.org/cfp/DIDAPRO9"> EasyChair</a> dans le même format que les contributions d’articles, avec un maximum de 4 pages. Le texte inclut un résumé, une description de la problématique abordée, de la méthodologie de recherche ou des pratiques appliquées, et si possible des résultats.</span></p>



<h2 class="wp-block-heading">Ateliers</h2>



<p><span style="color: #000000">Les ateliers sont des occasions de présenter et faire expérimenter un outil, une démarche, une thématique appliquée à l’enseignement et à l’apprentissage de l’informatique. Se déroulant en plus petit comité que les séances plénières et de façon plus interactive, ils durent environ 45 minutes et auront lieu le mercredi 18 mai lors de la journée également ouverte aux enseignant·e·s. Ils sont potentiellement tenus plusieurs fois de suite afin de proposer aux participant·e·s un choix plus large.</span></p>



<p><span style="color: #000000">Les propositions d’ateliers se font via <a href="https://easychair.org/cfp/DIDAPRO9">EasyChair </a>dans le même format que les contributions d’articles, avec un maximum de 4 pages. Le texte inclut un résumé de la thématique de l’atelier, une liste du matériel requis et/ou fourni par les organisateurs/trices, un nombre maximal de participants et une description des activités réalisées pendant le temps à disposition.</span></p>



<p></p>

<p>Contributions Quatre types de contributions peuvent être proposées : article long (8-12 pages) article court (4-6 pages) proposition de poster (2-4 pages) proposition d&rsquo;atelier (de une à au maximum 4 pages) Les contributions sont soumises via la plateforme EasyChair avant les dates spécifiées&nbsp;ci-dessous. Les contributions sont à rédiger en français. Dates importantes Dépôt&nbsp;des&nbsp;articles complets 15 &hellip; </p>
<p class="link-more"><a href="https://www.didapro.org/9/contributions-dates/" class="more-link">Continuer la lecture<span class="screen-reader-text"> de &laquo;&nbsp;Contributions et dates&nbsp;&raquo;</span></a></p>

Objectifs et thèmes

Depuis 1988, les colloques de didactique de l’informatique, puis le colloque Didapro – DidaSTIC explorent des thèmes autour de l’enseignement et l’apprentissage de l’informatique. La 9e édition (Didapro 9), co-organisée par le CREN (Centre de Recherche en Education de Nantes) et l’INSPE de l’Académie de Nantes se déroulera sur trois…

7 août 2016

Didapro 9 – DidaSTIC 9ème colloque francophone de didactique de l'informatique 18-20 mai 2022 Le Mans Co-organisé par le CREN porté par les universités de Nantes et Le Mans, et l'INSPE de l'académie de Nantes   Depuis 1988, les colloques de didactique de l’informatique, puis le colloque Didapro – DidaSTIC…

Conférences invitées

19 février 2018

Mercredi 18 mai 2022 : Pierre Eric Mounier-Kuhn CNRS, Sorbonne Université et CentraleSupélec - Chercheur associé au Centre Alexandre Koyré La construction sociale d'une discipline académique : l'informatique Comment l'informatique, qui n'était il y a 60 ans qu'une technique auxiliaire des mathématiques appliquées, est-elle devenue en un demi-siècle une "science",…

Mercredi 18 mai 8h30 - 9hAccueil9h - 9h20Ouverture du colloque9h20 - 10h30Conférence invitée : Pierre Eric Mounier-Kuhn10h30 - 11hPause11h - 12h30Table-ronde : Les enseignants.e.s d'informatique au lycée 12h30 - 14hDéjeuner14h - 14h45Ateliers 114h45 - 15hPause15h - 15h45Ateliers 215h45 - 16hPause16h - 16h45Ateliers 3 Jeudi 19 mai 8h30 - 9hAccueil9h -…

Inscriptions du 1er mars 2022 au 13 mai 2022 Inscriptions à la journée d’ouverture et au colloque scientifique   Journée des enseignant·e·s* uniquement   Journée + Colloque avec repas de gala Enseignants-Chercheurs et Enseignantes-Chercheuses, Chercheur·e·s Inclus dans l’inscription DidaPro9   180 € Doctorant·e·s Inclus dans l’inscription DidaPro9   80 €…
