{"id":476,"date":"2017-04-14T21:02:49","date_gmt":"2017-04-14T19:02:49","guid":{"rendered":"https:\/\/didapro.org\/9abc\/?page_id=476"},"modified":"2022-02-27T06:38:19","modified_gmt":"2022-02-27T05:38:19","slug":"comites","status":"publish","type":"page","link":"https:\/\/www.didapro.org\/9\/comites\/","title":{"rendered":"Comit\u00e9s"},"content":{"rendered":"\n<h2 class=\"wp-block-heading\">Comit\u00e9 scientifique<\/h2>\n\n\n\n<ul class=\"wp-block-list\"><li>Jean-Pierre ARCHAMBAULT, \u00a0Association EPI \u2013 Enseignement public et informatique <\/li><li>Georges-Louis BARON, \u00a0Universit\u00e9 Paris Descartes<\/li><li>Monique BARON, Sorbonne Universit\u00e9<\/li><li>Jacques BEZIAT, \u00a0Universit\u00e9 de Caen Normandie<\/li><li>L\u00e6titia BOULC&rsquo;H, Universit\u00e9 Paris Descartes<\/li><li>Pascale BRANDT-POMARES, Aix-Marseille Universit\u00e9<\/li><li>Julien BROISIN, Universit\u00e9 de Toulouse<\/li><li>Eric BRUILLARD, \u00a0ENS Paris-Saclay<\/li><li>Pierre-Andr\u00e9 CARON, Universit\u00e9 de Lille<\/li><li>Thierry DANQUIGNY, Universit\u00e9 de Lille<\/li><li>Christophe DECLERCQ,  INSP\u00c9 de l&rsquo;acad\u00e9mie de la R\u00e9union<\/li><li>Emmanuel DESMONTILS, Universit\u00e9 de Nantes<\/li><li>Christian DEPOVER, Universit\u00e9 de Mons<\/li><li> B\u00e9atrice DROT-DELANGE, Universit\u00e9 Clermont Auvergne <\/li><li> C\u00e9dric FLUCKIGER, Universit\u00e9 de Lille <\/li><li> Monique GRANDBASTIEN, Universit\u00e9 Poincar\u00e9, Nancy <\/li><li> Julie HENRY, \u00a0Universit\u00e9 de Namur et Universit\u00e9 de Li\u00e8ge <\/li><li>Magali HERSANT, INSP\u00c9 Nantes<\/li><li> Vassilis KOMIS, Universit\u00e9 de Patras <\/li><li> Pascal LEROUX, Le Mans Universit\u00e9 <\/li><li> Philippe MARQUET, Universit\u00e9 de Lille <\/li><li> Mathieu MURATET, INSHEA <\/li><li> Sandra NOGRY, Universit\u00e9 de Cergy-Pontoise <\/li><li> Gabriel PARRIAUX, \u00a0HEP Vaud <\/li><li> Jean-Philippe PELLET, \u00a0HEP Vaud <\/li><li> Yvan PETER, Universit\u00e9 de Lille <\/li><li> Christophe REFFAY, Universit\u00e9 de Franche-Comt\u00e9 <\/li><li>Val\u00e9rie RENAULT, Le Mans Universit\u00e9<\/li><li> Margarida ROMERO, INSP\u00c9 de Nice <\/li><li>Yann SECQ, Universit\u00e9 de Lille <\/li><li>Arnauld SEJOURNE, INSP\u00c9 de l&rsquo;acad\u00e9mie de Nantes<\/li><li> Fran\u00e7oise TORT, ENS Paris-Saclay <\/li><li> Emmanuelle VOULGRE, Universit\u00e9 Descartes Sorbonne Paris Cit\u00e9 <\/li><li> Amel YESSAD, Sorbonne Universit\u00e9 <\/li><\/ul>\n\n\n\n<h2 class=\"wp-block-heading\">Comit\u00e9 d&rsquo;organisation<\/h2>\n\n\n\n<ul class=\"wp-block-list\"><li>Christophe DECLERCQ, INSP\u00c9 de l&rsquo;acad\u00e9mie de la R\u00e9union<\/li><li>J\u00e9r\u00f4me LEHUEN, Le Mans Universit\u00e9<\/li><li>Pascal LEROUX, Le Mans Universit\u00e9<\/li><li>Val\u00e9rie RENAULT, Le Mans Universit\u00e9<\/li><li>Arnauld SEJOURNE, INSP\u00c9 de l&rsquo;acad\u00e9mie de Nantes<\/li><\/ul>\n","protected":false},"excerpt":{"rendered":"<p>Comit\u00e9 scientifique Jean-Pierre ARCHAMBAULT, \u00a0Association EPI \u2013 Enseignement public et informatique Georges-Louis BARON, \u00a0Universit\u00e9 Paris Descartes Monique BARON, Sorbonne Universit\u00e9 Jacques BEZIAT, \u00a0Universit\u00e9 de Caen Normandie L\u00e6titia BOULC&rsquo;H, Universit\u00e9 Paris Descartes Pascale BRANDT-POMARES, Aix-Marseille Universit\u00e9 Julien BROISIN, Universit\u00e9 de Toulouse Eric BRUILLARD, \u00a0ENS Paris-Saclay Pierre-Andr\u00e9 CARON, Universit\u00e9 de Lille Thierry DANQUIGNY, Universit\u00e9 de Lille Christophe &hellip; <\/p>\n<p class=\"link-more\"><a href=\"https:\/\/www.didapro.org\/9\/comites\/\" class=\"more-link\">Continuer la lecture<span class=\"screen-reader-text\"> de &laquo;&nbsp;Comit\u00e9s&nbsp;&raquo;<\/span><\/a><\/p>\n","protected":false},"author":2,"featured_media":500,"parent":0,"menu_order":0,"comment_status":"closed","ping_status":"closed","template":"","meta":{"jetpack_post_was_ever_published":false,"footnotes":""},"class_list":["post-476","page","type-page","status-publish","has-post-thumbnail","hentry"],"jetpack_sharing_enabled":true,"jetpack_shortlink":"https:\/\/wp.me\/PcTN9V-7G","jetpack-related-posts":[{"id":552,"url":"https:\/\/www.didapro.org\/9\/lieu-et-hebergement\/","url_meta":{"origin":476,"position":0},"title":"Lieu et h\u00e9bergement","author":"7","date":"24 ao\u00fbt 2017","format":false,"excerpt":"Scannez-moi (l'indication 'ESPE' sous Google Maps est la bonne !) Localisation : \u00a0 Insp\u00e9 Acad\u00e9mie de Nantes - Site de formation du Mans 11 Bd Pythagore, 72016 Le MansGPS : 48.0173, 0.15530 T\u00e9l\u00e9charger le plan d'acc\u00e8s de l'Insp\u00e9 Site Le Mans Le Mans Universit\u00e9 Acc\u00e8s : Par le tram Depuis\u2026","rel":"","context":"Article similaire","block_context":{"text":"Article similaire","link":""},"img":{"alt_text":"","src":"https:\/\/i0.wp.com\/www.didapro.org\/9\/wp-content\/uploads\/sites\/6\/2019\/03\/lilliad-exterieur.jpg?fit=920%2C433&ssl=1&resize=350%2C200","width":350,"height":200,"srcset":"https:\/\/i0.wp.com\/www.didapro.org\/9\/wp-content\/uploads\/sites\/6\/2019\/03\/lilliad-exterieur.jpg?fit=920%2C433&ssl=1&resize=350%2C200 1x, https:\/\/i0.wp.com\/www.didapro.org\/9\/wp-content\/uploads\/sites\/6\/2019\/03\/lilliad-exterieur.jpg?fit=920%2C433&ssl=1&resize=525%2C300 1.5x, https:\/\/i0.wp.com\/www.didapro.org\/9\/wp-content\/uploads\/sites\/6\/2019\/03\/lilliad-exterieur.jpg?fit=920%2C433&ssl=1&resize=700%2C400 2x"},"classes":[]},{"id":733,"url":"https:\/\/www.didapro.org\/9\/partenaires\/","url_meta":{"origin":476,"position":1},"title":"Organisateurs et partenaires","author":"7","date":"15 janvier 2018","format":false,"excerpt":"Le colloque Didapro 9 \u2013 DidaSTIC est organis\u00e9 par : Centre de Recherche en Education de NantesINSP\u00c9 de l'acad\u00e9mie de NantesLe Mans Universit\u00e9 Il est soutenu par les partenaires : Acad\u00e9mie de NantesINSPE de l'acad\u00e9mie de la R\u00e9unionC3I - IREM Commission inter-IREM informatique","rel":"","context":"Article similaire","block_context":{"text":"Article similaire","link":""},"img":{"alt_text":"","src":"https:\/\/i0.wp.com\/www.didapro.org\/9\/wp-content\/uploads\/sites\/6\/2017\/04\/header-conference.jpg?fit=1200%2C720&ssl=1&resize=350%2C200","width":350,"height":200,"srcset":"https:\/\/i0.wp.com\/www.didapro.org\/9\/wp-content\/uploads\/sites\/6\/2017\/04\/header-conference.jpg?fit=1200%2C720&ssl=1&resize=350%2C200 1x, https:\/\/i0.wp.com\/www.didapro.org\/9\/wp-content\/uploads\/sites\/6\/2017\/04\/header-conference.jpg?fit=1200%2C720&ssl=1&resize=525%2C300 1.5x, https:\/\/i0.wp.com\/www.didapro.org\/9\/wp-content\/uploads\/sites\/6\/2017\/04\/header-conference.jpg?fit=1200%2C720&ssl=1&resize=700%2C400 2x, https:\/\/i0.wp.com\/www.didapro.org\/9\/wp-content\/uploads\/sites\/6\/2017\/04\/header-conference.jpg?fit=1200%2C720&ssl=1&resize=1050%2C600 3x"},"classes":[]},{"id":353,"url":"https:\/\/www.didapro.org\/9\/","url_meta":{"origin":476,"position":2},"title":"Accueil","author":"admin","date":"7 ao\u00fbt 2016","format":false,"excerpt":"Didapro 9 \u2013 DidaSTIC 9\u00e8me colloque francophone de didactique de l'informatique 18-20 mai 2022 Le Mans Co-organis\u00e9 par le CREN port\u00e9 par les universit\u00e9s de Nantes et Le Mans, et l'INSPE de l'acad\u00e9mie de Nantes \u00a0 Depuis 1988, les colloques de didactique de l\u2019informatique, puis le colloque Didapro \u2013 DidaSTIC\u2026","rel":"","context":"Article similaire","block_context":{"text":"Article similaire","link":""},"img":{"alt_text":"","src":"","width":0,"height":0},"classes":[]},{"id":489,"url":"https:\/\/www.didapro.org\/9\/objectifs-et-themes\/","url_meta":{"origin":476,"position":3},"title":"Objectifs et th\u00e8mes","author":"7","date":"18 avril 2017","format":false,"excerpt":"Depuis 1988, les colloques de didactique de l\u2019informatique, puis le colloque Didapro \u2013 DidaSTIC explorent des th\u00e8mes autour de l\u2019enseignement et l\u2019apprentissage de l\u2019informatique. La 9e \u00e9dition (Didapro 9), co-organis\u00e9e par le CREN (Centre de Recherche en Education de Nantes) et l\u2019INSPE de l\u2019Acad\u00e9mie de Nantes se d\u00e9roulera sur trois\u2026","rel":"","context":"Article similaire","block_context":{"text":"Article similaire","link":""},"img":{"alt_text":"","src":"","width":0,"height":0},"classes":[]},{"id":657,"url":"https:\/\/www.didapro.org\/9\/inscription\/","url_meta":{"origin":476,"position":4},"title":"Inscription","author":"jppellet","date":"29 novembre 2017","format":false,"excerpt":"Inscriptions du 1er mars 2022 au 13 mai 2022 Inscriptions \u00e0 la journ\u00e9e d\u2019ouverture et au colloque scientifique \u00a0 Journ\u00e9e des enseignant\u00b7e\u00b7s* uniquement \u00a0 Journ\u00e9e + Colloque avec repas de gala Enseignants-Chercheurs et Enseignantes-Chercheuses, Chercheur\u00b7e\u00b7s Inclus dans l\u2019inscription DidaPro9 \u00a0 180 \u20ac Doctorant\u00b7e\u00b7s Inclus dans l\u2019inscription DidaPro9 \u00a0 80 \u20ac\u2026","rel":"","context":"Article similaire","block_context":{"text":"Article similaire","link":""},"img":{"alt_text":"","src":"","width":0,"height":0},"classes":[]},{"id":604,"url":"https:\/\/www.didapro.org\/9\/programme\/","url_meta":{"origin":476,"position":5},"title":"Programme","author":"jppellet","date":"27 octobre 2017","format":false,"excerpt":"Mercredi 18 mai 8h30 - 9hAccueil9h - 9h20Ouverture du colloque9h20 - 10h30Conf\u00e9rence invit\u00e9e : Pierre Eric Mounier-Kuhn10h30 - 11hPause11h - 12h30Table-ronde : Les enseignants.e.s d'informatique au lyc\u00e9e 12h30 - 14hD\u00e9jeuner14h - 14h45Ateliers 114h45 - 15hPause15h - 15h45Ateliers 215h45 - 16hPause16h - 16h45Ateliers 3 Jeudi 19 mai 8h30 - 9hAccueil9h -\u2026","rel":"","context":"Article similaire","block_context":{"text":"Article similaire","link":""},"img":{"alt_text":"","src":"https:\/\/i0.wp.com\/www.didapro.org\/9\/wp-content\/uploads\/sites\/6\/2017\/10\/program_3.jpg?fit=1200%2C720&ssl=1&resize=350%2C200","width":350,"height":200,"srcset":"https:\/\/i0.wp.com\/www.didapro.org\/9\/wp-content\/uploads\/sites\/6\/2017\/10\/program_3.jpg?fit=1200%2C720&ssl=1&resize=350%2C200 1x, https:\/\/i0.wp.com\/www.didapro.org\/9\/wp-content\/uploads\/sites\/6\/2017\/10\/program_3.jpg?fit=1200%2C720&ssl=1&resize=525%2C300 1.5x, https:\/\/i0.wp.com\/www.didapro.org\/9\/wp-content\/uploads\/sites\/6\/2017\/10\/program_3.jpg?fit=1200%2C720&ssl=1&resize=700%2C400 2x, https:\/\/i0.wp.com\/www.didapro.org\/9\/wp-content\/uploads\/sites\/6\/2017\/10\/program_3.jpg?fit=1200%2C720&ssl=1&resize=1050%2C600 3x"},"classes":[]}],"jetpack_likes_enabled":true,"_links":{"self":[{"href":"https:\/\/www.didapro.org\/9\/wp-json\/wp\/v2\/pages\/476","targetHints":{"allow":["GET"]}}],"collection":[{"href":"https:\/\/www.didapro.org\/9\/wp-json\/wp\/v2\/pages"}],"about":[{"href":"https:\/\/www.didapro.org\/9\/wp-json\/wp\/v2\/types\/page"}],"author":[{"embeddable":true,"href":"https:\/\/www.didapro.org\/9\/wp-json\/wp\/v2\/users\/2"}],"replies":[{"embeddable":true,"href":"https:\/\/www.didapro.org\/9\/wp-json\/wp\/v2\/comments?post=476"}],"version-history":[{"count":49,"href":"https:\/\/www.didapro.org\/9\/wp-json\/wp\/v2\/pages\/476\/revisions"}],"predecessor-version":[{"id":1315,"href":"https:\/\/www.didapro.org\/9\/wp-json\/wp\/v2\/pages\/476\/revisions\/1315"}],"wp:featuredmedia":[{"embeddable":true,"href":"https:\/\/www.didapro.org\/9\/wp-json\/wp\/v2\/media\/500"}],"wp:attachment":[{"href":"https:\/\/www.didapro.org\/9\/wp-json\/wp\/v2\/media?parent=476"}],"curies":[{"name":"wp","href":"https:\/\/api.w.org\/{rel}","templated":true}]}}