{"id":657,"date":"2017-11-29T14:41:57","date_gmt":"2017-11-29T13:41:57","guid":{"rendered":"https:\/\/www.didapro.org\/8abc\/?page_id=657"},"modified":"2020-01-19T12:26:43","modified_gmt":"2020-01-19T11:26:43","slug":"inscription","status":"publish","type":"page","link":"https:\/\/www.didapro.org\/8\/inscription\/","title":{"rendered":"Inscription"},"content":{"rendered":"<h4>Inscriptions \u00e0 la journ\u00e9e d&rsquo;ouverture et au colloque scientifique<\/h4>\n<table>\n<tbody>\n<tr>\n<td>&nbsp;<\/td>\n<td style=\"text-align: center\"><strong><span style=\"color: #000000\">Journ\u00e9e des enseignant\u00b7e\u00b7s<sup>*<\/sup> uniquement<\/span><\/strong><\/td>\n<td style=\"text-align: center\">&nbsp;<\/td>\n<td style=\"text-align: center\"><strong><span style=\"color: #000000\">Colloque complet <em>avec<\/em> repas de gala<\/span><\/strong><\/td>\n<\/tr>\n<tr>\n<td><span style=\"color: #000000\">Enseignants-Chercheurs et Enseignantes-Chercheuses, Chercheur\u00b7e\u00b7s<\/span><\/td>\n<td style=\"text-align: center\">Inclus dans l&rsquo;inscription DidaPro8<\/td>\n<td style=\"text-align: center\">&nbsp;<\/td>\n<td style=\"text-align: center\">200<\/td>\n<\/tr>\n<tr>\n<td><span style=\"color: #000000\">\u00c9tudiant\u00b7e\u00b7s et doctorant\u00b7e\u00b7s<\/span><\/td>\n<td style=\"text-align: center\">Inclus dans l&rsquo;inscription DidaPro8<\/td>\n<td style=\"text-align: center\">&nbsp;<\/td>\n<td style=\"text-align: center\">100<\/td>\n<\/tr>\n<tr>\n<td><span style=\"color: #000000\">Enseignant\u00b7e\u00b7s du primaire et secondaire<\/span><\/td>\n<td style=\"text-align: center\">GRATUIT<\/td>\n<td style=\"text-align: center\">&nbsp;<\/td>\n<td style=\"text-align: center\">&#8211;<\/td>\n<\/tr>\n<tr>\n<td><span style=\"color: #000000\">Autres participant\u00b7e\u00b7s<\/span><\/td>\n<td style=\"text-align: center\">GRATUIT<\/td>\n<td style=\"text-align: center\">&nbsp;<\/td>\n<td style=\"text-align: center\">200<\/td>\n<\/tr>\n<\/tbody>\n<\/table>\n<p><sup>*<\/sup> <em>La journ\u00e9e des enseignant\u00b7e\u00b7s est le premier jour du colloque, le mercredi 5 f\u00e9vrier.<\/em><\/p>\n<p><strong>Pour s&rsquo;inscrire \u00e0 la journ\u00e9e du mercredi et au colloque scientifique<\/strong> :&nbsp;<a href=\"https:\/\/inscription-evenement.univ-lille.fr\/DIDAPRO2020\/\">SUIVRE CE LIEN<\/a>.<\/p>\n<p>Les coll\u00e8gues du secondaire et primaire qui souhaitent assister \u00e0 d&rsquo;autres journ\u00e9es que le mercredi <strong>n&rsquo;ont pas \u00e0 r\u00e9gler de frais d&rsquo;inscription<\/strong>&nbsp;(mais auront \u00e0 prendre en charge personnellement le repas de gala si ils souhaitent y assister). Cependant, merci de vous inscrire sur le formulaire ci-dessus en choisissant l&rsquo;une des deux options (200\u20ac ou 100\u20ac) sachant que vous serez de fait exon\u00e9r\u00e9 (<strong>ne pas payer en CB !<\/strong>).&nbsp;<\/p>\n","protected":false},"excerpt":{"rendered":"<p>Inscriptions \u00e0 la journ\u00e9e d&rsquo;ouverture et au colloque scientifique &nbsp; Journ\u00e9e des enseignant\u00b7e\u00b7s* uniquement &nbsp; Colloque complet avec repas de gala Enseignants-Chercheurs et Enseignantes-Chercheuses, Chercheur\u00b7e\u00b7s Inclus dans l&rsquo;inscription DidaPro8 &nbsp; 200 \u00c9tudiant\u00b7e\u00b7s et doctorant\u00b7e\u00b7s Inclus dans l&rsquo;inscription DidaPro8 &nbsp; 100 Enseignant\u00b7e\u00b7s du primaire et secondaire GRATUIT &nbsp; &#8211; Autres participant\u00b7e\u00b7s GRATUIT &nbsp; 200 * La &hellip; <\/p>\n<p class=\"link-more\"><a href=\"https:\/\/www.didapro.org\/8\/inscription\/\" class=\"more-link\">Continuer la lecture<span class=\"screen-reader-text\"> de &laquo;&nbsp;Inscription&nbsp;&raquo;<\/span><\/a><\/p>\n","protected":false},"author":3,"featured_media":0,"parent":0,"menu_order":0,"comment_status":"closed","ping_status":"closed","template":"","meta":{"jetpack_post_was_ever_published":false,"footnotes":""},"class_list":["post-657","page","type-page","status-publish","hentry"],"jetpack_sharing_enabled":true,"jetpack_shortlink":"https:\/\/wp.me\/P8APBU-aB","jetpack-related-posts":[{"id":552,"url":"https:\/\/www.didapro.org\/8\/lieu-et-hebergement\/","url_meta":{"origin":657,"position":0},"title":"Lieu et h\u00e9bergement","author":"7","date":"24 ao\u00fbt 2017","format":false,"excerpt":"Lieu Le colloque se d\u00e9roule \u00e0 l'Universit\u00e9 de Lille, plus pr\u00e9cis\u00e9ment \u00e0 LILLIAD sur le campus cit\u00e9 scientifique de Villeneuve d'Ascq. H\u00e9bergement h\u00f4tel adresse r\u00e9servations H\u00f4tel BRUEGHEL 5 Parvis Saint Maurice 59000 Lille + 33 3 20 06 06 69 H\u00f4tel SAINT-MAURICE 8 Parvis Saint Maurice 59000 Lille +33 3\u2026","rel":"","context":"Article similaire","block_context":{"text":"Article similaire","link":""},"img":{"alt_text":"","src":"https:\/\/i0.wp.com\/www.didapro.org\/8\/wp-content\/uploads\/sites\/4\/2019\/03\/lilliad-exterieur.jpg?fit=920%2C433&ssl=1&resize=350%2C200","width":350,"height":200,"srcset":"https:\/\/i0.wp.com\/www.didapro.org\/8\/wp-content\/uploads\/sites\/4\/2019\/03\/lilliad-exterieur.jpg?fit=920%2C433&ssl=1&resize=350%2C200 1x, https:\/\/i0.wp.com\/www.didapro.org\/8\/wp-content\/uploads\/sites\/4\/2019\/03\/lilliad-exterieur.jpg?fit=920%2C433&ssl=1&resize=525%2C300 1.5x, https:\/\/i0.wp.com\/www.didapro.org\/8\/wp-content\/uploads\/sites\/4\/2019\/03\/lilliad-exterieur.jpg?fit=920%2C433&ssl=1&resize=700%2C400 2x"},"classes":[]},{"id":353,"url":"https:\/\/www.didapro.org\/8\/","url_meta":{"origin":657,"position":1},"title":"Accueil","author":"admin","date":"7 ao\u00fbt 2016","format":false,"excerpt":"Didapro 8 \u2013 DidaSTIC L'informatique, objets d'enseignements - enjeux \u00e9pist\u00e9mologiques, didactique et de formation 5 \u2013 7 f\u00e9vrier 2020 Universit\u00e9 de Lille, France Depuis 1988, les colloques de didactique de l'informatique, puis le colloque Didapro \u2013 DidaSTIC explorent les th\u00e8mes autour de l\u2019enseignement et l\u2019apprentissage de l\u2019informatique. La prochaine \u00e9dition\u2026","rel":"","context":"Article similaire","block_context":{"text":"Article similaire","link":""},"img":{"alt_text":"","src":"","width":0,"height":0},"classes":[]},{"id":604,"url":"https:\/\/www.didapro.org\/8\/programme\/","url_meta":{"origin":657,"position":2},"title":"Programme","author":"jppellet","date":"27 octobre 2017","format":false,"excerpt":"conf\u00e9rences invit\u00e9es sessions articlessession postertable rondeateliers du mercredi apr\u00e8s-midi mercredi 5 f\u00e9vr. jeudi 6 f\u00e9vr. vendredi 7 f\u00e9vr. 8h309h00 accueil caf\u00e9 accueil caf\u00e9 8h309h00 accueil caf\u00e9 9h009h10 Ouverture DidaPro8 conf\u00e9rence invit\u00e9eMargarida ROMERO 9h0010h00 conf\u00e9rence invit\u00e9eMarie DUFLOT-KREMER 9h1010h20 conf\u00e9rence invit\u00e9eThierry KARSENTI pause 10h0010h30 pause 10h2010h50 pause sessions 1 et 2 10h3012h00\u2026","rel":"","context":"Article similaire","block_context":{"text":"Article similaire","link":""},"img":{"alt_text":"","src":"https:\/\/i0.wp.com\/www.didapro.org\/8\/wp-content\/uploads\/sites\/4\/2017\/10\/program_3.jpg?fit=1200%2C720&ssl=1&resize=350%2C200","width":350,"height":200,"srcset":"https:\/\/i0.wp.com\/www.didapro.org\/8\/wp-content\/uploads\/sites\/4\/2017\/10\/program_3.jpg?fit=1200%2C720&ssl=1&resize=350%2C200 1x, https:\/\/i0.wp.com\/www.didapro.org\/8\/wp-content\/uploads\/sites\/4\/2017\/10\/program_3.jpg?fit=1200%2C720&ssl=1&resize=525%2C300 1.5x, https:\/\/i0.wp.com\/www.didapro.org\/8\/wp-content\/uploads\/sites\/4\/2017\/10\/program_3.jpg?fit=1200%2C720&ssl=1&resize=700%2C400 2x, https:\/\/i0.wp.com\/www.didapro.org\/8\/wp-content\/uploads\/sites\/4\/2017\/10\/program_3.jpg?fit=1200%2C720&ssl=1&resize=1050%2C600 3x"},"classes":[]},{"id":507,"url":"https:\/\/www.didapro.org\/8\/contributions-dates\/","url_meta":{"origin":657,"position":3},"title":"Contributions et dates","author":"jppellet","date":"5 mai 2017","format":false,"excerpt":"Contributions Quatre types de contributions peuvent \u00eatre propos\u00e9es : article long (8-12 pages)article court (4-6 pages)proposition de poster (2-4 pages)proposition d'atelier (de une \u00e0 au maximum 4 pages) Les contributions sont soumises via la plateforme EasyChair avant les dates sp\u00e9cifi\u00e9es\u00a0ci-dessous. Les contributions sont \u00e0 r\u00e9diger en fran\u00e7ais. Dates importantes D\u00e9p\u00f4t\u00a0des\u00a0articles\u2026","rel":"","context":"Article similaire","block_context":{"text":"Article similaire","link":""},"img":{"alt_text":"","src":"https:\/\/i0.wp.com\/www.didapro.org\/8\/wp-content\/uploads\/sites\/4\/2017\/04\/header-didapro-1.jpg?fit=1200%2C720&ssl=1&resize=350%2C200","width":350,"height":200,"srcset":"https:\/\/i0.wp.com\/www.didapro.org\/8\/wp-content\/uploads\/sites\/4\/2017\/04\/header-didapro-1.jpg?fit=1200%2C720&ssl=1&resize=350%2C200 1x, https:\/\/i0.wp.com\/www.didapro.org\/8\/wp-content\/uploads\/sites\/4\/2017\/04\/header-didapro-1.jpg?fit=1200%2C720&ssl=1&resize=525%2C300 1.5x, https:\/\/i0.wp.com\/www.didapro.org\/8\/wp-content\/uploads\/sites\/4\/2017\/04\/header-didapro-1.jpg?fit=1200%2C720&ssl=1&resize=700%2C400 2x, https:\/\/i0.wp.com\/www.didapro.org\/8\/wp-content\/uploads\/sites\/4\/2017\/04\/header-didapro-1.jpg?fit=1200%2C720&ssl=1&resize=1050%2C600 3x"},"classes":[]},{"id":733,"url":"https:\/\/www.didapro.org\/8\/partenaires\/","url_meta":{"origin":657,"position":4},"title":"Partenaires","author":"7","date":"15 janvier 2018","format":false,"excerpt":"Didapro 8 \u2013 DidaSTIC remercie les partenaires qui ont offert leur soutien \u00e0 la mise sur pied du colloque : Universit\u00e9 de Lille Laboratoire CIREL de l'Universit\u00e9 de Lille Laboratoire CRIStAL de l'Universit\u00e9 de Lille \u00c9SPE de la ComUE Lille Nord de France Acad\u00e9mie de Lille (\u00e0 confirmer) R\u00e9gion Hauts-de-France\u2026","rel":"","context":"Article similaire","block_context":{"text":"Article similaire","link":""},"img":{"alt_text":"","src":"https:\/\/i0.wp.com\/www.didapro.org\/8\/wp-content\/uploads\/sites\/4\/2017\/04\/header-conference.jpg?fit=1200%2C720&ssl=1&resize=350%2C200","width":350,"height":200,"srcset":"https:\/\/i0.wp.com\/www.didapro.org\/8\/wp-content\/uploads\/sites\/4\/2017\/04\/header-conference.jpg?fit=1200%2C720&ssl=1&resize=350%2C200 1x, https:\/\/i0.wp.com\/www.didapro.org\/8\/wp-content\/uploads\/sites\/4\/2017\/04\/header-conference.jpg?fit=1200%2C720&ssl=1&resize=525%2C300 1.5x, https:\/\/i0.wp.com\/www.didapro.org\/8\/wp-content\/uploads\/sites\/4\/2017\/04\/header-conference.jpg?fit=1200%2C720&ssl=1&resize=700%2C400 2x, https:\/\/i0.wp.com\/www.didapro.org\/8\/wp-content\/uploads\/sites\/4\/2017\/04\/header-conference.jpg?fit=1200%2C720&ssl=1&resize=1050%2C600 3x"},"classes":[]},{"id":476,"url":"https:\/\/www.didapro.org\/8\/comites\/","url_meta":{"origin":657,"position":5},"title":"Comit\u00e9s","author":"7","date":"14 avril 2017","format":false,"excerpt":"Comit\u00e9 scientifique Jean-Pierre ARCHAMBAULT, \u00a0Association EPI \u2013 Enseignement public et informatique Georges-Louis BARON, \u00a0Universit\u00e9 Paris Descartes Monique BARON, Sorbonne Universit\u00e9 Jacques BEZIAT, \u00a0Universit\u00e9 de Caen Normandie L\u00e6titia BOULC'H, Universit\u00e9 Paris Descartes Pascale BRANDT-POMARES, Aix-Marseille Universit\u00e9 Julien BROISIN, Universit\u00e9 de Toulouse Eric BRUILLARD, \u00a0ENS Paris-Saclay Pierre-Andr\u00e9 CARON, Universit\u00e9 de Lille Thierry\u2026","rel":"","context":"Article similaire","block_context":{"text":"Article similaire","link":""},"img":{"alt_text":"","src":"https:\/\/i0.wp.com\/www.didapro.org\/8\/wp-content\/uploads\/sites\/4\/2017\/04\/header-didapro6.jpg?fit=1200%2C720&ssl=1&resize=350%2C200","width":350,"height":200,"srcset":"https:\/\/i0.wp.com\/www.didapro.org\/8\/wp-content\/uploads\/sites\/4\/2017\/04\/header-didapro6.jpg?fit=1200%2C720&ssl=1&resize=350%2C200 1x, https:\/\/i0.wp.com\/www.didapro.org\/8\/wp-content\/uploads\/sites\/4\/2017\/04\/header-didapro6.jpg?fit=1200%2C720&ssl=1&resize=525%2C300 1.5x, https:\/\/i0.wp.com\/www.didapro.org\/8\/wp-content\/uploads\/sites\/4\/2017\/04\/header-didapro6.jpg?fit=1200%2C720&ssl=1&resize=700%2C400 2x, https:\/\/i0.wp.com\/www.didapro.org\/8\/wp-content\/uploads\/sites\/4\/2017\/04\/header-didapro6.jpg?fit=1200%2C720&ssl=1&resize=1050%2C600 3x"},"classes":[]}],"jetpack_likes_enabled":true,"_links":{"self":[{"href":"https:\/\/www.didapro.org\/8\/wp-json\/wp\/v2\/pages\/657","targetHints":{"allow":["GET"]}}],"collection":[{"href":"https:\/\/www.didapro.org\/8\/wp-json\/wp\/v2\/pages"}],"about":[{"href":"https:\/\/www.didapro.org\/8\/wp-json\/wp\/v2\/types\/page"}],"author":[{"embeddable":true,"href":"https:\/\/www.didapro.org\/8\/wp-json\/wp\/v2\/users\/3"}],"replies":[{"embeddable":true,"href":"https:\/\/www.didapro.org\/8\/wp-json\/wp\/v2\/comments?post=657"}],"version-history":[{"count":10,"href":"https:\/\/www.didapro.org\/8\/wp-json\/wp\/v2\/pages\/657\/revisions"}],"predecessor-version":[{"id":1072,"href":"https:\/\/www.didapro.org\/8\/wp-json\/wp\/v2\/pages\/657\/revisions\/1072"}],"wp:attachment":[{"href":"https:\/\/www.didapro.org\/8\/wp-json\/wp\/v2\/media?parent=657"}],"curies":[{"name":"wp","href":"https:\/\/api.w.org\/{rel}","templated":true}]}}

<h4>Inscriptions à la journée d&rsquo;ouverture et au colloque scientifique</h4>
<table>
<tbody>
<tr>
<td>&nbsp;</td>
<td style="text-align: center"><strong><span style="color: #000000">Journée des enseignant·e·s<sup>*</sup> uniquement</span></strong></td>
<td style="text-align: center">&nbsp;</td>
<td style="text-align: center"><strong><span style="color: #000000">Colloque complet <em>avec</em> repas de gala</span></strong></td>
</tr>
<tr>
<td><span style="color: #000000">Enseignants-Chercheurs et Enseignantes-Chercheuses, Chercheur·e·s</span></td>
<td style="text-align: center">Inclus dans l&rsquo;inscription DidaPro8</td>
<td style="text-align: center">&nbsp;</td>
<td style="text-align: center">200</td>
</tr>
<tr>
<td><span style="color: #000000">Étudiant·e·s et doctorant·e·s</span></td>
<td style="text-align: center">Inclus dans l&rsquo;inscription DidaPro8</td>
<td style="text-align: center">&nbsp;</td>
<td style="text-align: center">100</td>
</tr>
<tr>
<td><span style="color: #000000">Enseignant·e·s du primaire et secondaire</span></td>
<td style="text-align: center">GRATUIT</td>
<td style="text-align: center">&nbsp;</td>
<td style="text-align: center">&#8211;</td>
</tr>
<tr>
<td><span style="color: #000000">Autres participant·e·s</span></td>
<td style="text-align: center">GRATUIT</td>
<td style="text-align: center">&nbsp;</td>
<td style="text-align: center">200</td>
</tr>
</tbody>
</table>
<p><sup>*</sup> <em>La journée des enseignant·e·s est le premier jour du colloque, le mercredi 5 février.</em></p>
<p><strong>Pour s&rsquo;inscrire à la journée du mercredi et au colloque scientifique</strong> :&nbsp;<a href="https://inscription-evenement.univ-lille.fr/DIDAPRO2020/">SUIVRE CE LIEN</a>.</p>
<p>Les collègues du secondaire et primaire qui souhaitent assister à d&rsquo;autres journées que le mercredi <strong>n&rsquo;ont pas à régler de frais d&rsquo;inscription</strong>&nbsp;(mais auront à prendre en charge personnellement le repas de gala si ils souhaitent y assister). Cependant, merci de vous inscrire sur le formulaire ci-dessus en choisissant l&rsquo;une des deux options (200€ ou 100€) sachant que vous serez de fait exonéré (<strong>ne pas payer en CB !</strong>).&nbsp;</p>

<p>Inscriptions à la journée d&rsquo;ouverture et au colloque scientifique &nbsp; Journée des enseignant·e·s* uniquement &nbsp; Colloque complet avec repas de gala Enseignants-Chercheurs et Enseignantes-Chercheuses, Chercheur·e·s Inclus dans l&rsquo;inscription DidaPro8 &nbsp; 200 Étudiant·e·s et doctorant·e·s Inclus dans l&rsquo;inscription DidaPro8 &nbsp; 100 Enseignant·e·s du primaire et secondaire GRATUIT &nbsp; &#8211; Autres participant·e·s GRATUIT &nbsp; 200 * La &hellip; </p>
<p class="link-more"><a href="https://www.didapro.org/8/inscription/" class="more-link">Continuer la lecture<span class="screen-reader-text"> de &laquo;&nbsp;Inscription&nbsp;&raquo;</span></a></p>

Lieu et hébergement

24 août 2017

Lieu Le colloque se déroule à l'Université de Lille, plus précisément à LILLIAD sur le campus cité scientifique de Villeneuve d'Ascq. Hébergement hôtel adresse réservations Hôtel BRUEGHEL 5 Parvis Saint Maurice 59000 Lille + 33 3 20 06 06 69 Hôtel SAINT-MAURICE 8 Parvis Saint Maurice 59000 Lille +33 3…

7 août 2016

Didapro 8 – DidaSTIC L'informatique, objets d'enseignements - enjeux épistémologiques, didactique et de formation 5 – 7 février 2020 Université de Lille, France Depuis 1988, les colloques de didactique de l'informatique, puis le colloque Didapro – DidaSTIC explorent les thèmes autour de l’enseignement et l’apprentissage de l’informatique. La prochaine édition…

conférences invitées sessions articlessession postertable rondeateliers du mercredi après-midi mercredi 5 févr. jeudi 6 févr. vendredi 7 févr. 8h309h00 accueil café accueil café 8h309h00 accueil café 9h009h10 Ouverture DidaPro8 conférence invitéeMargarida ROMERO 9h0010h00 conférence invitéeMarie DUFLOT-KREMER 9h1010h20 conférence invitéeThierry KARSENTI pause 10h0010h30 pause 10h2010h50 pause sessions 1 et 2 10h3012h00…

Contributions Quatre types de contributions peuvent être proposées : article long (8-12 pages)article court (4-6 pages)proposition de poster (2-4 pages)proposition d'atelier (de une à au maximum 4 pages) Les contributions sont soumises via la plateforme EasyChair avant les dates spécifiées ci-dessous. Les contributions sont à rédiger en français. Dates importantes Dépôt des articles…

Didapro 8 – DidaSTIC remercie les partenaires qui ont offert leur soutien à la mise sur pied du colloque : Université de Lille Laboratoire CIREL de l'Université de Lille Laboratoire CRIStAL de l'Université de Lille ÉSPE de la ComUE Lille Nord de France Académie de Lille (à confirmer) Région Hauts-de-France…

Comités

Comité scientifique Jean-Pierre ARCHAMBAULT,  Association EPI – Enseignement public et informatique Georges-Louis BARON,  Université Paris Descartes Monique BARON, Sorbonne Université Jacques BEZIAT,  Université de Caen Normandie Lætitia BOULC'H, Université Paris Descartes Pascale BRANDT-POMARES, Aix-Marseille Université Julien BROISIN, Université de Toulouse Eric BRUILLARD,  ENS Paris-Saclay Pierre-André CARON, Université de Lille Thierry…
