{"id":507,"date":"2017-05-05T17:13:00","date_gmt":"2017-05-05T15:13:00","guid":{"rendered":"https:\/\/www.didapro.org\/8abc\/?page_id=507"},"modified":"2019-10-25T11:25:00","modified_gmt":"2019-10-25T09:25:00","slug":"contributions-dates","status":"publish","type":"page","link":"https:\/\/www.didapro.org\/8\/contributions-dates\/","title":{"rendered":"Contributions et dates"},"content":{"rendered":"\n<h1 class=\"wp-block-heading\">Contributions<\/h1>\n\n\n\n<p>Quatre types de contributions peuvent \u00eatre propos\u00e9es :<\/p>\n\n\n\n<ul class=\"wp-block-list\"><li>article long (8-12 pages)<\/li><li>article court (4-6 pages)<\/li><li>proposition de poster (2-4 pages)<\/li><li>proposition d&rsquo;atelier (de une \u00e0 au maximum 4 pages)<\/li><\/ul>\n\n\n\n<p>Les contributions sont soumises via la <a href=\"https:\/\/easychair.org\/cfp\/Didapro8\">plateforme EasyChair<\/a> avant les dates sp\u00e9cifi\u00e9es\u00a0ci-dessous. Les contributions sont \u00e0 r\u00e9diger en fran\u00e7ais.<\/p>\n\n\n\n<h1 class=\"wp-block-heading\">Dates importantes<\/h1>\n\n\n\n<table class=\"wp-block-table\"><tbody><tr><td><span style=\"color: #000000\">D\u00e9p\u00f4t&nbsp;des<strong>&nbsp;articles complets<\/strong><\/span><\/td><td><s>15<\/s> <span style=\"color:red\">31 octobre 2019<\/span><\/td><\/tr><tr><td><span>Notification d\u2019<strong>acceptation<\/strong> des&nbsp;articles<\/span><\/td><td>1 d\u00e9cembre 2019<\/td><\/tr><tr><td><span style=\"color: #000000\">Ouverture des <strong>inscriptions<\/strong><\/span><\/td><td>1 novembre 2019<\/td><\/tr><tr><td><span style=\"color: #000000\">D\u00e9p\u00f4t des propositions de <strong>posters<\/strong><\/span><\/td><td><s>15<\/s> <span style=\"color:red\">31 octobre 2019<\/span><\/td><\/tr><tr><td><span style=\"color: #000000\">D\u00e9p\u00f4t des propositions pour les  <strong>ateliers<\/strong><\/span><\/td><td>15 novembre 2019<\/td><\/tr><tr><td><span style=\"color: #000000\">D\u00e9p\u00f4t des <b>articles r\u00e9vis\u00e9s<\/b> (<i>camera ready<\/i>)<\/span><\/td><td>10 janvier 2020<\/td><\/tr><tr><td><span style=\"color: #000000\">Fermeture des <strong>inscriptions<\/strong><\/span><\/td><td>5 f\u00e9vrier 2020<\/td><\/tr><tr><td><strong>Tenue du colloque<\/strong><\/td><td><strong>du 5 au 7 f\u00e9vrier 2020&nbsp;<\/strong><\/td><\/tr><\/tbody><\/table>\n\n\n\n<h2 class=\"wp-block-heading\">Articles<\/h2>\n\n\n\n<p><span style=\"color: #000000\">Les <strong>articles complets<\/strong> sont \u00e0 d\u00e9poser selon les indications suivantes :<\/span><\/p>\n\n\n\n<ul class=\"wp-block-list\"><li>Les soumissions devront \u00eatre au format LNCS sur la base des mod\u00e8les .doc ou Latex (<a href=\"https:\/\/www.springer.com\/fr\/computer-science\/lncs\/conference-proceedings-guidelines\">https:\/\/www.springer.com\/fr\/computer-science\/lncs\/conference-proceedings-guidelines).<\/a><\/li><li><span style=\"color: #000000\">les formats accept\u00e9s pour le d\u00e9p\u00f4t sont .docx et .zip<\/span><\/li><li><span style=\"color: #000000\">les articles r\u00e9dig\u00e9s avec le mod\u00e8le LaTeX sont \u00e0 d\u00e9poser sous la forme d&rsquo;un dossier compress\u00e9 au format .zip qui contient les versions .tex, .pdf (compil\u00e9) ainsi que les images et figures pr\u00e9sentes dans la contribution<\/span><\/li><li><span style=\"color: #000000\">les articles sont \u00e0 anonymiser enti\u00e8rement (merci de ne pas mentionner les auteurs ou affiliations)<\/span><\/li><\/ul>\n\n\n\n<p><span style=\"color: #000000\">Nous vous rendons attentifs au fait que le texte des contributions pourra \u00eatre l\u00e9g\u00e8rement reformat\u00e9 en cas d&rsquo;acceptation pour les besoins de l&rsquo;\u00e9diteur.<\/span><\/p>\n\n\n\n<h2 class=\"wp-block-heading\">Posters<\/h2>\n\n\n\n<p><span style=\"color: #000000\">Les posters d\u00e9crivent des travaux r\u00e9cemment compl\u00e9t\u00e9s ou encore en cours, des applications concr\u00e8tes, ou illustrent des pratiques correspondant aux th\u00e9matiques du colloque.<\/span><\/p>\n\n\n\n<p><span style=\"color: #000000\">Les propositions de poster se font via <a style=\"color: #000000\" href=\"https:\/\/easychair.org\/conferences\/?conf=didapro8\">EasyChair<\/a> dans le m\u00eame format que les contributions d\u2019articles (mod\u00e8les \u00e0 disposition sur EasyChair), avec un maximum de 4 pages. Le texte inclut un r\u00e9sum\u00e9, une description de la probl\u00e9matique abord\u00e9e, de la m\u00e9thodologie de recherche ou des pratiques appliqu\u00e9es, et si possible des r\u00e9sultats.<\/span><\/p>\n\n\n\n<h2 class=\"wp-block-heading\">Ateliers<\/h2>\n\n\n\n<p><span style=\"color: #000000\">Les ateliers sont des occasions de pr\u00e9senter et faire exp\u00e9rimenter un outil, une d\u00e9marche, une th\u00e9matique appliqu\u00e9e \u00e0 l\u2019enseignement et \u00e0 l\u2019apprentissage de l\u2019informatique. Se d\u00e9roulant en plus petit comit\u00e9 que les s\u00e9ances pl\u00e9ni\u00e8res et de fa\u00e7on plus interactive, ils durent environ 30 minutes et auront lieu le mercredi 7 f\u00e9vrier lors de la journ\u00e9e \u00e9galement ouverte aux enseignant\u00b7e\u00b7s. Ils sont potentiellement tenus plusieurs fois de suite afin de proposer aux participant\u00b7e\u00b7s un choix plus large.<\/span><\/p>\n\n\n\n<p><span style=\"color: #000000\">Les propositions d\u2019ateliers se font via <a style=\"color: #000000\" href=\"https:\/\/easychair.org\/conferences\/?conf=didapro8\">EasyChair<\/a> dans le m\u00eame format que les contributions d\u2019articles (mod\u00e8les \u00e0 disposition sur EasyChair), avec un maximum de 4 pages. Le texte inclut un r\u00e9sum\u00e9 de la th\u00e9matique de l\u2019atelier, une liste du mat\u00e9riel requis et\/ou fourni par les organisateurs\/trices, un nombre maximal de participants et une description des activit\u00e9s r\u00e9alis\u00e9es pendant le temps \u00e0 disposition.<\/span><\/p>\n\n\n\n<p><\/p>\n","protected":false},"excerpt":{"rendered":"<p>Contributions Quatre types de contributions peuvent \u00eatre propos\u00e9es : article long (8-12 pages) article court (4-6 pages) proposition de poster (2-4 pages) proposition d&rsquo;atelier (de une \u00e0 au maximum 4 pages) Les contributions sont soumises via la plateforme EasyChair avant les dates sp\u00e9cifi\u00e9es\u00a0ci-dessous. Les contributions sont \u00e0 r\u00e9diger en fran\u00e7ais. Dates importantes D\u00e9p\u00f4t&nbsp;des&nbsp;articles complets 15 &hellip; <\/p>\n<p class=\"link-more\"><a href=\"https:\/\/www.didapro.org\/8\/contributions-dates\/\" class=\"more-link\">Continuer la lecture<span class=\"screen-reader-text\"> de &laquo;&nbsp;Contributions et dates&nbsp;&raquo;<\/span><\/a><\/p>\n","protected":false},"author":3,"featured_media":458,"parent":0,"menu_order":0,"comment_status":"closed","ping_status":"closed","template":"","meta":{"jetpack_post_was_ever_published":false,"footnotes":""},"class_list":["post-507","page","type-page","status-publish","has-post-thumbnail","hentry"],"jetpack_sharing_enabled":true,"jetpack_shortlink":"https:\/\/wp.me\/P8APBU-8b","jetpack-related-posts":[{"id":489,"url":"https:\/\/www.didapro.org\/8\/objectifs-et-themes\/","url_meta":{"origin":507,"position":0},"title":"Objectifs et th\u00e8mes","author":"7","date":"18 avril 2017","format":false,"excerpt":"La 8e \u00e9dition du colloque Didapro-DidaSTIC se tiendra en f\u00e9vrier 2020 \u00e0 l\u2019Universit\u00e9 de Lille, deux ans apr\u00e8s l\u2019\u00e9dition organis\u00e9e \u00e0 Lausanne. Ce colloque interrogera les apprentissages informatiques et leurs entours, que ce soit au niveau scolaire ou universitaire, ou encore en formation professionnelle et formation des adultes. Il se\u2026","rel":"","context":"Article similaire","block_context":{"text":"Article similaire","link":""},"img":{"alt_text":"","src":"","width":0,"height":0},"classes":[]}],"jetpack_likes_enabled":true,"_links":{"self":[{"href":"https:\/\/www.didapro.org\/8\/wp-json\/wp\/v2\/pages\/507","targetHints":{"allow":["GET"]}}],"collection":[{"href":"https:\/\/www.didapro.org\/8\/wp-json\/wp\/v2\/pages"}],"about":[{"href":"https:\/\/www.didapro.org\/8\/wp-json\/wp\/v2\/types\/page"}],"author":[{"embeddable":true,"href":"https:\/\/www.didapro.org\/8\/wp-json\/wp\/v2\/users\/3"}],"replies":[{"embeddable":true,"href":"https:\/\/www.didapro.org\/8\/wp-json\/wp\/v2\/comments?post=507"}],"version-history":[{"count":41,"href":"https:\/\/www.didapro.org\/8\/wp-json\/wp\/v2\/pages\/507\/revisions"}],"predecessor-version":[{"id":931,"href":"https:\/\/www.didapro.org\/8\/wp-json\/wp\/v2\/pages\/507\/revisions\/931"}],"wp:featuredmedia":[{"embeddable":true,"href":"https:\/\/www.didapro.org\/8\/wp-json\/wp\/v2\/media\/458"}],"wp:attachment":[{"href":"https:\/\/www.didapro.org\/8\/wp-json\/wp\/v2\/media?parent=507"}],"curies":[{"name":"wp","href":"https:\/\/api.w.org\/{rel}","templated":true}]}}

<h1 class="wp-block-heading">Contributions</h1>



<p>Quatre types de contributions peuvent être proposées :</p>



<ul class="wp-block-list"><li>article long (8-12 pages)</li><li>article court (4-6 pages)</li><li>proposition de poster (2-4 pages)</li><li>proposition d&rsquo;atelier (de une à au maximum 4 pages)</li></ul>



<p>Les contributions sont soumises via la <a href="https://easychair.org/cfp/Didapro8">plateforme EasyChair</a> avant les dates spécifiées ci-dessous. Les contributions sont à rédiger en français.</p>



<h1 class="wp-block-heading">Dates importantes</h1>



<table class="wp-block-table"><tbody><tr><td><span style="color: #000000">Dépôt&nbsp;des<strong>&nbsp;articles complets</strong></span></td><td><s>15</s> <span style="color:red">31 octobre 2019</span></td></tr><tr><td><span>Notification d’<strong>acceptation</strong> des&nbsp;articles</span></td><td>1 décembre 2019</td></tr><tr><td><span style="color: #000000">Ouverture des <strong>inscriptions</strong></span></td><td>1 novembre 2019</td></tr><tr><td><span style="color: #000000">Dépôt des propositions de <strong>posters</strong></span></td><td><s>15</s> <span style="color:red">31 octobre 2019</span></td></tr><tr><td><span style="color: #000000">Dépôt des propositions pour les  <strong>ateliers</strong></span></td><td>15 novembre 2019</td></tr><tr><td><span style="color: #000000">Dépôt des <b>articles révisés</b> (<i>camera ready</i>)</span></td><td>10 janvier 2020</td></tr><tr><td><span style="color: #000000">Fermeture des <strong>inscriptions</strong></span></td><td>5 février 2020</td></tr><tr><td><strong>Tenue du colloque</strong></td><td><strong>du 5 au 7 février 2020&nbsp;</strong></td></tr></tbody></table>



<h2 class="wp-block-heading">Articles</h2>



<p><span style="color: #000000">Les <strong>articles complets</strong> sont à déposer selon les indications suivantes :</span></p>



<ul class="wp-block-list"><li>Les soumissions devront être au format LNCS sur la base des modèles .doc ou Latex (<a href="https://www.springer.com/fr/computer-science/lncs/conference-proceedings-guidelines">https://www.springer.com/fr/computer-science/lncs/conference-proceedings-guidelines).</a></li><li><span style="color: #000000">les formats acceptés pour le dépôt sont .docx et .zip</span></li><li><span style="color: #000000">les articles rédigés avec le modèle LaTeX sont à déposer sous la forme d&rsquo;un dossier compressé au format .zip qui contient les versions .tex, .pdf (compilé) ainsi que les images et figures présentes dans la contribution</span></li><li><span style="color: #000000">les articles sont à anonymiser entièrement (merci de ne pas mentionner les auteurs ou affiliations)</span></li></ul>



<p><span style="color: #000000">Nous vous rendons attentifs au fait que le texte des contributions pourra être légèrement reformaté en cas d&rsquo;acceptation pour les besoins de l&rsquo;éditeur.</span></p>



<h2 class="wp-block-heading">Posters</h2>



<p><span style="color: #000000">Les posters décrivent des travaux récemment complétés ou encore en cours, des applications concrètes, ou illustrent des pratiques correspondant aux thématiques du colloque.</span></p>



<p><span style="color: #000000">Les propositions de poster se font via <a style="color: #000000" href="https://easychair.org/conferences/?conf=didapro8">EasyChair</a> dans le même format que les contributions d’articles (modèles à disposition sur EasyChair), avec un maximum de 4 pages. Le texte inclut un résumé, une description de la problématique abordée, de la méthodologie de recherche ou des pratiques appliquées, et si possible des résultats.</span></p>



<h2 class="wp-block-heading">Ateliers</h2>



<p><span style="color: #000000">Les ateliers sont des occasions de présenter et faire expérimenter un outil, une démarche, une thématique appliquée à l’enseignement et à l’apprentissage de l’informatique. Se déroulant en plus petit comité que les séances plénières et de façon plus interactive, ils durent environ 30 minutes et auront lieu le mercredi 7 février lors de la journée également ouverte aux enseignant·e·s. Ils sont potentiellement tenus plusieurs fois de suite afin de proposer aux participant·e·s un choix plus large.</span></p>



<p><span style="color: #000000">Les propositions d’ateliers se font via <a style="color: #000000" href="https://easychair.org/conferences/?conf=didapro8">EasyChair</a> dans le même format que les contributions d’articles (modèles à disposition sur EasyChair), avec un maximum de 4 pages. Le texte inclut un résumé de la thématique de l’atelier, une liste du matériel requis et/ou fourni par les organisateurs/trices, un nombre maximal de participants et une description des activités réalisées pendant le temps à disposition.</span></p>



<p></p>

<p>Contributions Quatre types de contributions peuvent être proposées : article long (8-12 pages) article court (4-6 pages) proposition de poster (2-4 pages) proposition d&rsquo;atelier (de une à au maximum 4 pages) Les contributions sont soumises via la plateforme EasyChair avant les dates spécifiées ci-dessous. Les contributions sont à rédiger en français. Dates importantes Dépôt&nbsp;des&nbsp;articles complets 15 &hellip; </p>
<p class="link-more"><a href="https://www.didapro.org/8/contributions-dates/" class="more-link">Continuer la lecture<span class="screen-reader-text"> de &laquo;&nbsp;Contributions et dates&nbsp;&raquo;</span></a></p>

Objectifs et thèmes

La 8e édition du colloque Didapro-DidaSTIC se tiendra en février 2020 à l’Université de Lille, deux ans après l’édition organisée à Lausanne. Ce colloque interrogera les apprentissages informatiques et leurs entours, que ce soit au niveau scolaire ou universitaire, ou encore en formation professionnelle et formation des adultes. Il se…
