{"id":353,"date":"2016-08-07T06:48:04","date_gmt":"2016-08-07T06:48:04","guid":{"rendered":"http:\/\/localhost\/wordpress\/event\/?page_id=4"},"modified":"2020-01-20T11:09:13","modified_gmt":"2020-01-20T10:09:13","slug":"home","status":"publish","type":"page","link":"https:\/\/www.didapro.org\/8\/","title":{"rendered":"Accueil"},"content":{"rendered":"<h4 style=\"text-align: center\">Didapro 8 \u2013 DidaSTIC<br \/>\nL&rsquo;informatique, objets d&rsquo;enseignements &#8211; enjeux \u00e9pist\u00e9mologiques, didactique et de formation<\/h4>\n<h4 style=\"text-align: center\"><a href=\"\/\/didapro.org\/docs\/didapro7.ics\">5 \u2013 7 f\u00e9vrier 2020<\/a><\/h4>\n<h4 style=\"text-align: center\">Universit\u00e9 de Lille, France<\/h4>\n<p>Depuis 1988, les colloques de didactique de l&rsquo;informatique, puis le colloque Didapro \u2013 DidaSTIC explorent les th\u00e8mes autour de l\u2019enseignement et l\u2019apprentissage de l\u2019informatique. La prochaine \u00e9dition aura lieu \u00e0 l&rsquo;Universit\u00e9 de Lille, en France, du 5 au 7 f\u00e9vrier 2020. Pour l\u2019occasion, les th\u00e9matiques principales suivantes serviront de lignes directrices:<\/p>\n<ul>\n<li><strong>Pratiques d\u2019enseignement, activit\u00e9s d\u2019apprentissage<\/strong><\/li>\n<li><b><\/b><b>Ressources, dispositifs, sc\u00e9narios et environnements pour l\u2019enseignement de l\u2019informatique<\/b><\/li>\n<li><b>Politiques publiques, curricula, institutions, formation des enseignants<\/b><\/li>\n<\/ul>\n<p>Le colloque se d\u00e9roule sur trois jours, du 5 au 7 f\u00e9vrier 2020. Le colloque est ouvert non seulement aux chercheurs\/euses, mais \u00e9galement \u00e0 tous les enseignant\u00b7e\u00b7s int\u00e9ress\u00e9\u00b7e\u00b7s par les th\u00e9matiques du colloque. Plus particuli\u00e8rement, la premi\u00e8re journ\u00e9e (mercredi 5 f\u00e9vrier 2020) associera aux conf\u00e9rences scientifiques qui se d\u00e9rouleront le matin une s\u00e9rie d\u2019ateliers l&rsquo;apr\u00e8s-midi focalis\u00e9s sur des probl\u00e9matiques plus sp\u00e9cifiques aux niveaux de l\u2019\u00e9cole, du coll\u00e8ge, et du lyc\u00e9e.<\/p>\n<p>Cette journ\u00e9e sera reconnue comme journ\u00e9e de formation continue pour les enseignant\u00b7e\u00b7s de l&rsquo;acad\u00e9mie de Lille et est aussi inscrite au PNF pour les enseignants des autres acad\u00e9mies.<\/p>\n<p style=\"text-align: center\"><a href=\"https:\/\/www.didapro.org\/8\/objectifs-et-themes\/\"><button id=\"en_savoir_plus\" class=\"bouton_arrondi\">En savoir plus&#8230;<\/button><\/a><\/p>\n","protected":false},"excerpt":{"rendered":"<p>Didapro 8 \u2013 DidaSTIC L&rsquo;informatique, objets d&rsquo;enseignements &#8211; enjeux \u00e9pist\u00e9mologiques, didactique et de formation 5 \u2013 7 f\u00e9vrier 2020 Universit\u00e9 de Lille, France Depuis 1988, les colloques de didactique de l&rsquo;informatique, puis le colloque Didapro \u2013 DidaSTIC explorent les th\u00e8mes autour de l\u2019enseignement et l\u2019apprentissage de l\u2019informatique. La prochaine \u00e9dition aura lieu \u00e0 l&rsquo;Universit\u00e9 de &hellip; <\/p>\n<p class=\"link-more\"><a href=\"https:\/\/www.didapro.org\/8\/\" class=\"more-link\">Continuer la lecture<span class=\"screen-reader-text\"> de &laquo;&nbsp;Accueil&nbsp;&raquo;<\/span><\/a><\/p>\n","protected":false},"author":1,"featured_media":0,"parent":0,"menu_order":0,"comment_status":"closed","ping_status":"closed","template":"","meta":{"jetpack_post_was_ever_published":false,"footnotes":""},"class_list":["post-353","page","type-page","status-publish","hentry"],"jetpack_sharing_enabled":true,"jetpack_shortlink":"https:\/\/wp.me\/P8APBU-5H","jetpack-related-posts":[{"id":810,"url":"https:\/\/www.didapro.org\/8\/conferences-invitees\/","url_meta":{"origin":353,"position":0},"title":"Conf\u00e9rences invit\u00e9es","author":"7","date":"19 f\u00e9vrier 2018","format":false,"excerpt":"L\u2019informatique par les robots : objets d\u2019enseignements, objets d\u2019\u00e9panouissements, objets de plaisirs ?Thierry Karsenti, Chaire de recherche du Canada sur le num\u00e9rique en \u00e9ducationUniversit\u00e9 de Montr\u00e9al\u2192 r\u00e9sum\u00e9, support de pr\u00e9sentation, vid\u00e9o Genre et num\u00e9rique : pratiques \u00e9galitaires, dispositifs inclusifsIsabelle COLLET, Universit\u00e9 de Gen\u00e8ve\u2192 r\u00e9sum\u00e9, support de pr\u00e9sentation, vid\u00e9o Pens\u00e9e informatique\u2026","rel":"","context":"Article similaire","block_context":{"text":"Article similaire","link":""},"img":{"alt_text":"","src":"https:\/\/i0.wp.com\/www.didapro.org\/8\/wp-content\/uploads\/sites\/4\/2018\/02\/header-bolo.jpg?fit=1200%2C720&ssl=1&resize=350%2C200","width":350,"height":200,"srcset":"https:\/\/i0.wp.com\/www.didapro.org\/8\/wp-content\/uploads\/sites\/4\/2018\/02\/header-bolo.jpg?fit=1200%2C720&ssl=1&resize=350%2C200 1x, https:\/\/i0.wp.com\/www.didapro.org\/8\/wp-content\/uploads\/sites\/4\/2018\/02\/header-bolo.jpg?fit=1200%2C720&ssl=1&resize=525%2C300 1.5x, https:\/\/i0.wp.com\/www.didapro.org\/8\/wp-content\/uploads\/sites\/4\/2018\/02\/header-bolo.jpg?fit=1200%2C720&ssl=1&resize=700%2C400 2x, https:\/\/i0.wp.com\/www.didapro.org\/8\/wp-content\/uploads\/sites\/4\/2018\/02\/header-bolo.jpg?fit=1200%2C720&ssl=1&resize=1050%2C600 3x"},"classes":[]},{"id":489,"url":"https:\/\/www.didapro.org\/8\/objectifs-et-themes\/","url_meta":{"origin":353,"position":1},"title":"Objectifs et th\u00e8mes","author":"7","date":"18 avril 2017","format":false,"excerpt":"La 8e \u00e9dition du colloque Didapro-DidaSTIC se tiendra en f\u00e9vrier 2020 \u00e0 l\u2019Universit\u00e9 de Lille, deux ans apr\u00e8s l\u2019\u00e9dition organis\u00e9e \u00e0 Lausanne. Ce colloque interrogera les apprentissages informatiques et leurs entours, que ce soit au niveau scolaire ou universitaire, ou encore en formation professionnelle et formation des adultes. Il se\u2026","rel":"","context":"Article similaire","block_context":{"text":"Article similaire","link":""},"img":{"alt_text":"","src":"","width":0,"height":0},"classes":[]},{"id":604,"url":"https:\/\/www.didapro.org\/8\/programme\/","url_meta":{"origin":353,"position":2},"title":"Programme","author":"jppellet","date":"27 octobre 2017","format":false,"excerpt":"conf\u00e9rences invit\u00e9es sessions articlessession postertable rondeateliers du mercredi apr\u00e8s-midi mercredi 5 f\u00e9vr. jeudi 6 f\u00e9vr. vendredi 7 f\u00e9vr. 8h309h00 accueil caf\u00e9 accueil caf\u00e9 8h309h00 accueil caf\u00e9 9h009h10 Ouverture DidaPro8 conf\u00e9rence invit\u00e9eMargarida ROMERO 9h0010h00 conf\u00e9rence invit\u00e9eMarie DUFLOT-KREMER 9h1010h20 conf\u00e9rence invit\u00e9eThierry KARSENTI pause 10h0010h30 pause 10h2010h50 pause sessions 1 et 2 10h3012h00\u2026","rel":"","context":"Article similaire","block_context":{"text":"Article similaire","link":""},"img":{"alt_text":"","src":"https:\/\/i0.wp.com\/www.didapro.org\/8\/wp-content\/uploads\/sites\/4\/2017\/10\/program_3.jpg?fit=1200%2C720&ssl=1&resize=350%2C200","width":350,"height":200,"srcset":"https:\/\/i0.wp.com\/www.didapro.org\/8\/wp-content\/uploads\/sites\/4\/2017\/10\/program_3.jpg?fit=1200%2C720&ssl=1&resize=350%2C200 1x, https:\/\/i0.wp.com\/www.didapro.org\/8\/wp-content\/uploads\/sites\/4\/2017\/10\/program_3.jpg?fit=1200%2C720&ssl=1&resize=525%2C300 1.5x, https:\/\/i0.wp.com\/www.didapro.org\/8\/wp-content\/uploads\/sites\/4\/2017\/10\/program_3.jpg?fit=1200%2C720&ssl=1&resize=700%2C400 2x, https:\/\/i0.wp.com\/www.didapro.org\/8\/wp-content\/uploads\/sites\/4\/2017\/10\/program_3.jpg?fit=1200%2C720&ssl=1&resize=1050%2C600 3x"},"classes":[]},{"id":733,"url":"https:\/\/www.didapro.org\/8\/partenaires\/","url_meta":{"origin":353,"position":3},"title":"Partenaires","author":"7","date":"15 janvier 2018","format":false,"excerpt":"Didapro 8 \u2013 DidaSTIC remercie les partenaires qui ont offert leur soutien \u00e0 la mise sur pied du colloque : Universit\u00e9 de Lille Laboratoire CIREL de l'Universit\u00e9 de Lille Laboratoire CRIStAL de l'Universit\u00e9 de Lille \u00c9SPE de la ComUE Lille Nord de France Acad\u00e9mie de Lille (\u00e0 confirmer) R\u00e9gion Hauts-de-France\u2026","rel":"","context":"Article similaire","block_context":{"text":"Article similaire","link":""},"img":{"alt_text":"","src":"https:\/\/i0.wp.com\/www.didapro.org\/8\/wp-content\/uploads\/sites\/4\/2017\/04\/header-conference.jpg?fit=1200%2C720&ssl=1&resize=350%2C200","width":350,"height":200,"srcset":"https:\/\/i0.wp.com\/www.didapro.org\/8\/wp-content\/uploads\/sites\/4\/2017\/04\/header-conference.jpg?fit=1200%2C720&ssl=1&resize=350%2C200 1x, https:\/\/i0.wp.com\/www.didapro.org\/8\/wp-content\/uploads\/sites\/4\/2017\/04\/header-conference.jpg?fit=1200%2C720&ssl=1&resize=525%2C300 1.5x, https:\/\/i0.wp.com\/www.didapro.org\/8\/wp-content\/uploads\/sites\/4\/2017\/04\/header-conference.jpg?fit=1200%2C720&ssl=1&resize=700%2C400 2x, https:\/\/i0.wp.com\/www.didapro.org\/8\/wp-content\/uploads\/sites\/4\/2017\/04\/header-conference.jpg?fit=1200%2C720&ssl=1&resize=1050%2C600 3x"},"classes":[]},{"id":657,"url":"https:\/\/www.didapro.org\/8\/inscription\/","url_meta":{"origin":353,"position":4},"title":"Inscription","author":"jppellet","date":"29 novembre 2017","format":false,"excerpt":"Inscriptions \u00e0 la journ\u00e9e d'ouverture et au colloque scientifique \u00a0 Journ\u00e9e des enseignant\u00b7e\u00b7s* uniquement \u00a0 Colloque complet avec repas de gala Enseignants-Chercheurs et Enseignantes-Chercheuses, Chercheur\u00b7e\u00b7s Inclus dans l'inscription DidaPro8 \u00a0 200 \u00c9tudiant\u00b7e\u00b7s et doctorant\u00b7e\u00b7s Inclus dans l'inscription DidaPro8 \u00a0 100 Enseignant\u00b7e\u00b7s du primaire et secondaire GRATUIT \u00a0 - Autres participant\u00b7e\u00b7s\u2026","rel":"","context":"Article similaire","block_context":{"text":"Article similaire","link":""},"img":{"alt_text":"","src":"","width":0,"height":0},"classes":[]},{"id":552,"url":"https:\/\/www.didapro.org\/8\/lieu-et-hebergement\/","url_meta":{"origin":353,"position":5},"title":"Lieu et h\u00e9bergement","author":"7","date":"24 ao\u00fbt 2017","format":false,"excerpt":"Lieu Le colloque se d\u00e9roule \u00e0 l'Universit\u00e9 de Lille, plus pr\u00e9cis\u00e9ment \u00e0 LILLIAD sur le campus cit\u00e9 scientifique de Villeneuve d'Ascq. H\u00e9bergement h\u00f4tel adresse r\u00e9servations H\u00f4tel BRUEGHEL 5 Parvis Saint Maurice 59000 Lille + 33 3 20 06 06 69 H\u00f4tel SAINT-MAURICE 8 Parvis Saint Maurice 59000 Lille +33 3\u2026","rel":"","context":"Article similaire","block_context":{"text":"Article similaire","link":""},"img":{"alt_text":"","src":"https:\/\/i0.wp.com\/www.didapro.org\/8\/wp-content\/uploads\/sites\/4\/2019\/03\/lilliad-exterieur.jpg?fit=920%2C433&ssl=1&resize=350%2C200","width":350,"height":200,"srcset":"https:\/\/i0.wp.com\/www.didapro.org\/8\/wp-content\/uploads\/sites\/4\/2019\/03\/lilliad-exterieur.jpg?fit=920%2C433&ssl=1&resize=350%2C200 1x, https:\/\/i0.wp.com\/www.didapro.org\/8\/wp-content\/uploads\/sites\/4\/2019\/03\/lilliad-exterieur.jpg?fit=920%2C433&ssl=1&resize=525%2C300 1.5x, https:\/\/i0.wp.com\/www.didapro.org\/8\/wp-content\/uploads\/sites\/4\/2019\/03\/lilliad-exterieur.jpg?fit=920%2C433&ssl=1&resize=700%2C400 2x"},"classes":[]}],"jetpack_likes_enabled":true,"_links":{"self":[{"href":"https:\/\/www.didapro.org\/8\/wp-json\/wp\/v2\/pages\/353","targetHints":{"allow":["GET"]}}],"collection":[{"href":"https:\/\/www.didapro.org\/8\/wp-json\/wp\/v2\/pages"}],"about":[{"href":"https:\/\/www.didapro.org\/8\/wp-json\/wp\/v2\/types\/page"}],"author":[{"embeddable":true,"href":"https:\/\/www.didapro.org\/8\/wp-json\/wp\/v2\/users\/1"}],"replies":[{"embeddable":true,"href":"https:\/\/www.didapro.org\/8\/wp-json\/wp\/v2\/comments?post=353"}],"version-history":[{"count":28,"href":"https:\/\/www.didapro.org\/8\/wp-json\/wp\/v2\/pages\/353\/revisions"}],"predecessor-version":[{"id":1075,"href":"https:\/\/www.didapro.org\/8\/wp-json\/wp\/v2\/pages\/353\/revisions\/1075"}],"wp:attachment":[{"href":"https:\/\/www.didapro.org\/8\/wp-json\/wp\/v2\/media?parent=353"}],"curies":[{"name":"wp","href":"https:\/\/api.w.org\/{rel}","templated":true}]}}