{"id":1160,"date":"2020-02-08T18:13:20","date_gmt":"2020-02-08T17:13:20","guid":{"rendered":"https:\/\/www.didapro.org\/8\/?page_id=1160"},"modified":"2020-06-08T18:26:33","modified_gmt":"2020-06-08T16:26:33","slug":"ci-duflot-kremer","status":"publish","type":"page","link":"https:\/\/www.didapro.org\/8\/conferences-invitees\/ci-duflot-kremer\/","title":{"rendered":"Enseigner de l&rsquo;informatique sans ordinateur ?"},"content":{"rendered":"\n<p>Conf\u00e9rence invit\u00e9e. Vendredi 7 f\u00e9vrier 2020 <\/p>\n\n\n\n<h2 class=\"wp-block-heading\">Enseigner de l&rsquo;informatique sans ordinateur ?<\/h2>\n\n\n\n<p>Marie DUFLOT-KREMER, informagicienne et enseignante-chercheuse en informatique \u00e0 l\u2019universit\u00e9 de Lorraine.<\/p>\n\n\n\n<p>L&rsquo;informatique est loin de se limiter \u00e0 des objets, des outils num\u00e9riques ou \u00e0 l&rsquo;apprentissage de la programmation. C&rsquo;est avant tout une science et des concepts cl\u00e9s. Et si, pour aborder ces concepts et pour comprendre\/int\u00e9grer la \u00ab\u00a0pens\u00e9e informatique\u00a0\u00bb on se passait un moment des ordinateurs ?<\/p>\n\n\n\n<p>De nombreuses activit\u00e9s ont \u00e9t\u00e9 cr\u00e9\u00e9es, en France ou ailleurs, pour r\u00e9fl\u00e9chir \u00e0 des questions informatiques de mani\u00e8re originale, ludique et facile \u00e0 reproduire en classe. Ces activit\u00e9s, pour la plupart test\u00e9es en classe, suivant les cas de la maternelle au secondaire, permettent \u00e0 la fois de rendre accessible aux plus jeunes des concepts informatique vari\u00e9s, mais \u00e9galement de faire travailler des comp\u00e9tences scolaires plus classiques dans un contexte nouveau.<\/p>\n\n\n\n<div class=\"wp-block-file\"><a href=\"https:\/\/www.didapro.org\/8\/wp-content\/uploads\/sites\/4\/2020\/02\/didapro8-ci-duflot-kremer.pdf\">support de pr\u00e9sentation<\/a><a href=\"https:\/\/www.didapro.org\/8\/wp-content\/uploads\/sites\/4\/2020\/02\/didapro8-ci-duflot-kremer.pdf\" class=\"wp-block-file__button\" download>T\u00e9l\u00e9charger<\/a><\/div>\n\n\n\n\n\n\n\n<a href=\"https:\/\/webtv.univ-lille.fr\/video\/10761\/enseigner-de-l\u2019informatique-sans-ordinateur-\">captation vid\u00e9o de la pr\u00e9sentation<\/a>\n","protected":false},"excerpt":{"rendered":"<p>Conf\u00e9rence invit\u00e9e. Vendredi 7 f\u00e9vrier 2020 Enseigner de l&rsquo;informatique sans ordinateur ? Marie DUFLOT-KREMER, informagicienne et enseignante-chercheuse en informatique \u00e0 l\u2019universit\u00e9 de Lorraine. L&rsquo;informatique est loin de se limiter \u00e0 des objets, des outils num\u00e9riques ou \u00e0 l&rsquo;apprentissage de la programmation. C&rsquo;est avant tout une science et des concepts cl\u00e9s. Et si, pour aborder ces &hellip; <\/p>\n<p class=\"link-more\"><a href=\"https:\/\/www.didapro.org\/8\/conferences-invitees\/ci-duflot-kremer\/\" class=\"more-link\">Continuer la lecture<span class=\"screen-reader-text\"> de &laquo;&nbsp;Enseigner de l&rsquo;informatique sans ordinateur ?&nbsp;&raquo;<\/span><\/a><\/p>\n","protected":false},"author":6,"featured_media":0,"parent":810,"menu_order":4,"comment_status":"closed","ping_status":"closed","template":"","meta":{"jetpack_post_was_ever_published":false,"footnotes":""},"class_list":["post-1160","page","type-page","status-publish","hentry"],"jetpack_sharing_enabled":true,"jetpack_shortlink":"https:\/\/wp.me\/P8APBU-iI","jetpack-related-posts":[],"jetpack_likes_enabled":true,"_links":{"self":[{"href":"https:\/\/www.didapro.org\/8\/wp-json\/wp\/v2\/pages\/1160","targetHints":{"allow":["GET"]}}],"collection":[{"href":"https:\/\/www.didapro.org\/8\/wp-json\/wp\/v2\/pages"}],"about":[{"href":"https:\/\/www.didapro.org\/8\/wp-json\/wp\/v2\/types\/page"}],"author":[{"embeddable":true,"href":"https:\/\/www.didapro.org\/8\/wp-json\/wp\/v2\/users\/6"}],"replies":[{"embeddable":true,"href":"https:\/\/www.didapro.org\/8\/wp-json\/wp\/v2\/comments?post=1160"}],"version-history":[{"count":9,"href":"https:\/\/www.didapro.org\/8\/wp-json\/wp\/v2\/pages\/1160\/revisions"}],"predecessor-version":[{"id":1205,"href":"https:\/\/www.didapro.org\/8\/wp-json\/wp\/v2\/pages\/1160\/revisions\/1205"}],"up":[{"embeddable":true,"href":"https:\/\/www.didapro.org\/8\/wp-json\/wp\/v2\/pages\/810"}],"wp:attachment":[{"href":"https:\/\/www.didapro.org\/8\/wp-json\/wp\/v2\/media?parent=1160"}],"curies":[{"name":"wp","href":"https:\/\/api.w.org\/{rel}","templated":true}]}}

<p>Conférence invitée. Vendredi 7 février 2020 </p>



<h2 class="wp-block-heading">Enseigner de l&rsquo;informatique sans ordinateur ?</h2>



<p>Marie DUFLOT-KREMER, informagicienne et enseignante-chercheuse en informatique à l’université de Lorraine.</p>



<p>L&rsquo;informatique est loin de se limiter à des objets, des outils numériques ou à l&rsquo;apprentissage de la programmation. C&rsquo;est avant tout une science et des concepts clés. Et si, pour aborder ces concepts et pour comprendre/intégrer la « pensée informatique » on se passait un moment des ordinateurs ?</p>



<p>De nombreuses activités ont été créées, en France ou ailleurs, pour réfléchir à des questions informatiques de manière originale, ludique et facile à reproduire en classe. Ces activités, pour la plupart testées en classe, suivant les cas de la maternelle au secondaire, permettent à la fois de rendre accessible aux plus jeunes des concepts informatique variés, mais également de faire travailler des compétences scolaires plus classiques dans un contexte nouveau.</p>



<div class="wp-block-file"><a href="https://www.didapro.org/8/wp-content/uploads/sites/4/2020/02/didapro8-ci-duflot-kremer.pdf">support de présentation</a><a href="https://www.didapro.org/8/wp-content/uploads/sites/4/2020/02/didapro8-ci-duflot-kremer.pdf" class="wp-block-file__button" download>Télécharger</a></div>







<a href="https://webtv.univ-lille.fr/video/10761/enseigner-de-l’informatique-sans-ordinateur-">captation vidéo de la présentation</a>

<p>Conférence invitée. Vendredi 7 février 2020 Enseigner de l&rsquo;informatique sans ordinateur ? Marie DUFLOT-KREMER, informagicienne et enseignante-chercheuse en informatique à l’université de Lorraine. L&rsquo;informatique est loin de se limiter à des objets, des outils numériques ou à l&rsquo;apprentissage de la programmation. C&rsquo;est avant tout une science et des concepts clés. Et si, pour aborder ces &hellip; </p>
<p class="link-more"><a href="https://www.didapro.org/8/conferences-invitees/ci-duflot-kremer/" class="more-link">Continuer la lecture<span class="screen-reader-text"> de &laquo;&nbsp;Enseigner de l&rsquo;informatique sans ordinateur ?&nbsp;&raquo;</span></a></p>
