{"id":604,"date":"2017-10-27T09:31:36","date_gmt":"2017-10-27T07:31:36","guid":{"rendered":"https:\/\/www.didapro.org\/7\/?page_id=604"},"modified":"2020-12-28T22:27:23","modified_gmt":"2020-12-28T21:27:23","slug":"programme","status":"publish","type":"page","link":"https:\/\/www.didapro.org\/7\/programme\/","title":{"rendered":"Programme"},"content":{"rendered":"\n<h4 class=\"has-text-color wp-block-heading\" style=\"color:#ffbb00\"><strong>Mercredi 7 f\u00e9vrier 2018<\/strong><\/h4>\n\n\n\n<div class=\"wp-block-group\"><div class=\"wp-block-group__inner-container is-layout-flow wp-block-group-is-layout-flow\">\n<figure class=\"wp-block-table aligncenter is-style-regular cal_hour\"><table class=\"has-fixed-layout\"><tbody><tr><td class=\"has-text-align-left\" data-align=\"left\">8h30 &#8211; 9h00<\/td><td><strong>Accueil<\/strong><\/td><td><\/td><\/tr><tr><td class=\"has-text-align-left\" data-align=\"left\">9h00 &#8211; 9h30<\/td><td>Salle B21-308<\/td><td>Ouverture du colloque<\/td><\/tr><tr><td class=\"has-text-align-left\" data-align=\"left\">9h30 &#8211; 10h30<\/td><td>Salle B21-308<\/td><td><strong>Conf\u00e9rence invit\u00e9e<\/strong><br><a href=\"https:\/\/hal.archives-ouvertes.fr\/DIDAPRO7\/hal-01748680v1\" data-type=\"URL\" data-id=\"https:\/\/hal.archives-ouvertes.fr\/DIDAPRO7\/hal-01748680v1\">Pens\u00e9e computationnelle: pour un n\u00e9opapertisme durable car sceptique<\/a><br>Pierre Dillenbourg \u2013 Dans les actes: pp. 17 -19<br>Lien vers la vid\u00e9o: <a href=\"https:\/\/vimeo.com\/254811757\">https:\/\/vimeo.com\/254811757<\/a><\/td><\/tr><tr><td class=\"has-text-align-left\" data-align=\"left\">10h30 &#8211; 11h00<\/td><td><strong>Pause<\/strong><\/td><td><\/td><\/tr><tr><td class=\"has-text-align-left\" data-align=\"left\"><\/td><td>Salle B21-308<\/td><td><strong>Session de pr\u00e9sentations<\/strong><br>Vers l\u2019acquisition de savoirs informatiques<br>Pr\u00e9sidence: Yannis Delmas-Rigoutsos<\/td><\/tr><tr><td class=\"has-text-align-left\" data-align=\"left\">11h00 &#8211; 11h30<\/td><td><\/td><td><a href=\"https:\/\/hal.archives-ouvertes.fr\/DIDAPRO7\/hal-01753096\" data-type=\"URL\" data-id=\"https:\/\/hal.archives-ouvertes.fr\/DIDAPRO7\/hal-01753096\">Concours Castor, ressource p\u00e9dagogique pour l\u2019enseignement de l\u2019informatique?<br>\u00c9tude exploratoire aupr\u00e8s d\u2019enseignants<\/a><br>B\u00e9atrice Drot-Delange &amp; Fran\u00e7oise Tort<br>Dans les actes: pp. 199-218<\/td><\/tr><tr><td class=\"has-text-align-left\" data-align=\"left\">11h30 &#8211; 12h00<\/td><td><\/td><td><a href=\"https:\/\/hal.archives-ouvertes.fr\/DIDAPRO7\/hal-01753119\" data-type=\"URL\" data-id=\"https:\/\/hal.archives-ouvertes.fr\/DIDAPRO7\/hal-01753119\">Transition didactique de l\u2019activit\u00e9 d\u00e9branch\u00e9e \u00e0 la programmation avec AlgoTouch<\/a><br>Patrice Frison, Moncef Daoud &amp; Michel Adam<br>Dans les actes: pp. 273-289<\/td><\/tr><tr><td class=\"has-text-align-left\" data-align=\"left\">12h00 &#8211; 12h30<\/td><td><\/td><td><a href=\"https:\/\/hal.archives-ouvertes.fr\/DIDAPRO7\/hal-01753125\" data-type=\"URL\" data-id=\"https:\/\/hal.archives-ouvertes.fr\/DIDAPRO7\/hal-01753125\">Un apprentissage de la programmation d\u00e8s l\u2019\u00e9cole primaire: le concept de message sur ScratchJr<\/a><br>S\u00e9vastiani Touloupaki, Georges-Louis Baron &amp; Vassilis Komis<br>Dans les actes: pp. 303-323<\/td><\/tr><tr><td class=\"has-text-align-left\" data-align=\"left\">12h30 &#8211; 14h00<\/td><td><strong>Repas<\/strong><\/td><td><\/td><\/tr><tr><td class=\"has-text-align-left\" data-align=\"left\"><\/td><td><strong>Ateliers<\/strong><br>Trois sessions, avec neuf ateliers \u00e0 choix par session. Au total, 13 ateliers diff\u00e9rents.<\/td><td><\/td><\/tr><tr><td class=\"has-text-align-left\" data-align=\"left\">14h00 &#8211; 14h40<\/td><td><strong>Premi\u00e8re session d\u2019ateliers<\/strong><\/td><td><\/td><\/tr><tr><td class=\"has-text-align-left\" data-align=\"left\"><\/td><td>Salle B21-205<br>Salle B21-208<br>Salle B21-211<br>Salle B21-219<br>Salle B21-233<br>Salle B21-341<br>Salle B21-441<br>Salle B21-541<br>Salle B21-640<\/td><td><a href=\"https:\/\/hal.archives-ouvertes.fr\/DIDAPRO7\/hal-01753314\" data-type=\"URL\" data-id=\"https:\/\/hal.archives-ouvertes.fr\/DIDAPRO7\/hal-01753314\">6 &#8211; TigerJython<\/a><br><a href=\"https:\/\/hal.archives-ouvertes.fr\/DIDAPRO7\/hal-01753290\" data-type=\"URL\" data-id=\"https:\/\/hal.archives-ouvertes.fr\/DIDAPRO7\/hal-01753290\">5 &#8211; Thymio<\/a><br><a href=\"https:\/\/hal.archives-ouvertes.fr\/DIDAPRO7\/hal-01753383\" data-type=\"URL\" data-id=\"https:\/\/hal.archives-ouvertes.fr\/DIDAPRO7\/hal-01753383\">8 &#8211; Apprentissage par projet<\/a><br><a href=\"https:\/\/hal.archives-ouvertes.fr\/DIDAPRO7\/hal-01753393\" data-type=\"URL\" data-id=\"https:\/\/hal.archives-ouvertes.fr\/DIDAPRO7\/hal-01753393\">1 &#8211; Docker dans l\u2019\u00e9ducation<\/a><br><a href=\"https:\/\/hal.archives-ouvertes.fr\/DIDAPRO7\/hal-01753308\" data-type=\"URL\" data-id=\"https:\/\/hal.archives-ouvertes.fr\/DIDAPRO7\/hal-01753308\">7 &#8211; Enseigner l\u2019intelligence artificielle<\/a><br><a href=\"https:\/\/hal.archives-ouvertes.fr\/DIDAPRO7\/hal-01753409\" data-type=\"URL\" data-id=\"https:\/\/hal.archives-ouvertes.fr\/DIDAPRO7\/hal-01753409\">9 &#8211; Ch\u2019ti code<\/a><br><a href=\"https:\/\/hal.archives-ouvertes.fr\/DIDAPRO7\/hal-01753302\" data-type=\"URL\" data-id=\"https:\/\/hal.archives-ouvertes.fr\/DIDAPRO7\/hal-01753302\">3 &#8211; Human Resource Machine<\/a><br>12 &#8211; CS First<br>13 &#8211; Swift Playgrounds<\/td><\/tr><tr><td class=\"has-text-align-left\" data-align=\"left\">14h45 &#8211; 15h25<\/td><td><strong>Deuxi\u00e8me session d\u2019ateliers<\/strong><\/td><td><\/td><\/tr><tr><td class=\"has-text-align-left\" data-align=\"left\"><\/td><td>Salle B21-205<br>Salle B21-208<br>Salle B21-211<br>Salle B21-219<br>Salle B21-233<br>Salle B21-341<br>Salle B21-441<br>Salle B21-541<br>Salle B21-640<\/td><td><a href=\"https:\/\/hal.archives-ouvertes.fr\/DIDAPRO7\/hal-01753322\" data-type=\"URL\" data-id=\"https:\/\/hal.archives-ouvertes.fr\/DIDAPRO7\/hal-01753322\">2 &#8211; Unity3D pour programmer un jeu vid\u00e9o<\/a><br><a href=\"https:\/\/hal.archives-ouvertes.fr\/DIDAPRO7\/hal-01753290\" data-type=\"URL\" data-id=\"https:\/\/hal.archives-ouvertes.fr\/DIDAPRO7\/hal-01753290\">5 &#8211; Thymio<\/a><br><a href=\"https:\/\/hal.archives-ouvertes.fr\/DIDAPRO7\/hal-01753388\" data-type=\"URL\" data-id=\"https:\/\/hal.archives-ouvertes.fr\/DIDAPRO7\/hal-01753388\">11 &#8211; Robots de sol et robots humano\u00efdes<\/a><br><a href=\"https:\/\/hal.archives-ouvertes.fr\/DIDAPRO7\/hal-01753404\" data-type=\"URL\" data-id=\"https:\/\/hal.archives-ouvertes.fr\/DIDAPRO7\/hal-01753404\">4 &#8211; C\/Arduino avec Edu-C<\/a><br><a href=\"https:\/\/hal.archives-ouvertes.fr\/DIDAPRO7\/hal-01753308\" data-type=\"URL\" data-id=\"https:\/\/hal.archives-ouvertes.fr\/DIDAPRO7\/hal-01753308\">7 &#8211; Enseigner l\u2019intelligence artificielle<\/a><br><a href=\"https:\/\/hal.archives-ouvertes.fr\/DIDAPRO7\/hal-01753409\" data-type=\"URL\" data-id=\"https:\/\/hal.archives-ouvertes.fr\/DIDAPRO7\/hal-01753409\">9 &#8211; Ch\u2019ti code<\/a><br><a href=\"https:\/\/hal.archives-ouvertes.fr\/DIDAPRO7\/hal-01753302\" data-type=\"URL\" data-id=\"https:\/\/hal.archives-ouvertes.fr\/DIDAPRO7\/hal-01753302\">3 &#8211; Human Resource Machine<\/a><br>12 &#8211; CS First<br>13 &#8211; Swift Playgrounds<\/td><\/tr><tr><td class=\"has-text-align-left\" data-align=\"left\">15h30 &#8211; 16h10<\/td><td><strong>Troisi\u00e8me session d\u2019ateliers<\/strong><\/td><td><\/td><\/tr><tr><td class=\"has-text-align-left\" data-align=\"left\"><\/td><td>Salle B21-205<br>Salle B21-208<br>Salle B21-211<br>Salle B21-219<br>Salle B21-233<br>Salle B21-341<br>Salle B21-441<br>Salle B21-541<br>Salle B21-640<\/td><td><a href=\"https:\/\/hal.archives-ouvertes.fr\/DIDAPRO7\/hal-01753322\" data-type=\"URL\" data-id=\"https:\/\/hal.archives-ouvertes.fr\/DIDAPRO7\/hal-01753322\">2 &#8211; Unity3D pour programmer un jeu vid\u00e9o<\/a><br><a href=\"https:\/\/hal.archives-ouvertes.fr\/DIDAPRO7\/hal-01753314\" data-type=\"URL\" data-id=\"https:\/\/hal.archives-ouvertes.fr\/DIDAPRO7\/hal-01753314\">6 &#8211; TigerJython<\/a><br><a href=\"https:\/\/hal.archives-ouvertes.fr\/DIDAPRO7\/hal-01753388\" data-type=\"URL\" data-id=\"https:\/\/hal.archives-ouvertes.fr\/DIDAPRO7\/hal-01753388\">11 &#8211; Robots de sol et robots humano\u00efdes<\/a><br><a href=\"https:\/\/hal.archives-ouvertes.fr\/DIDAPRO7\/hal-01753404\" data-type=\"URL\" data-id=\"https:\/\/hal.archives-ouvertes.fr\/DIDAPRO7\/hal-01753404\">4 &#8211; C\/Arduino avec Edu-C<\/a><br><a href=\"https:\/\/hal.archives-ouvertes.fr\/DIDAPRO7\/hal-01753402\" data-type=\"URL\" data-id=\"https:\/\/hal.archives-ouvertes.fr\/DIDAPRO7\/hal-01753402\">10 &#8211; L codent, L cr\u00e9ent<\/a><br><a href=\"https:\/\/hal.archives-ouvertes.fr\/DIDAPRO7\/hal-01753383\" data-type=\"URL\" data-id=\"https:\/\/hal.archives-ouvertes.fr\/DIDAPRO7\/hal-01753383\">8 &#8211; Apprentissage par projet<\/a><br><a href=\"https:\/\/hal.archives-ouvertes.fr\/DIDAPRO7\/hal-01753393\" data-type=\"URL\" data-id=\"https:\/\/hal.archives-ouvertes.fr\/DIDAPRO7\/hal-01753393\">1 &#8211; Docker dans l\u2019\u00e9ducation<\/a><br>12 &#8211; CS First<br>13 &#8211; Swift Playgrounds<\/td><\/tr><tr><td class=\"has-text-align-left\" data-align=\"left\">16h10 &#8211; 16h30<\/td><td><strong>Pause<\/strong><\/td><td><\/td><\/tr><tr><td class=\"has-text-align-left\" data-align=\"left\">16h30 &#8211; 16h45<\/td><td>Salle B21-308<\/td><td><a href=\"https:\/\/tube.switch.ch\/videos\/5345efeb\" data-type=\"URL\" data-id=\"https:\/\/tube.switch.ch\/videos\/5345efeb\">Message de la Conseill\u00e8re d\u2019\u00c9tat Cesla Amarelle<\/a><\/td><\/tr><tr><td class=\"has-text-align-left\" data-align=\"left\">16h45 &#8211; 17h45<\/td><td>Salle B21-308<\/td><td>Table ronde anim\u00e9e par Georges-Louis Baron<br><a href=\"https:\/\/tube.switch.ch\/videos\/c7e89978\" data-type=\"URL\" data-id=\"https:\/\/tube.switch.ch\/videos\/c7e89978\">Ressources pour l\u2019enseignement de l\u2019informatique<\/a><\/td><\/tr><tr><td class=\"has-text-align-left\" data-align=\"left\">17h45 &#8211; 18h30<\/td><td><strong>Ap\u00e9ritif de bienvenue<\/strong><\/td><td><\/td><\/tr><\/tbody><\/table><\/figure>\n\n\n\n<h4 class=\"has-text-color wp-block-heading\" style=\"color:#ffbb00\"><strong>Jeudi 8 f\u00e9vrier 2018<\/strong><\/h4>\n\n\n\n<p><\/p>\n<\/div><\/div>\n\n\n\n<figure class=\"wp-block-table aligncenter is-style-regular cal_hour\"><table class=\"has-fixed-layout\"><tbody><tr><td class=\"has-text-align-left\" data-align=\"left\">8h30 &#8211; 9h00<\/td><td><strong>Accueil<\/strong><\/td><td><\/td><\/tr><tr><td class=\"has-text-align-left\" data-align=\"left\">9h00 &#8211; 10h00<\/td><td>Salle B21-308<\/td><td><strong>Conf\u00e9rence invit\u00e9e<\/strong><br><a href=\"https:\/\/hal.archives-ouvertes.fr\/DIDAPRO7\/hal-01748783v1\" data-type=\"URL\" data-id=\"https:\/\/hal.archives-ouvertes.fr\/DIDAPRO7\/hal-01748783v1\">La programmation en tant que place de jeu d\u00e9veloppementale: la pens\u00e9e informatique et la robotique dans la petite enfance<\/a><br>Marina Umaschi Bers \u2013 Dans les actes: pp. 21-22<br>Lien vers la vid\u00e9o: <a href=\"https:\/\/tube.switch.ch\/videos\/f93fc89e\">https:\/\/tube.switch.ch\/videos\/f93fc89e<\/a><\/td><\/tr><tr><td class=\"has-text-align-left\" data-align=\"left\">10h00 &#8211; 10h30<\/td><td><strong>Pause<\/strong><\/td><td><\/td><\/tr><tr><td class=\"has-text-align-left\" data-align=\"left\"><\/td><td>Salle B21-308<\/td><td><strong>Session de pr\u00e9sentations<\/strong><br>Au c\u0153ur de la discipline Informatique<br>Pr\u00e9sidence: Fran\u00e7oise Tort<\/td><\/tr><tr><td class=\"has-text-align-left\" data-align=\"left\">10h30 &#8211; 11h00<\/td><td><\/td><td><a href=\"https:\/\/hal.archives-ouvertes.fr\/DIDAPRO7\/hal-01752797\" data-type=\"URL\" data-id=\"https:\/\/hal.archives-ouvertes.fr\/DIDAPRO7\/hal-01752797\">Proposition de structuration historique des concepts de la pens\u00e9e informatique fondamentale<\/a><br>Yannis Delmas-Rigoutsos \u2013 Dans les actes: pp. 31-59<\/td><\/tr><tr><td class=\"has-text-align-left\" data-align=\"left\">11h00 &#8211; 11h30<\/td><td><\/td><td><a href=\"https:\/\/hal.archives-ouvertes.fr\/DIDAPRO7\/hal-01752932\" data-type=\"URL\" data-id=\"https:\/\/hal.archives-ouvertes.fr\/DIDAPRO7\/hal-01752932\">Que signifie \u00e9duquer au num\u00e9rique? Pour une approche interdisciplinaire<\/a><br>Julie Henry, Alyson Hernalesteen, Bruno Dumas &amp; Anne-Sophie Collard &#8211; Dans les actes: pp. 61-82<\/td><\/tr><tr><td class=\"has-text-align-left\" data-align=\"left\">11h30 &#8211; 12h00<\/td><td><\/td><td><a href=\"https:\/\/hal.archives-ouvertes.fr\/DIDAPRO7\/hal-01753006\" data-type=\"URL\" data-id=\"https:\/\/hal.archives-ouvertes.fr\/DIDAPRO7\/hal-01753006\">Regard litt\u00e9raire sur la programmation comprise comme une \u00e9criture<\/a><br>Fr\u00e9d\u00e9ric Drouillon \u2013 Dans les actes: pp. 83-95<\/td><\/tr><tr><td class=\"has-text-align-left\" data-align=\"left\">12h00 &#8211; 12h30<\/td><td>Salle B21-308<\/td><td>Pr\u00e9sentation des posters<\/td><\/tr><tr><td class=\"has-text-align-left\" data-align=\"left\">12h30 &#8211; 14h00<\/td><td><strong>Repas<\/strong><\/td><td><\/td><\/tr><tr><td class=\"has-text-align-left\" data-align=\"left\"><\/td><td><\/td><td><strong>Session de pr\u00e9sentations en parall\u00e8le<\/strong><br>Formation des enseignant\u00b7e\u00b7s et enjeux institutionnels<br>Pr\u00e9sidence: Konstantinos Ravanis (B21-308) et \u00c9tienne Vandeput (B21-313)<\/td><\/tr><tr><td class=\"has-text-align-left\" data-align=\"left\">14h00 &#8211; 14h30<\/td><td>Salle B21-308<\/td><td><a href=\"https:\/\/hal.archives-ouvertes.fr\/DIDAPRO7\/hal-01753089\" data-type=\"URL\" data-id=\"https:\/\/hal.archives-ouvertes.fr\/DIDAPRO7\/hal-01753089\">La formation des professeurs de la sp\u00e9cialit\u00e9 ISN dans l\u2019Acad\u00e9mie de Nancy-Metz: r\u00e9cit et analyse de six ans d\u2019exp\u00e9rience<\/a><br>Isabelle Debled-Rennesson, Philippe F\u00e9votte, Monique Grandbastien, David Langlois &amp; H\u00e9l\u00e8ne Tanoh \u2013 Dans les actes: pp. 99-116<\/td><\/tr><tr><td class=\"has-text-align-left\" data-align=\"left\"><\/td><td>Salle B21-313<\/td><td><a href=\"https:\/\/hal.archives-ouvertes.fr\/DIDAPRO7\/hal-01753079\" data-type=\"URL\" data-id=\"https:\/\/hal.archives-ouvertes.fr\/DIDAPRO7\/hal-01753079\">\u00abEt si demain je devais enseigner l\u2019informatique?\u00bb Le cas des enseignants de Belgique francophone<\/a><br>Julie Henry &amp; Anne Smal \u2013 Dans les actes: pp. 129-150<\/td><\/tr><tr><td class=\"has-text-align-left\" data-align=\"left\">14h30 &#8211; 15h00<\/td><td>Salle B21-308<\/td><td><a href=\"https:\/\/hal.archives-ouvertes.fr\/DIDAPRO7\/hal-01753071\" data-type=\"URL\" data-id=\"https:\/\/hal.archives-ouvertes.fr\/DIDAPRO7\/hal-01753071\">Former \u00e0 la programmation en primaire, une form\u2019action: Robots d\u2019Evian 2015\u20132018<\/a><br>Fr\u00e9d\u00e9rique Chessel Lazzarotto \u2013 Dans les actes: pp. 117 -127<\/td><\/tr><tr><td class=\"has-text-align-left\" data-align=\"left\"><\/td><td>Salle B21-313<\/td><td><a href=\"https:\/\/hal.archives-ouvertes.fr\/DIDAPRO7\/hal-01753116\" data-type=\"URL\" data-id=\"https:\/\/hal.archives-ouvertes.fr\/DIDAPRO7\/hal-01753116\">Un robot humano\u00efde pour enseigner la programmation: une recherche exploratoire aupr\u00e8s d\u2019\u00e9l\u00e8ves ayant des difficult\u00e9s d\u2019apprentissage<\/a><br>Thierry Karsenti &amp; Julien Bugmann \u2013 Dans les actes: pp. 257 -271<\/td><\/tr><tr><td class=\"has-text-align-left\" data-align=\"left\">15h00 &#8211; 15h30<\/td><td>Salle B21-308<\/td><td>La formation des enseignants, priorit\u00e9 du programme de Google en France en faveur de l\u2019apprentissage de l\u2019informatique: illustration avec le projet \u00ab 1, 2, 3\u2026 Codez ! \u00bb de la Fondation La main \u00e0 la p\u00e2te<br>Guillaume Sekko &amp; Mathieu Hirtzig <em>(sponsor)<\/em><\/td><\/tr><tr><td class=\"has-text-align-left\" data-align=\"left\">15h30 &#8211; 16h00<\/td><td><strong>Pause<\/strong><\/td><td><\/td><\/tr><tr><td class=\"has-text-align-left\" data-align=\"left\">16h00 &#8211; 17h00<\/td><td>Salle B21-308<\/td><td>Table ronde anim\u00e9e par \u00c9ric Bruillard<br><a href=\"https:\/\/tube.switch.ch\/videos\/79ca4d3b\" data-type=\"URL\" data-id=\"https:\/\/tube.switch.ch\/videos\/79ca4d3b\">La pens\u00e9e informatique et au-del\u00e0<\/a><\/td><\/tr><tr><td class=\"has-text-align-left\" data-align=\"left\">17h00 &#8211; 22h30<\/td><td><strong>Visite et repas de gala<\/strong><\/td><td><\/td><\/tr><\/tbody><\/table><\/figure>\n\n\n\n<h4 class=\"has-text-color wp-block-heading\" style=\"color:#ffbb00\"><strong>Vendredi 9 f\u00e9vrier 2018<\/strong><\/h4>\n\n\n\n<figure class=\"wp-block-table aligncenter cal_hour is-style-regular\"><table class=\"has-fixed-layout\"><tbody><tr><td class=\"has-text-align-left\" data-align=\"left\">8h30 &#8211; 9h00<\/td><td><strong>Accueil<\/strong><\/td><td><\/td><\/tr><tr><td class=\"has-text-align-left\" data-align=\"left\">9h00 &#8211; 10h00<\/td><td>Salle B21-308<\/td><td><strong>Conf\u00e9rence invit\u00e9e<\/strong><br><a href=\"https:\/\/hal.archives-ouvertes.fr\/DIDAPRO7\/hal-01748860v1\" data-type=\"URL\" data-id=\"https:\/\/hal.archives-ouvertes.fr\/DIDAPRO7\/hal-01748860v1\">La programmation \u00e0 l\u2019\u00e9cole primaire: de Papert \u00e0 la nouvelle informatique (en anglais)<\/a><br>Ivan Kala\u0161 \u2013 Dans les actes: pp. 23-25<br>Lien vers la vid\u00e9o: <a href=\"https:\/\/tube.switch.ch\/videos\/281ed890\">https:\/\/tube.switch.ch\/videos\/281ed890<\/a><\/td><\/tr><tr><td class=\"has-text-align-left\" data-align=\"left\">10h00 &#8211; 10h30<\/td><td><strong>Pause<\/strong><\/td><td><\/td><\/tr><tr><td class=\"has-text-align-left\" data-align=\"left\"><\/td><td><\/td><td><strong>Session de pr\u00e9sentations en parall\u00e8le<\/strong><br>Quels enseignements, avec quels outils?<br>Pr\u00e9sidence: Fr\u00e9d\u00e9ric Drouillon (B21-308) et Anne-Sophie Collard (B21-313)<\/td><\/tr><tr><td class=\"has-text-align-left\" data-align=\"left\">10h30 &#8211; 11h00<\/td><td>Salle B21-308<\/td><td><a href=\"https:\/\/hal.archives-ouvertes.fr\/DIDAPRO7\/hal-01753089\" data-type=\"URL\" data-id=\"https:\/\/hal.archives-ouvertes.fr\/DIDAPRO7\/hal-01753089\">La formation des nouveaux \u00e9tudiants \u00e0 l\u2019usage des TIC: m\u00e9thode des invariants ou apprentissage des proc\u00e9dures?<\/a><br>Sylvie Tissot &amp; Mireille B\u00e9trancourt \u2013 Dans les actes: pp. 167 -186<\/td><\/tr><tr><td class=\"has-text-align-left\" data-align=\"left\"><\/td><td>Salle B21-313<\/td><td><a href=\"https:\/\/hal.archives-ouvertes.fr\/DIDAPRO7\/hal-01753085\" data-type=\"URL\" data-id=\"https:\/\/hal.archives-ouvertes.fr\/DIDAPRO7\/hal-01753085\">Int\u00e9gration de l\u2019enseignement de l\u2019informatique dans les \u00e9tablissements d\u2019enseignement secondaire du B\u00e9nin<\/a><br>Florent Tasso &amp; Monique Ouassa Kouaro \u2013 Dans les actes: pp. 151-163<\/td><\/tr><tr><td class=\"has-text-align-left\" data-align=\"left\">11h00 &#8211; 11h30<\/td><td>Salle B21-308<\/td><td><a href=\"https:\/\/hal.archives-ouvertes.fr\/DIDAPRO7\/hal-01753111\" data-type=\"URL\" data-id=\"https:\/\/hal.archives-ouvertes.fr\/DIDAPRO7\/hal-01753111\">Poppy Ergo Jr: un kit robotique au c\u0153ur du dispositif Poppy \u00c9ducation<\/a><br>Thibault Desprez, St\u00e9phanie Noirpoudre, Th\u00e9o Segonds, Damien Caselli, Didier Roy &amp; Pierre-Yves Oudeyer \u2013 Dans les actes: pp. 245-255<\/td><\/tr><tr><td class=\"has-text-align-left\" data-align=\"left\"><\/td><td>Salle B21-313<\/td><td><a href=\"https:\/\/hal.archives-ouvertes.fr\/DIDAPRO7\/hal-01753090\" data-type=\"URL\" data-id=\"https:\/\/hal.archives-ouvertes.fr\/DIDAPRO7\/hal-01753090\">Utilisation d\u2019un jeu vid\u00e9o dans le cadre de l\u2019enseignement des SVT: le cas de Minetest<\/a><br>Christelle Pauty-Combemorel \u2013 Dans les actes: pp. 187 -197<\/td><\/tr><tr><td class=\"has-text-align-left\" data-align=\"left\">11h30 &#8211; 12h00<\/td><td>Salle B21-308<\/td><td><a href=\"https:\/\/hal.archives-ouvertes.fr\/DIDAPRO7\/hal-01753106\" data-type=\"URL\" data-id=\"https:\/\/hal.archives-ouvertes.fr\/DIDAPRO7\/hal-01753106\">Comment apprennent les \u00e9l\u00e8ves au cours d\u2019une s\u00e9quence de robotique \u00e9ducative en classe de CP?<\/a><br>Sandra Nogry \u2013 Dans les actes: pp. 235-243<\/td><\/tr><tr><td class=\"has-text-align-left\" data-align=\"left\"><\/td><td>Salle B21-313<\/td><td><a href=\"https:\/\/hal.archives-ouvertes.fr\/DIDAPRO7\/hal-01753124\" data-type=\"URL\" data-id=\"https:\/\/hal.archives-ouvertes.fr\/DIDAPRO7\/hal-01753124\">L\u2019\u00e9tayage des enseignants de l\u2019\u00e9cole maternelle au cours des activit\u00e9s de programmation avec le logiciel ScratchJr<\/a><br>Chryssa Tsourapi, Vassilis Komis &amp; Georges-Louis Baron &#8211; Dans les actes: pp. 291-302<\/td><\/tr><tr><td class=\"has-text-align-left\" data-align=\"left\">12h00 &#8211; 12h30<\/td><td>Salle B21-308<\/td><td><a href=\"https:\/\/hal.archives-ouvertes.fr\/DIDAPRO7\/hal-01753103\" data-type=\"URL\" data-id=\"https:\/\/hal.archives-ouvertes.fr\/DIDAPRO7\/hal-01753103\">D\u00e9mystifier les concepts informatiques par l\u2019exp\u00e9rimentation<\/a><br>Dimitri Racordon &amp; Didier Buchs \u2013 Dans les actes: pp. 219 &#8211; 233<\/td><\/tr><tr><td class=\"has-text-align-left\" data-align=\"left\"><\/td><td>Salle B21-313<\/td><td><a href=\"https:\/\/hal.archives-ouvertes.fr\/DIDAPRO7\/hal-01753133\" data-type=\"URL\" data-id=\"https:\/\/hal.archives-ouvertes.fr\/DIDAPRO7\/hal-01753133\">Apprendre \u00e0 programmer: comment les enseignants justifient-ils le choix d\u2019un outil didactique?<\/a><br>\u00c9tienne Vandeput &amp; Julie Henry \u2013 Dans les actes: pp. 325 &#8211; 342<\/td><\/tr><tr><td class=\"has-text-align-left\" data-align=\"left\">112h30 &#8211; 12h45<\/td><td>Salle B21-308<\/td><td>Cl\u00f4ture du colloque et remise des prix<\/td><\/tr><tr><td class=\"has-text-align-left\" data-align=\"left\">15h30 &#8211; 16h00<\/td><td><strong>Repas<\/strong><\/td><td><\/td><\/tr><\/tbody><\/table><\/figure>\n","protected":false},"excerpt":{"rendered":"<p>Mercredi 7 f\u00e9vrier 2018 8h30 &#8211; 9h00 Accueil 9h00 &#8211; 9h30 Salle B21-308 Ouverture du colloque 9h30 &#8211; 10h30 Salle B21-308 Conf\u00e9rence invit\u00e9ePens\u00e9e computationnelle: pour un n\u00e9opapertisme durable car sceptiquePierre Dillenbourg \u2013 Dans les actes: pp. 17 -19Lien vers la vid\u00e9o: https:\/\/vimeo.com\/254811757 10h30 &#8211; 11h00 Pause Salle B21-308 Session de pr\u00e9sentationsVers l\u2019acquisition de savoirs informatiquesPr\u00e9sidence: &hellip; <\/p>\n<p class=\"link-more\"><a href=\"https:\/\/www.didapro.org\/7\/programme\/\" class=\"more-link\">Continuer la lecture<span class=\"screen-reader-text\"> de &laquo;&nbsp;Programme&nbsp;&raquo;<\/span><\/a><\/p>\n","protected":false},"author":3,"featured_media":628,"parent":0,"menu_order":0,"comment_status":"closed","ping_status":"closed","template":"","meta":{"jetpack_post_was_ever_published":false,"footnotes":""},"class_list":["post-604","page","type-page","status-publish","has-post-thumbnail","hentry"],"jetpack_sharing_enabled":true,"jetpack_shortlink":"https:\/\/wp.me\/P8APBU-9K","jetpack-related-posts":[],"jetpack_likes_enabled":true,"_links":{"self":[{"href":"https:\/\/www.didapro.org\/7\/wp-json\/wp\/v2\/pages\/604","targetHints":{"allow":["GET"]}}],"collection":[{"href":"https:\/\/www.didapro.org\/7\/wp-json\/wp\/v2\/pages"}],"about":[{"href":"https:\/\/www.didapro.org\/7\/wp-json\/wp\/v2\/types\/page"}],"author":[{"embeddable":true,"href":"https:\/\/www.didapro.org\/7\/wp-json\/wp\/v2\/users\/3"}],"replies":[{"embeddable":true,"href":"https:\/\/www.didapro.org\/7\/wp-json\/wp\/v2\/comments?post=604"}],"version-history":[{"count":72,"href":"https:\/\/www.didapro.org\/7\/wp-json\/wp\/v2\/pages\/604\/revisions"}],"predecessor-version":[{"id":1040,"href":"https:\/\/www.didapro.org\/7\/wp-json\/wp\/v2\/pages\/604\/revisions\/1040"}],"wp:featuredmedia":[{"embeddable":true,"href":"https:\/\/www.didapro.org\/7\/wp-json\/wp\/v2\/media\/628"}],"wp:attachment":[{"href":"https:\/\/www.didapro.org\/7\/wp-json\/wp\/v2\/media?parent=604"}],"curies":[{"name":"wp","href":"https:\/\/api.w.org\/{rel}","templated":true}]}}