{"id":552,"date":"2017-08-24T16:11:04","date_gmt":"2017-08-24T14:11:04","guid":{"rendered":"https:\/\/www.didapro.org\/7\/?page_id=552"},"modified":"2018-01-15T23:53:43","modified_gmt":"2018-01-15T22:53:43","slug":"lieu-et-hebergement","status":"publish","type":"page","link":"https:\/\/www.didapro.org\/7\/lieu-et-hebergement\/","title":{"rendered":"Lieu et h\u00e9bergement"},"content":{"rendered":"<h2>Lieu<\/h2>\n<p>Le colloque se d\u00e9roule dans les locaux de la HEP Vaud \u00e0 Lausanne, plus particuli\u00e8rement dans son b\u00e2timent de l&rsquo;Avenue des Bains 21.<\/p>\n<div class=\"googlemaps\">\n\t\t\t\t<iframe loading=\"lazy\" width=\"600\" height=\"450\" frameborder=\"0\" scrolling=\"no\" marginheight=\"0\" marginwidth=\"0\"  src=\"https:\/\/www.google.com\/maps\/embed?pb=!1m18!1m12!1m3!1d2745.7656305049754!2d6.615661816069152!3d46.51274947088543!2m3!1f0!2f0!3f0!3m2!1i1024!2i768!4f13.1!3m3!1m2!1s0x478c2fd60b98a2c3:0x46c770008c51b67b!2sAvenue%20des%20Bains%2021,%201007%20Lausanne!5e0!3m2!1sfr!2sch!4v1503582096504\"><\/iframe>\n\t\t\t<\/div>\n<h2>H\u00e9bergement<\/h2>\n<p>Voici quelques offres qui ont \u00e9t\u00e9 n\u00e9goci\u00e9es avec des h\u00f4tels de la ville pour les participants de la conf\u00e9rence (annoncer le code <strong>Didapro<\/strong>) :<\/p>\n<table cellspacing=\"0\" cellpadding=\"0\">\n<tbody>\n<tr>\n<td valign=\"top\"><span style=\"color: #000000;font-family: 'Helvetica Neue';font-size: small\"><b>Nom<\/b><\/span><\/td>\n<td valign=\"top\"><span style=\"color: #000000;font-family: 'Helvetica Neue';font-size: small\"><b>Adresse<\/b><\/span><\/td>\n<td valign=\"top\"><span style=\"color: #000000;font-family: 'Helvetica Neue';font-size: small\"><b>URL<\/b><\/span><\/td>\n<td valign=\"top\"><span style=\"color: #000000;font-family: 'Helvetica Neue';font-size: small\"><b>Chambre simple<\/b><\/span><\/td>\n<td valign=\"top\"><span style=\"color: #000000;font-family: 'Helvetica Neue';font-size: small\"><b>Chambre double<\/b><\/span><\/td>\n<td valign=\"top\"><span style=\"color: #000000;font-family: 'Helvetica Neue';font-size: small\"><b>R\u00e9servations<\/b><\/span><\/td>\n<\/tr>\n<tr>\n<td valign=\"top\"><span style=\"color: #000000;font-family: 'Helvetica Neue';font-size: small\"><b>Auberge de Jeunesse Lausanne Jeunotel<\/b><\/span><\/td>\n<td valign=\"top\"><span style=\"color: #000000;font-family: 'Helvetica Neue';font-size: small\">ch. du Bois-de-Vaux 36, 1007 Lausanne<\/span><\/td>\n<td valign=\"top\"><span style=\"color: #000000;font-family: 'Helvetica Neue';font-size: small\"><a href=\"http:\/\/www.youthhostel.ch\/lausanne\"><u>http:\/\/www.youthhostel.ch\/lausanne<\/u><u><\/u><\/a><\/span><\/td>\n<td valign=\"top\">\n<p align=\"right\"><span style=\"color: #000000;font-family: 'Helvetica Neue';font-size: small\">CHF&nbsp;89.60<\/span><\/p>\n<\/td>\n<td valign=\"top\">\n<p align=\"right\"><span style=\"color: #000000;font-family: 'Helvetica Neue';font-size: small\">CHF&nbsp;105.20<\/span><\/p>\n<\/td>\n<td valign=\"top\"><span style=\"color: #000000;font-family: 'Helvetica Neue';font-size: small\"><a href=\"mailto:lausanne@youthhostel.ch\"><u>lausanne@youthhostel.ch<\/u><u><\/u><\/a><\/span><\/p>\n<p><span style=\"color: #000000;font-family: 'Helvetica Neue';font-size: small\">+41 21 626 02 22<\/span><\/td>\n<\/tr>\n<tr>\n<td valign=\"top\"><span style=\"color: #000000;font-family: 'Helvetica Neue';font-size: small\"><b>IBIS Lausanne Centre<\/b><\/span><\/td>\n<td valign=\"top\"><span style=\"color: #000000;font-family: 'Helvetica Neue';font-size: small\">Rue du Maupas 20, 1004 Lausanne<\/span><\/td>\n<td valign=\"top\"><span style=\"color: #000000;font-family: 'Helvetica Neue';font-size: small\"><a href=\"http:\/\/www.ibis.com\/fr\/hotel-6772-ibis-lausanne-centre\/index.shtml\"><u>http:\/\/www.ibis.com\/fr\/hotel-6772-ibis-lausanne-centre\/index.shtml<\/u><u><\/u><\/a><\/span><\/td>\n<td valign=\"top\">\n<p align=\"right\"><span style=\"color: #000000;font-family: 'Helvetica Neue';font-size: small\">CHF&nbsp;130.00<\/span><\/p>\n<\/td>\n<td valign=\"top\">\n<p align=\"right\"><span style=\"color: #000000;font-family: 'Helvetica Neue';font-size: small\">CHF&nbsp;140.00<\/span><\/p>\n<\/td>\n<td valign=\"top\"><span style=\"color: #000000;font-family: 'Helvetica Neue';font-size: small\"><a href=\"mailto:h6772@accor.com\"><u>h6772@accor.com<\/u><u><\/u><\/a><\/span><\/p>\n<p><span style=\"color: #000000;font-family: 'Helvetica Neue';font-size: small\">+41 21&nbsp;340 07 07<\/span><\/td>\n<\/tr>\n<tr>\n<td valign=\"top\"><span style=\"color: #000000;font-family: 'Helvetica Neue';font-size: small\"><b>H\u00f4tel des voyageurs<\/b><\/span><\/td>\n<td valign=\"top\"><span style=\"color: #000000;font-family: 'Helvetica Neue';font-size: small\"> Rue Grand Saint-Jean 19, 1003 Lausanne<\/span><\/td>\n<td valign=\"top\"><span style=\"color: #000000;font-family: 'Helvetica Neue';font-size: small\"><a href=\"http:\/\/www.voyageurs.ch\"><u>http:\/\/www.voyageurs.ch<\/u><u><\/u><\/a><\/span><\/td>\n<td valign=\"top\">\n<p align=\"right\"><span style=\"color: #000000;font-family: 'Helvetica Neue';font-size: small\">CHF&nbsp;155.00<\/span><\/p>\n<\/td>\n<td valign=\"top\">\n<p align=\"right\"><span style=\"color: #000000;font-family: 'Helvetica Neue';font-size: small\">CHF&nbsp;195.00<\/span><\/p>\n<\/td>\n<td valign=\"top\"><span style=\"color: #000000;font-family: 'Helvetica Neue';font-size: small\"><a href=\"mailto:hotel@voyageurs.ch\"><u>hotel@voyageurs.ch<\/u><u><\/u><\/a><\/span><\/p>\n<p><span style=\"color: #000000;font-family: 'Helvetica Neue';font-size: small\">+41 21 319 91 11<\/span><\/td>\n<\/tr>\n<tr>\n<td valign=\"top\"><span style=\"color: #000000;font-family: 'Helvetica Neue';font-size: small\"><b>Continental H\u00f4tel Lausanne<\/b><\/span><\/td>\n<td valign=\"top\"><span style=\"color: #000000;font-family: 'Helvetica Neue';font-size: small\">2, place de la Gare, 1001 LAUSANNE<\/span><\/td>\n<td valign=\"top\"><span style=\"color: #000000;font-family: 'Helvetica Neue';font-size: small\"><a href=\"http:\/\/www.manzprivacyhotels.ch\/\"><u>http:\/\/www.manzprivacyhotels.ch\/<\/u><u><\/u><\/a><\/span><\/td>\n<td valign=\"top\">\n<p align=\"right\"><span style=\"color: #000000;font-family: 'Helvetica Neue';font-size: small\">CHF&nbsp;170.00<\/span><\/p>\n<\/td>\n<td valign=\"top\">\n<p align=\"right\"><span style=\"color: #000000;font-family: 'Helvetica Neue';font-size: small\">CHF&nbsp;240.00<\/span><\/p>\n<\/td>\n<td valign=\"top\"><span style=\"color: #000000;font-family: 'Helvetica Neue';font-size: small\"><a href=\"mailto:reservation@hotelcontinental.ch\"><u>reservation@hotelcontinental.ch<\/u><u><\/u><\/a><\/span><\/td>\n<\/tr>\n<\/tbody>\n<\/table>\n<p>&nbsp;<\/p>\n","protected":false},"excerpt":{"rendered":"<p>Lieu Le colloque se d\u00e9roule dans les locaux de la HEP Vaud \u00e0 Lausanne, plus particuli\u00e8rement dans son b\u00e2timent de l&rsquo;Avenue des Bains 21. H\u00e9bergement Voici quelques offres qui ont \u00e9t\u00e9 n\u00e9goci\u00e9es avec des h\u00f4tels de la ville pour les participants de la conf\u00e9rence (annoncer le code Didapro) : Nom Adresse URL Chambre simple Chambre &hellip; <\/p>\n<p class=\"link-more\"><a href=\"https:\/\/www.didapro.org\/7\/lieu-et-hebergement\/\" class=\"more-link\">Continuer la lecture<span class=\"screen-reader-text\"> de &laquo;&nbsp;Lieu et h\u00e9bergement&nbsp;&raquo;<\/span><\/a><\/p>\n","protected":false},"author":2,"featured_media":566,"parent":0,"menu_order":0,"comment_status":"closed","ping_status":"closed","template":"","meta":{"jetpack_post_was_ever_published":false,"footnotes":""},"class_list":["post-552","page","type-page","status-publish","has-post-thumbnail","hentry"],"jetpack_sharing_enabled":true,"jetpack_shortlink":"https:\/\/wp.me\/P8APBU-8U","jetpack-related-posts":[{"id":353,"url":"https:\/\/www.didapro.org\/7\/","url_meta":{"origin":552,"position":0},"title":"Accueil","author":"admin","date":"7 ao\u00fbt 2016","format":false,"excerpt":"Didapro 7 \u2013 DidaSTIC De 0 \u00e0 1 ou l\u2019heure de l\u2019informatique \u00e0 l\u2019\u00e9cole Colloque de didactique de l\u2019informatique 7 \u2013 9 f\u00e9vrier 2018 HEP Vaud, Lausanne Depuis 1988, les colloques de didactique de l'informatique, puis le colloque Didapro \u2013 DidaSTIC explorent les th\u00e8mes autour de l\u2019enseignement et l\u2019apprentissage de\u2026","rel":"","context":"Article similaire","block_context":{"text":"Article similaire","link":""},"img":{"alt_text":"","src":"","width":0,"height":0},"classes":[]},{"id":633,"url":"https:\/\/www.didapro.org\/7\/keynote-dillenbourg\/","url_meta":{"origin":552,"position":1},"title":"Conf\u00e9rence invit\u00e9e de Pierre Dillenbourg","author":"jppellet","date":"14 novembre 2017","format":false,"excerpt":"Pens\u00e9e computationnelle: pour un n\u00e9opapertisme durable car sceptique Pierre Dillenbourg \u00a0 \u00abOn a vu souvent rejaillir le feu d\u2019un ancien volcan qu\u2019on croyait trop vieux\u00bb chantait le Grand Jacques. L\u2019int\u00e9r\u00eat actuel pour la pens\u00e9e computationnelle n\u2019a-t-il pas un go\u00fbt de d\u00e9j\u00e0 vu pour ceux qui ont connu les ann\u00e9es Logo?\u2026","rel":"","context":"Article similaire","block_context":{"text":"Article similaire","link":""},"img":{"alt_text":"","src":"","width":0,"height":0},"classes":[]},{"id":507,"url":"https:\/\/www.didapro.org\/7\/contributions-dates\/","url_meta":{"origin":552,"position":2},"title":"Contributions et dates","author":"jppellet","date":"5 mai 2017","format":false,"excerpt":"Contributions Quatre types de contributions peuvent \u00eatre propos\u00e9s : article court (4-6 pages) article long (8-12 pages) proposition de poster proposition d'atelier Les contributions sont soumises via la plateforme EasyChair avant les dates sp\u00e9cifi\u00e9es\u00a0ci-dessous. Les contributions propos\u00e9es sont \u00e0 r\u00e9diger en fran\u00e7ais. Articles Le d\u00e9lai de d\u00e9p\u00f4t des articles est\u2026","rel":"","context":"Article similaire","block_context":{"text":"Article similaire","link":""},"img":{"alt_text":"","src":"https:\/\/i0.wp.com\/www.didapro.org\/7\/wp-content\/uploads\/sites\/2\/2017\/04\/header-didapro-1.jpg?fit=1200%2C720&ssl=1&resize=350%2C200","width":350,"height":200,"srcset":"https:\/\/i0.wp.com\/www.didapro.org\/7\/wp-content\/uploads\/sites\/2\/2017\/04\/header-didapro-1.jpg?fit=1200%2C720&ssl=1&resize=350%2C200 1x, https:\/\/i0.wp.com\/www.didapro.org\/7\/wp-content\/uploads\/sites\/2\/2017\/04\/header-didapro-1.jpg?fit=1200%2C720&ssl=1&resize=525%2C300 1.5x, https:\/\/i0.wp.com\/www.didapro.org\/7\/wp-content\/uploads\/sites\/2\/2017\/04\/header-didapro-1.jpg?fit=1200%2C720&ssl=1&resize=700%2C400 2x, https:\/\/i0.wp.com\/www.didapro.org\/7\/wp-content\/uploads\/sites\/2\/2017\/04\/header-didapro-1.jpg?fit=1200%2C720&ssl=1&resize=1050%2C600 3x"},"classes":[]},{"id":810,"url":"https:\/\/www.didapro.org\/7\/videos\/","url_meta":{"origin":552,"position":3},"title":"Vid\u00e9os","author":"7","date":"19 f\u00e9vrier 2018","format":false,"excerpt":"Mercredi 7 f\u00e9vrier 2018 Conf\u00e9rence invit\u00e9e \u00abPens\u00e9e computationnelle \u202f: pour un n\u00e9opapertisme durable car sceptique\u00bb Pierre Dillenbourg \u2013 \u00c9cole Polytechnique F\u00e9d\u00e9rale de Lausanne, Suisse \u00a0 Table ronde sur le th\u00e8me \u00ab Ressources pour l'enseignement de l'informatique: quelle alliance entre recherche, entreprise, pratique et d\u00e9cision?\u00bb Anim\u00e9e par Georges-Louis Baron \u2013 Universit\u00e9\u2026","rel":"","context":"Article similaire","block_context":{"text":"Article similaire","link":""},"img":{"alt_text":"","src":"https:\/\/i0.wp.com\/www.didapro.org\/7\/wp-content\/uploads\/sites\/2\/2018\/02\/header-bolo.jpg?fit=1200%2C720&ssl=1&resize=350%2C200","width":350,"height":200,"srcset":"https:\/\/i0.wp.com\/www.didapro.org\/7\/wp-content\/uploads\/sites\/2\/2018\/02\/header-bolo.jpg?fit=1200%2C720&ssl=1&resize=350%2C200 1x, https:\/\/i0.wp.com\/www.didapro.org\/7\/wp-content\/uploads\/sites\/2\/2018\/02\/header-bolo.jpg?fit=1200%2C720&ssl=1&resize=525%2C300 1.5x, https:\/\/i0.wp.com\/www.didapro.org\/7\/wp-content\/uploads\/sites\/2\/2018\/02\/header-bolo.jpg?fit=1200%2C720&ssl=1&resize=700%2C400 2x, https:\/\/i0.wp.com\/www.didapro.org\/7\/wp-content\/uploads\/sites\/2\/2018\/02\/header-bolo.jpg?fit=1200%2C720&ssl=1&resize=1050%2C600 3x"},"classes":[]},{"id":489,"url":"https:\/\/www.didapro.org\/7\/objectifs-et-themes\/","url_meta":{"origin":552,"position":4},"title":"Objectifs et th\u00e8mes","author":"7","date":"18 avril 2017","format":false,"excerpt":"Chacun\u00b7e s\u2019accorde aujourd\u2019hui sur la place pr\u00e9\u00e9minente qu\u2019occupent l\u2019informatique et les r\u00e9alisations qui en d\u00e9coulent dans nos soci\u00e9t\u00e9s. Pratiquement tous les domaines de l\u2019activit\u00e9 humaine ont \u00e9t\u00e9 profond\u00e9ment impact\u00e9s, transform\u00e9s, remodel\u00e9s par cette science et ses d\u00e9veloppements. Pour autant, l\u2019informatique en tant que discipline d\u2019enseignement reste jeune. Sa place dans\u2026","rel":"","context":"Article similaire","block_context":{"text":"Article similaire","link":""},"img":{"alt_text":"","src":"","width":0,"height":0},"classes":[]},{"id":604,"url":"https:\/\/www.didapro.org\/7\/programme\/","url_meta":{"origin":552,"position":5},"title":"Programme","author":"jppellet","date":"27 octobre 2017","format":false,"excerpt":"Mercredi 7 f\u00e9vrier 2018 8h30 - 9h00Accueil9h00 - 9h30Salle B21-308Ouverture du colloque9h30 - 10h30Salle B21-308Conf\u00e9rence invit\u00e9ePens\u00e9e computationnelle: pour un n\u00e9opapertisme durable car sceptiquePierre Dillenbourg \u2013 Dans les actes: pp. 17 -19Lien vers la vid\u00e9o: https:\/\/vimeo.com\/25481175710h30 - 11h00PauseSalle B21-308Session de pr\u00e9sentationsVers l\u2019acquisition de savoirs informatiquesPr\u00e9sidence: Yannis Delmas-Rigoutsos11h00 - 11h30Concours Castor, ressource\u2026","rel":"","context":"Article similaire","block_context":{"text":"Article similaire","link":""},"img":{"alt_text":"","src":"https:\/\/i0.wp.com\/www.didapro.org\/7\/wp-content\/uploads\/sites\/2\/2017\/10\/program_3.jpg?fit=1200%2C720&ssl=1&resize=350%2C200","width":350,"height":200,"srcset":"https:\/\/i0.wp.com\/www.didapro.org\/7\/wp-content\/uploads\/sites\/2\/2017\/10\/program_3.jpg?fit=1200%2C720&ssl=1&resize=350%2C200 1x, https:\/\/i0.wp.com\/www.didapro.org\/7\/wp-content\/uploads\/sites\/2\/2017\/10\/program_3.jpg?fit=1200%2C720&ssl=1&resize=525%2C300 1.5x, https:\/\/i0.wp.com\/www.didapro.org\/7\/wp-content\/uploads\/sites\/2\/2017\/10\/program_3.jpg?fit=1200%2C720&ssl=1&resize=700%2C400 2x, https:\/\/i0.wp.com\/www.didapro.org\/7\/wp-content\/uploads\/sites\/2\/2017\/10\/program_3.jpg?fit=1200%2C720&ssl=1&resize=1050%2C600 3x"},"classes":[]}],"jetpack_likes_enabled":true,"_links":{"self":[{"href":"https:\/\/www.didapro.org\/7\/wp-json\/wp\/v2\/pages\/552","targetHints":{"allow":["GET"]}}],"collection":[{"href":"https:\/\/www.didapro.org\/7\/wp-json\/wp\/v2\/pages"}],"about":[{"href":"https:\/\/www.didapro.org\/7\/wp-json\/wp\/v2\/types\/page"}],"author":[{"embeddable":true,"href":"https:\/\/www.didapro.org\/7\/wp-json\/wp\/v2\/users\/2"}],"replies":[{"embeddable":true,"href":"https:\/\/www.didapro.org\/7\/wp-json\/wp\/v2\/comments?post=552"}],"version-history":[{"count":13,"href":"https:\/\/www.didapro.org\/7\/wp-json\/wp\/v2\/pages\/552\/revisions"}],"predecessor-version":[{"id":762,"href":"https:\/\/www.didapro.org\/7\/wp-json\/wp\/v2\/pages\/552\/revisions\/762"}],"wp:featuredmedia":[{"embeddable":true,"href":"https:\/\/www.didapro.org\/7\/wp-json\/wp\/v2\/media\/566"}],"wp:attachment":[{"href":"https:\/\/www.didapro.org\/7\/wp-json\/wp\/v2\/media?parent=552"}],"curies":[{"name":"wp","href":"https:\/\/api.w.org\/{rel}","templated":true}]}}