{"id":604,"date":"2017-10-27T09:31:36","date_gmt":"2017-10-27T07:31:36","guid":{"rendered":"https:\/\/didapro.org\/9abc\/?page_id=604"},"modified":"2026-03-23T18:24:27","modified_gmt":"2026-03-23T17:24:27","slug":"programme","status":"publish","type":"page","link":"https:\/\/www.didapro.org\/11\/programme\/","title":{"rendered":"Programme"},"content":{"rendered":"\n<h3 class=\"wp-block-heading\">Mardi 10 mars<\/h3>\n\n\n\n<figure class=\"wp-block-table is-style-stripes\"><table><tbody><tr><td class=\"has-text-align-right\" data-align=\"right\">8h30<\/td><td>9h<\/td><td>Accueil<\/td><\/tr><tr><td class=\"has-text-align-right\" data-align=\"right\">9h<\/td><td>9h30<\/td><td>Ouverture du colloque<\/td><\/tr><tr><td class=\"has-text-align-right\" data-align=\"right\">9h30<\/td><td>10h30<\/td><td><strong>Conf\u00e9rence invit\u00e9e<\/strong> de Pascal Lafourcade<br><em><a href=\"https:\/\/www.didapro.org\/11\/wp-content\/uploads\/sites\/8\/2026\/03\/Lafourcade_Didapro_Grenoble_2026.pdf\" data-type=\"attachment\" data-id=\"1763\">Cryptographie &amp; P\u00e9dagogie, Le jeu au service des chiffres<\/a><\/em><\/td><\/tr><tr><td class=\"has-text-align-right\" data-align=\"right\">10h30<\/td><td>11h<\/td><td>Pause<\/td><\/tr><tr><td class=\"has-text-align-right\" data-align=\"right\">11h<\/td><td>12h30<\/td><td><a href=\"https:\/\/www.didapro.org\/11\/conferences-et-contributions\/#session1\" data-type=\"page\" data-id=\"1591\"><strong>Session 1<\/strong> \u2013 Pens\u00e9e informatique<\/a><br>\u2014 <em><a href=\"https:\/\/www.didapro.org\/11\/wp-content\/uploads\/sites\/8\/2026\/03\/Didapro_11_paper_49.pdf\" data-type=\"attachment\" data-id=\"1735\">Robotique scolaire et d\u00e9veloppement de la pens\u00e9e computationnelle : r\u00f4les du niveau socio\u00e9conomique et des performances scolaires<\/a><\/em> \u2013 Rawad Chaker<br>\u2014 <em><a href=\"https:\/\/www.didapro.org\/11\/wp-content\/uploads\/sites\/8\/2026\/03\/Didapro_11_paper_27.pdf\" data-type=\"attachment\" data-id=\"1736\">Du \u00ab faire \u00bb au \u00ab dire \u00bb : le cas de la programmation par blocs<\/a><\/em> \u2013 Marielle L\u00e9onard<br>\u2014 <em><a href=\"https:\/\/www.didapro.org\/11\/wp-content\/uploads\/sites\/8\/2026\/03\/Didapro_11_paper_11.pdf\" data-type=\"attachment\" data-id=\"1738\">Initiation \u00e0 la pens\u00e9e algorithmique avec SPY : je joue, nous collaborons, nous cr\u00e9ons<\/a><\/em> \u2013 Mathieu Muratet, Nacira Ait Abbou et S\u00e9bastien Jolivet<\/td><\/tr><tr><td class=\"has-text-align-right\" data-align=\"right\">12h30<\/td><td>14h<\/td><td>D\u00e9jeuner \/ <a href=\"https:\/\/www.didapro.org\/11\/conferences-et-contributions\/#posters\">Posters<\/a><\/td><\/tr><tr><td class=\"has-text-align-right\" data-align=\"right\">14h<\/td><td>15h30<\/td><td><a href=\"https:\/\/www.didapro.org\/11\/conferences-et-contributions\/#session2\" data-type=\"page\" data-id=\"1591\"><strong>Session 2<\/strong> \u2013 Dispositifs et pratiques<\/a><br>\u2014 <em><a href=\"https:\/\/www.didapro.org\/11\/wp-content\/uploads\/sites\/8\/2026\/03\/Didapro_11_paper_19.pdf\" data-type=\"attachment\" data-id=\"1741\">L\u2019informatique d\u00e9branch\u00e9e sous le prisme de la cognition incarn\u00e9e<\/a><\/em> \u2013 C\u00e9dric Tomasini et Micha Hersch<br>\u2014 <em><a href=\"https:\/\/www.didapro.org\/11\/wp-content\/uploads\/sites\/8\/2026\/03\/Didapro_11_paper_46.pdf\" data-type=\"attachment\" data-id=\"1742\">Classification de messages \u00e9chang\u00e9s entre d\u00e9veloppeurs d\u00e9butants dans le cadre d&rsquo;une activit\u00e9 de pair programming distribu\u00e9<\/a><\/em> \u2013 Chlo\u00e9 Boireau-Devier, S\u00e9bastien Jolivet, Jos\u00e9 Colin et Julien Broisin<br>\u2014 <em><a href=\"https:\/\/www.didapro.org\/11\/wp-content\/uploads\/sites\/8\/2026\/03\/Didapro_11_paper_13.pdf\" data-type=\"attachment\" data-id=\"1740\">Mod\u00e8les, langages et instruments pour l\u2019enseignement et l\u2019apprentissage de la programmation en Python<\/a><\/em> \u2013 S\u00e9bastien Hoarau, Christophe Declercq et Amandine Etheve<\/td><\/tr><tr><td class=\"has-text-align-right\" data-align=\"right\">15h30<\/td><td>16h<\/td><td>Pause \/ <a href=\"https:\/\/www.didapro.org\/11\/conferences-et-contributions\/#posters\">Posters<\/a><\/td><\/tr><tr><td class=\"has-text-align-right\" data-align=\"right\">16h<\/td><td>17h30<\/td><td><a href=\"https:\/\/www.didapro.org\/11\/conferences-et-contributions\/#session3\" data-type=\"page\" data-id=\"1591\"><strong>Session 3<\/strong> \u2013 Enseignement universitaire<\/a><br>\u2014 <em><a href=\"https:\/\/www.didapro.org\/11\/wp-content\/uploads\/sites\/8\/2026\/03\/Didapro_11_paper_28.pdf\" data-type=\"attachment\" data-id=\"1746\">Observations sur l\u2019initiation au test unitaire dans une UE d\u2019apprentissage de la programmation Python en L1<\/a><\/em> \u2013 Mirabelle Nebut, Yvan Peter et Maude Pupin<br>\u2014 <em><a href=\"https:\/\/www.didapro.org\/11\/wp-content\/uploads\/sites\/8\/2026\/03\/Didapro_11_paper_45.pdf\" data-type=\"attachment\" data-id=\"1747\">Effet des tests automatis\u00e9s sur l\u2019acquisition et le transfert des comp\u00e9tences en programmation<\/a><\/em> \u2013 Nadine Marcos et Emmanuel Beffara<br>\u2014 <em><a href=\"https:\/\/www.didapro.org\/11\/wp-content\/uploads\/sites\/8\/2026\/03\/Didapro_11_paper_12.pdf\" data-type=\"attachment\" data-id=\"1745\">Exp\u00e9rimentation du test PIKA dans les universit\u00e9s fran\u00e7aises en 2025&nbsp;: un premier retour d\u2019exp\u00e9rience<\/a><\/em> \u2013 S\u00e9bastien Hoarau, Sondre Bolland, Antoine Meyer, Martin Rosalie, Vincent Boudet, Fran\u00e7ois Puitg et Christophe Declercq<\/td><\/tr><tr><td class=\"has-text-align-right\" data-align=\"right\">19h30<\/td><td><\/td><td>D\u00eener de gala au <a href=\"https:\/\/www.ciel-rooftop.com\/grenoble\">CIEL Rooftop<\/a><\/td><\/tr><\/tbody><\/table><\/figure>\n\n\n\n<h3 class=\"wp-block-heading\">Mercredi 11 mars<\/h3>\n\n\n\n<p>Voir la page de <a href=\"https:\/\/www.didapro.org\/11\/ateliers\/\" data-type=\"page\" data-id=\"1618\">pr\u00e9sentation des ateliers<\/a>.<\/p>\n\n\n\n<figure class=\"wp-block-table is-style-stripes\"><table><tbody><tr><td class=\"has-text-align-right\" data-align=\"right\">9h<\/td><td>9h30<\/td><td>Accueil<\/td><\/tr><tr><td class=\"has-text-align-right\" data-align=\"right\">9h30<\/td><td>10h30<\/td><td><strong>Conf\u00e9rence invit\u00e9e<\/strong> de C\u00e9cile Favre<br><em><a href=\"https:\/\/www.didapro.org\/11\/wp-content\/uploads\/sites\/8\/2026\/03\/FAVRE_Conference_DIDAPRO-Grenoble_11Mars2026.pdf\" data-type=\"attachment\" data-id=\"1758\"><strong>Tant que<\/strong> problemes&nbsp;=&nbsp;vrai <strong>Faire<\/strong> Intervention(Informatique, Genre)<\/a><\/em><\/td><\/tr><tr><td class=\"has-text-align-right\" data-align=\"right\">10h30<\/td><td>11h<\/td><td>Pause \/ <a href=\"https:\/\/www.didapro.org\/11\/conferences-et-contributions\/#posters\">Posters<\/a><\/td><\/tr><tr><td class=\"has-text-align-right\" data-align=\"right\">11h<\/td><td>12h<\/td><td><strong><a href=\"https:\/\/www.didapro.org\/11\/ateliers\/#session1\" data-type=\"page\" data-id=\"1618\">Ateliers, session 1<\/a><\/strong><br><strong>(A1)<\/strong> <em><a href=\"https:\/\/www.didapro.org\/11\/wp-content\/uploads\/sites\/8\/2026\/02\/Sebastien_Hoarau_Christophe_Declercq_Modeles-et-instruments-pour-lenseignement-et-l-apprentissage-de-la-programmation-en-Python.pdf\">Mod\u00e8les et instruments pour l\u2019enseignement et l\u2019apprentissage de la programmation en Python<\/a><\/em> \u2013 S\u00e9bastien Hoarau et Christophe Declercq<br><strong>(A2)<\/strong> <em><a href=\"https:\/\/www.didapro.org\/11\/wp-content\/uploads\/sites\/8\/2026\/02\/Anais_Durand_Severine_Fleury_Pascal-Lafourcade_Marianne_Mognos_Malika_More_Un-site-pour-creer-des-missions-cryptographiques.pdf\">Un site pour cr\u00e9er des missions cryptographiques<\/a><\/em> \u2013 Ana\u00efs Durand, S\u00e9verine Fleury, Pascal Lafourcade, Marianne Mognos et Malika More<br><strong>(A3)<\/strong> <em><a href=\"https:\/\/www.didapro.org\/11\/wp-content\/uploads\/sites\/8\/2026\/02\/Patrick_Wang_Julien_Mateesco_Pas-a-Pas-dans-le-Code-Generer-Visualiser-Enseigner.pdf\">Pas \u00e0 Pas dans le Code: G\u00e9n\u00e9rer, Visualiser, Enseigner<\/a><\/em> \u2013 Julien Mateesco et Patrick Wang<br><strong>(A4)<\/strong> <em><a href=\"https:\/\/www.didapro.org\/11\/wp-content\/uploads\/sites\/8\/2026\/02\/Sonia_Agrebi_Yann_Secq_Aborder_l_IA_sans_IA.pdf\">Aborder l\u2019IA sans utiliser l\u2019IA<\/a><\/em> \u2013 Sonia Agrebi et Yann Secq<br><strong>(A5)<\/strong> <em><a href=\"https:\/\/www.didapro.org\/11\/wp-content\/uploads\/sites\/8\/2026\/02\/Baptiste_de_Goer_Jacques_Combaz_Activite-debranchee-sur-lanalyse-de-cycle-de-vie.pdf\">Activit\u00e9 d\u00e9branch\u00e9e sur l\u2019analyse de cycle de vie<\/a><\/em> \u2013 Baptiste de Go\u00ebr et Jacques Combaz<br><strong>(A6)<\/strong> <em><a href=\"https:\/\/www.didapro.org\/11\/wp-content\/uploads\/sites\/8\/2026\/02\/Vincent_Gurtler_Biljana_Petreska_von_Ritter-Zahony_Eleus-IA-dans-la-peau-dune-intelligence-artificielle.pdf\">Eleus-IA : dans la peau d\u2019une intelligence artificielle<\/a><\/em> \u2013 Vincent G\u00fcrtler et Biljana Petreska von Ritter-Zahony<br><strong>(A7)<\/strong> <em><a href=\"https:\/\/www.didapro.org\/11\/wp-content\/uploads\/sites\/8\/2026\/02\/Camille_Miele_Lea_Richez_Acculturer-enseignants-et-eleves-a-lIA.pdf\">Acculturer enseignants et \u00e9l\u00e8ves \u00e0 l\u2019IA<\/a><\/em> \u2013 Camille Miele et L\u00e9a Richez<\/td><\/tr><tr><td class=\"has-text-align-right\" data-align=\"right\">12h<\/td><td>13h30<\/td><td>D\u00e9jeuner \/ <a href=\"https:\/\/www.didapro.org\/11\/conferences-et-contributions\/#posters\">Posters<\/a><\/td><\/tr><tr><td class=\"has-text-align-right\" data-align=\"right\">13h30<\/td><td>14h30<\/td><td><strong>Table ronde<\/strong><br>Apprentissages et enseignements en informatique : quels liens entre<br>pratique, recherche institutions et associations ?<br>Avec des repr\u00e9sentants de la <a href=\"https:\/\/www.socinfo.fr\/\">SIF<\/a>, l&rsquo;<a href=\"http:\/\/www.atief.fr\/\">ATIEF<\/a>, l&rsquo;<a href=\"https:\/\/aeif.fr\/\">AEIF<\/a>, les <a href=\"https:\/\/www.univ-irem.fr\/\">IREM<\/a><\/td><\/tr><tr><td class=\"has-text-align-right\" data-align=\"right\">14h30<\/td><td>15h30<\/td><td><strong><a href=\"https:\/\/www.didapro.org\/11\/ateliers\/#session2\" data-type=\"page\" data-id=\"1618\">Ateliers, session 2<\/a><\/strong><br><strong>(B1)<\/strong> <em><a href=\"https:\/\/www.didapro.org\/11\/wp-content\/uploads\/sites\/8\/2026\/02\/Sebastien_Hoarau_Christophe_Declercq_P4-un-environnement-d-apprentissage-de-la-programmation-pour-le-cycle-4.pdf\">P4, un environnement d\u2019apprentissage de la programmation pour le cycle&nbsp;4<\/a><\/em> \u2013 S\u00e9bastien Hoarau et Christophe Declercq<br><strong>(B2)<\/strong> <em><a href=\"https:\/\/www.didapro.org\/11\/wp-content\/uploads\/sites\/8\/2026\/02\/Morgane_Chevalier_Engin_Bumbacher_Patrick_Wang_Laila_El-Hamamsy_Quelles-activites-de-science-informatique-developpent-les-competences-de-resolution-de-problemes.pdf\">Quelles activit\u00e9s de science informatique d\u00e9veloppent les comp\u00e9tences de r\u00e9solution de probl\u00e8mes&nbsp;?<\/a><\/em> \u2013 Morgane Chevalier, Engin Bumbacher, Patrick Wang et Laila El-Hamamsy<br><strong>(B3)<\/strong> <em><a href=\"https:\/\/www.didapro.org\/11\/wp-content\/uploads\/sites\/8\/2026\/02\/Albine_Courdent_Marielle_Leonard_Thi-Lan_Luu_Yann_Secq_Formation-hybride-de-professeurs-des-ecoles-aux-bases-de-la-programmation-pour-des-eleves-de-primaire.pdf\">Formation hybride de professeur\u00b7e\u00b7s des \u00e9coles aux bases de la programmation pour des \u00e9l\u00e8ves en primaire<\/a><\/em> \u2013 Albine Courdent, Marielle L\u00e9onard, Thi-Lan Luu et Yann Secq<br><strong>(B4)<\/strong> <em>Approcher les st\u00e9r\u00e9otypes de genre par la traduction automatique<\/em> \u2013 C\u00e9cile Favre<br><strong>(B5)<\/strong> <a href=\"https:\/\/www.didapro.org\/11\/wp-content\/uploads\/sites\/8\/2026\/02\/Emilie_Herwats_Christiane_Mathy_Vincent_Reip_Benjamin_Leyh_Tom_Marie_Mathieu_Pasart_Enseigner-avec-l-IA-maitriser-prompts-et-biais.pdf\" data-type=\"attachment\" data-id=\"1633\"><em>Enseigner avec l\u2019IA : ma\u00eetriser prompts et biais<\/em><\/a> \u2013 Christiane Mathy, Emilie Herwats, Vincent Reip, Benjamin Leyh, Tom Marie et Mathieu Pasart<br><strong>(B6)<\/strong> <em><a href=\"https:\/\/www.didapro.org\/11\/wp-content\/uploads\/sites\/8\/2026\/02\/Nicholas_Wolff_Biljana_Petreska_von_Ritter-Zahoni_Simulateur-didactique-dun-reseau-de-neurones-artificiels.pdf\">Simulateur didactique d\u2019un r\u00e9seau de neurones artificiels<\/a><\/em> \u2013 Nicholas Wolff et Biljana Petreska von Ritter-Zahony<\/td><\/tr><tr><td class=\"has-text-align-right\" data-align=\"right\">15h30<\/td><td>16h15<\/td><td>Pause \/ <a href=\"https:\/\/www.didapro.org\/11\/conferences-et-contributions\/#posters\">Posters<\/a><\/td><\/tr><tr><td class=\"has-text-align-right\" data-align=\"right\">16h15<\/td><td>17h15<\/td><td><strong><a href=\"https:\/\/www.didapro.org\/11\/ateliers\/#session3\" data-type=\"page\" data-id=\"1618\">Ateliers, session 3<\/a><\/strong><br><strong>(C1)<\/strong> <em><a href=\"https:\/\/www.didapro.org\/11\/wp-content\/uploads\/sites\/8\/2026\/02\/Engin_Bumbacher_Laila_El-Hamamsy_ClassMosaic-Un-outil-pour-orchestrer-des-activites-de-programmation-afin-de-developper-les-competences-de-resolution-de-problemes.pdf\">ClassMosaic&nbsp;: Un outil pour orchestrer des activit\u00e9s de programmation afin de d\u00e9velopper les comp\u00e9tences de r\u00e9solution de probl\u00e8mes<\/a><\/em> \u2013 Engin Bumbacher et Laila El-Hamamsy<br><strong>(C2)<\/strong> <em><a href=\"https:\/\/www.didapro.org\/11\/wp-content\/uploads\/sites\/8\/2026\/02\/Denis_Bouhineau_Introduction-a-Caseine-plateforme-Moodle-et-communaute-denseignants-pour-lapprentissage-de-linformatique.pdf\">Introduction \u00e0 Caseine, plateforme Moodle et communaut\u00e9 d\u2019enseignants, pour l\u2019apprentissage de l\u2019informatique<\/a><\/em> \u2013 Denis Bouhineau<br><strong>(C3)<\/strong> <em>D\u00e9monstration d\u2019activit\u00e9s d\u00e9branch\u00e9es<\/em> \u2013 Martin Quinson<br><strong>(C4)<\/strong> <em><a href=\"https:\/\/www.didapro.org\/11\/wp-content\/uploads\/sites\/8\/2026\/02\/Emmanuel_Desmontils_Laura_Monceaux_QueryCraft-un-outil-pour-linitiation-aux-bases-de-donnees.pdf\">QueryCraft&nbsp;: un outil pour l\u2019initiation aux bases de donn\u00e9es<\/a><\/em> \u2013 Emmanuel Desmontils et Laura Monceaux<br><strong>(C5)<\/strong> <em><a href=\"https:\/\/www.didapro.org\/11\/wp-content\/uploads\/sites\/8\/2026\/02\/Julie_Henry_Hugo_Chot_ReViSE-L-odyssee-spatiale-pour-decoder-lintelligence-artificielle-.pdf\">ReViSE : L\u2019odyss\u00e9e spatiale pour d\u00e9coder l\u2019intelligence artificielle<\/a><\/em> \u2013 Julie Henry et Hugo Chot<br><strong>(C6)<\/strong> <em><a href=\"https:\/\/www.didapro.org\/11\/wp-content\/uploads\/sites\/8\/2026\/02\/Biljana_Petreska_von_Ritter-Zahoni_Jeu-educatif-sur-les-biais-de-lintelligence-artificielle.pdf\">Jeu \u00e9ducatif sur les biais de l\u2019intelligence artificielle<\/a><\/em> \u2013 Biljana Petreska von Ritter-Zahony<br><strong>(C7)<\/strong> <em><a href=\"https:\/\/www.didapro.org\/11\/wp-content\/uploads\/sites\/8\/2026\/02\/Emmanuel_Beffara_Felix_Bertoni_Structuration-ADG-Abstraction-Decoupage-Generalisation.pdf\"><em>Fonctions et s<\/em>tructuration du code (Abstraction D\u00e9coupage G\u00e9n\u00e9ralisation<\/a>)<\/em> \u2013 Emmanuel Beffara et F\u00e9lix Bertoni<\/td><\/tr><tr><td class=\"has-text-align-right\" data-align=\"right\">18h<\/td><td>20h<\/td><td>Visites guid\u00e9es de l&rsquo;<a href=\"https:\/\/aconit.org\/spip\/\">Aconit<\/a>, conservatoire de l&rsquo;informatique<br><em>En centre ville, une visite  \u00e0 18h et une \u00e0 19h, d\u00e9part de la MaCI 30 minutes avant.<\/em><br><\/td><\/tr><\/tbody><\/table><\/figure>\n\n\n\n<h3 class=\"wp-block-heading\">Jeudi 12 mars<\/h3>\n\n\n\n<figure class=\"wp-block-table is-style-stripes\"><table><tbody><tr><td class=\"has-text-align-right\" data-align=\"right\">8h30<\/td><td>9h<\/td><td>Accueil<\/td><\/tr><tr><td class=\"has-text-align-right\" data-align=\"right\">9h<\/td><td>10h<\/td><td><strong>Conf\u00e9rence invit\u00e9e<\/strong> de Martin Quinson<br><em>Enseigner l&rsquo;informatique sans ordinateur,<br>retour d&rsquo;exp\u00e9rience d&rsquo;intervention d&rsquo;\u00e9l\u00e8ves ENS de L3 en cycle 3<\/em><\/td><\/tr><tr><td class=\"has-text-align-right\" data-align=\"right\">10h<\/td><td>10h30<\/td><td>Pause \/ <a href=\"https:\/\/www.didapro.org\/11\/conferences-et-contributions\/#posters\">Posters<\/a><\/td><\/tr><tr><td class=\"has-text-align-right\" data-align=\"right\">10h30<\/td><td>12h<\/td><td><a href=\"https:\/\/www.didapro.org\/11\/conferences-et-contributions\/#session3\" data-type=\"page\" data-id=\"1591\"><strong>Session 4<\/strong> \u2013 Enjeux soci\u00e9taux et de formation<\/a><br>\u2014 <em><a href=\"https:\/\/www.didapro.org\/11\/wp-content\/uploads\/sites\/8\/2026\/03\/Didapro_11_paper_33.pdf\" data-type=\"attachment\" data-id=\"1750\">Comprendre les repr\u00e9sentations \u00e9tudiantes de l\u2019intelligence artificielle g\u00e9n\u00e9rative : profils et mod\u00e8les mentaux<\/a><\/em> \u2013 Julie Henry et Micha\u00ebl Lobet<br>\u2014 <em><a href=\"https:\/\/www.didapro.org\/11\/wp-content\/uploads\/sites\/8\/2026\/03\/Didapro_11_paper_47.pdf\" data-type=\"attachment\" data-id=\"1751\">Enjeux de durabilit\u00e9 et probl\u00e9matisation en informatique<\/a><\/em> \u2013 Baptiste de Go\u00ebr, Micha Hersch et Sophie Quinton<br>\u2014 <em><a href=\"https:\/\/www.didapro.org\/11\/wp-content\/uploads\/sites\/8\/2026\/03\/Didapro_11_paper_51.pdf\" data-type=\"attachment\" data-id=\"1752\">Former des non sp\u00e9cialiste \u00e0 l\u2019enseignement de la Science Informatique en secondaire 1<\/a><\/em> \u2013 Yann Secq et Francesco Mondada<\/td><\/tr><tr><td class=\"has-text-align-right\" data-align=\"right\">12h<\/td><td>12h30<\/td><td>Cl\u00f4ture<\/td><\/tr><tr><td class=\"has-text-align-right\" data-align=\"right\">12h30<\/td><td>14h<\/td><td>D\u00e9jeuner<\/td><\/tr><\/tbody><\/table><\/figure>\n\n\n\n<p><\/p>\n","protected":false},"excerpt":{"rendered":"<p>Mardi 10 mars 8h30 9h Accueil 9h 9h30 Ouverture du colloque 9h30 10h30 Conf\u00e9rence invit\u00e9e de Pascal LafourcadeCryptographie &amp; P\u00e9dagogie, Le jeu au service des chiffres 10h30 11h Pause 11h 12h30 Session 1 \u2013 Pens\u00e9e informatique\u2014 Robotique scolaire et d\u00e9veloppement de la pens\u00e9e computationnelle : r\u00f4les du niveau socio\u00e9conomique et des performances scolaires \u2013 Rawad &hellip; <\/p>\n<p class=\"link-more\"><a href=\"https:\/\/www.didapro.org\/11\/programme\/\" class=\"more-link\">Continuer la lecture<span class=\"screen-reader-text\"> de &laquo;&nbsp;Programme&nbsp;&raquo;<\/span><\/a><\/p>\n","protected":false},"author":3,"featured_media":628,"parent":0,"menu_order":0,"comment_status":"closed","ping_status":"closed","template":"","meta":{"jetpack_post_was_ever_published":true,"footnotes":""},"class_list":["post-604","page","type-page","status-publish","has-post-thumbnail","hentry"],"jetpack_sharing_enabled":true,"jetpack_shortlink":"https:\/\/wp.me\/PgWH6T-9K","jetpack-related-posts":[],"jetpack_likes_enabled":true,"_links":{"self":[{"href":"https:\/\/www.didapro.org\/11\/wp-json\/wp\/v2\/pages\/604","targetHints":{"allow":["GET"]}}],"collection":[{"href":"https:\/\/www.didapro.org\/11\/wp-json\/wp\/v2\/pages"}],"about":[{"href":"https:\/\/www.didapro.org\/11\/wp-json\/wp\/v2\/types\/page"}],"author":[{"embeddable":true,"href":"https:\/\/www.didapro.org\/11\/wp-json\/wp\/v2\/users\/3"}],"replies":[{"embeddable":true,"href":"https:\/\/www.didapro.org\/11\/wp-json\/wp\/v2\/comments?post=604"}],"version-history":[{"count":198,"href":"https:\/\/www.didapro.org\/11\/wp-json\/wp\/v2\/pages\/604\/revisions"}],"predecessor-version":[{"id":1765,"href":"https:\/\/www.didapro.org\/11\/wp-json\/wp\/v2\/pages\/604\/revisions\/1765"}],"wp:featuredmedia":[{"embeddable":true,"href":"https:\/\/www.didapro.org\/11\/wp-json\/wp\/v2\/media\/628"}],"wp:attachment":[{"href":"https:\/\/www.didapro.org\/11\/wp-json\/wp\/v2\/media?parent=604"}],"curies":[{"name":"wp","href":"https:\/\/api.w.org\/{rel}","templated":true}]}}