{"id":552,"date":"2017-08-24T16:11:04","date_gmt":"2017-08-24T14:11:04","guid":{"rendered":"https:\/\/didapro.org\/9abc\/?page_id=552"},"modified":"2026-03-02T17:24:03","modified_gmt":"2026-03-02T16:24:03","slug":"lieu-et-hebergement","status":"publish","type":"page","link":"https:\/\/www.didapro.org\/11\/lieu-et-hebergement\/","title":{"rendered":"Lieu et acc\u00e8s"},"content":{"rendered":"\n<h2 class=\"wp-block-heading\">Lieu<\/h2>\n\n\n\n<p>Le colloque se d\u00e9roulera \u00e0 la <a href=\"https:\/\/maci.univ-grenoble-alpes.fr\/fr\"><strong>MaCI<\/strong> \u2013 Maison de la Cr\u00e9ation et de l&rsquo;Innovation<\/a> sur le <a href=\"https:\/\/www.univ-grenoble-alpes.fr\/informations-pratiques\/plans-d-acces\/grenoble\/le-campus-de-saint-martin-d-heres\/le-campus-de-saint-martin-d-heres-369727.kjsp\">campus de Saint-Martin-d&rsquo;H\u00e8res<\/a>. L&rsquo;adresse est 339 avenue Centrale, Saint Martin d&rsquo;H\u00e8res.<\/p>\n\n\n\n<figure class=\"wp-block-image size-full\"><a href=\"https:\/\/www.openstreetmap.org\/relation\/18906911\"><img data-recalc-dims=\"1\" loading=\"lazy\" decoding=\"async\" width=\"525\" height=\"306\" data-attachment-id=\"1540\" data-permalink=\"https:\/\/www.didapro.org\/11\/lieu-et-hebergement\/carte1\/\" data-orig-file=\"https:\/\/i0.wp.com\/www.didapro.org\/11\/wp-content\/uploads\/sites\/8\/2025\/11\/carte1.png?fit=784%2C457&amp;ssl=1\" data-orig-size=\"784,457\" data-comments-opened=\"1\" data-image-meta=\"{&quot;aperture&quot;:&quot;0&quot;,&quot;credit&quot;:&quot;&quot;,&quot;camera&quot;:&quot;&quot;,&quot;caption&quot;:&quot;&quot;,&quot;created_timestamp&quot;:&quot;0&quot;,&quot;copyright&quot;:&quot;&quot;,&quot;focal_length&quot;:&quot;0&quot;,&quot;iso&quot;:&quot;0&quot;,&quot;shutter_speed&quot;:&quot;0&quot;,&quot;title&quot;:&quot;&quot;,&quot;orientation&quot;:&quot;0&quot;}\" data-image-title=\"carte(1)\" data-image-description=\"\" data-image-caption=\"\" data-large-file=\"https:\/\/i0.wp.com\/www.didapro.org\/11\/wp-content\/uploads\/sites\/8\/2025\/11\/carte1.png?fit=525%2C306&amp;ssl=1\" src=\"https:\/\/i0.wp.com\/www.didapro.org\/11\/wp-content\/uploads\/sites\/8\/2025\/11\/carte1.png?resize=525%2C306&#038;ssl=1\" alt=\"\" class=\"wp-image-1540\" srcset=\"https:\/\/i0.wp.com\/www.didapro.org\/11\/wp-content\/uploads\/sites\/8\/2025\/11\/carte1.png?w=784&amp;ssl=1 784w, https:\/\/i0.wp.com\/www.didapro.org\/11\/wp-content\/uploads\/sites\/8\/2025\/11\/carte1.png?resize=300%2C175&amp;ssl=1 300w, https:\/\/i0.wp.com\/www.didapro.org\/11\/wp-content\/uploads\/sites\/8\/2025\/11\/carte1.png?resize=768%2C448&amp;ssl=1 768w\" sizes=\"auto, (max-width: 767px) 89vw, (max-width: 1000px) 54vw, (max-width: 1071px) 543px, 580px\" \/><\/a><\/figure>\n\n\n\n<p>Certains ateliers auront lieu dans les locaux de l&rsquo;<a href=\"https:\/\/ensimag.grenoble-inp.fr\/\">Ensimag<\/a>, \u00e0 proximit\u00e9 imm\u00e9diate de la MaCI.<\/p>\n\n\n\n<h2 class=\"wp-block-heading\">H\u00e9bergement<\/h2>\n\n\n\n<p>Pas d&rsquo;h\u00e9bergement recommand\u00e9 en particulier, mais l&rsquo;arr\u00eat de tram <em>Gabriel Faur\u00e9<\/em>, situ\u00e9 devant la MaCI, est desservi par les lignes de tram B et C. L&rsquo;office de tourisme de Grenoble propose une <a href=\"https:\/\/www.grenoble-tourisme.com\/fr\/ou-dormir\/tous-les-hebergements\/\">liste d&rsquo;h\u00e9bergements<\/a>.<\/p>\n\n\n\n<h2 class=\"wp-block-heading\">Acc\u00e8s<\/h2>\n\n\n\n<ul class=\"wp-block-list\">\n<li>Le campus est bien desservi par les transports en commun. L&rsquo;arr\u00eat de tram <em>Gabriel Faur\u00e9<\/em>, situ\u00e9 devant la MaCI, est sur les lignes B et C du tram. Voir le site <a href=\"https:\/\/www.reso-m.fr\/\">M r\u00e9so<\/a> pour tous les d\u00e9tails.<\/li>\n\n\n\n<li><a href=\"https:\/\/maci.univ-grenoble-alpes.fr\/fr\/maison-creation-et-linnovation\/venir-maci\">Tous les d\u00e9tails sur l&rsquo;acc\u00e8s sur le site de la MaCI<\/a><\/li>\n\n\n\n<li>L&rsquo;agglom\u00e9ration grenobloise est aussi tr\u00e8s cyclable.<\/li>\n<\/ul>\n\n\n\n<p><\/p>\n","protected":false},"excerpt":{"rendered":"<p>Lieu Le colloque se d\u00e9roulera \u00e0 la MaCI \u2013 Maison de la Cr\u00e9ation et de l&rsquo;Innovation sur le campus de Saint-Martin-d&rsquo;H\u00e8res. L&rsquo;adresse est 339 avenue Centrale, Saint Martin d&rsquo;H\u00e8res. Certains ateliers auront lieu dans les locaux de l&rsquo;Ensimag, \u00e0 proximit\u00e9 imm\u00e9diate de la MaCI. H\u00e9bergement Pas d&rsquo;h\u00e9bergement recommand\u00e9 en particulier, mais l&rsquo;arr\u00eat de tram Gabriel &hellip; <\/p>\n<p class=\"link-more\"><a href=\"https:\/\/www.didapro.org\/11\/lieu-et-hebergement\/\" class=\"more-link\">Continuer la lecture<span class=\"screen-reader-text\"> de &laquo;&nbsp;Lieu et acc\u00e8s&nbsp;&raquo;<\/span><\/a><\/p>\n","protected":false},"author":2,"featured_media":868,"parent":0,"menu_order":0,"comment_status":"closed","ping_status":"closed","template":"","meta":{"jetpack_post_was_ever_published":true,"footnotes":""},"class_list":["post-552","page","type-page","status-publish","has-post-thumbnail","hentry"],"jetpack_sharing_enabled":true,"jetpack_shortlink":"https:\/\/wp.me\/PgWH6T-8U","jetpack-related-posts":[{"id":604,"url":"https:\/\/www.didapro.org\/11\/programme\/","url_meta":{"origin":552,"position":0},"title":"Programme","author":"jppellet","date":"27 octobre 2017","format":false,"excerpt":"Mardi 10 mars 8h309hAccueil9h9h30Ouverture du colloque9h3010h30Conf\u00e9rence invit\u00e9e de Pascal LafourcadeCryptographie & P\u00e9dagogie, Le jeu au service des chiffres10h3011hPause11h12h30Session 1 \u2013 Pens\u00e9e informatique\u2014 Robotique scolaire et d\u00e9veloppement de la pens\u00e9e computationnelle : r\u00f4les du niveau socio\u00e9conomique et des performances scolaires \u2013 Rawad Chaker\u2014 Du \u00ab faire \u00bb au \u00ab dire \u00bb\u2026","rel":"","context":"Article similaire","block_context":{"text":"Article similaire","link":""},"img":{"alt_text":"","src":"https:\/\/i0.wp.com\/www.didapro.org\/11\/wp-content\/uploads\/sites\/8\/2017\/10\/program_3.jpg?fit=1200%2C720&ssl=1&resize=350%2C200","width":350,"height":200,"srcset":"https:\/\/i0.wp.com\/www.didapro.org\/11\/wp-content\/uploads\/sites\/8\/2017\/10\/program_3.jpg?fit=1200%2C720&ssl=1&resize=350%2C200 1x, https:\/\/i0.wp.com\/www.didapro.org\/11\/wp-content\/uploads\/sites\/8\/2017\/10\/program_3.jpg?fit=1200%2C720&ssl=1&resize=525%2C300 1.5x, https:\/\/i0.wp.com\/www.didapro.org\/11\/wp-content\/uploads\/sites\/8\/2017\/10\/program_3.jpg?fit=1200%2C720&ssl=1&resize=700%2C400 2x, https:\/\/i0.wp.com\/www.didapro.org\/11\/wp-content\/uploads\/sites\/8\/2017\/10\/program_3.jpg?fit=1200%2C720&ssl=1&resize=1050%2C600 3x"},"classes":[]},{"id":507,"url":"https:\/\/www.didapro.org\/11\/contributions-dates\/","url_meta":{"origin":552,"position":1},"title":"Appel \u00e0 contributions","author":"jppellet","date":"5 mai 2017","format":false,"excerpt":"Quatre types de contributions peuvent \u00eatre propos\u00e9es : article long (8 \u00e0 12 pages) article court (4 \u00e0 6 pages) poster (2 \u00e0 4 pages pour la proposition) atelier (1 \u00e0 4 pages pour la description de l\u2019atelier) Les contributions sont soumises via la plateforme EasyChair avant les dates sp\u00e9cifi\u00e9es\u2026","rel":"","context":"Article similaire","block_context":{"text":"Article similaire","link":""},"img":{"alt_text":"","src":"https:\/\/i0.wp.com\/www.didapro.org\/11\/wp-content\/uploads\/sites\/8\/2017\/04\/header-didapro-1.jpg?fit=1200%2C720&ssl=1&resize=350%2C200","width":350,"height":200,"srcset":"https:\/\/i0.wp.com\/www.didapro.org\/11\/wp-content\/uploads\/sites\/8\/2017\/04\/header-didapro-1.jpg?fit=1200%2C720&ssl=1&resize=350%2C200 1x, https:\/\/i0.wp.com\/www.didapro.org\/11\/wp-content\/uploads\/sites\/8\/2017\/04\/header-didapro-1.jpg?fit=1200%2C720&ssl=1&resize=525%2C300 1.5x, https:\/\/i0.wp.com\/www.didapro.org\/11\/wp-content\/uploads\/sites\/8\/2017\/04\/header-didapro-1.jpg?fit=1200%2C720&ssl=1&resize=700%2C400 2x, https:\/\/i0.wp.com\/www.didapro.org\/11\/wp-content\/uploads\/sites\/8\/2017\/04\/header-didapro-1.jpg?fit=1200%2C720&ssl=1&resize=1050%2C600 3x"},"classes":[]},{"id":476,"url":"https:\/\/www.didapro.org\/11\/comites\/","url_meta":{"origin":552,"position":2},"title":"Comit\u00e9s","author":"7","date":"14 avril 2017","format":false,"excerpt":"Comit\u00e9 scientifique Georges-LouisBaronUniversit\u00e9 Paris DescartesEmmanuelBeffaraUniversit\u00e9 Grenoble AlpesJacquesB\u00e9ziatUniversit\u00e9 de Caen NormandieLaetitiaBoulc'hUniversit\u00e9 Paris DescartesPascaleBrandt-PomaresAix-Marseille Universit\u00e9JulienBroisinUniversit\u00e9 de ToulouseEricBruillardUniversit\u00e9 Paris DescartesJulienBugmannHEP VaudPierre-Andr\u00e9CaronUniversit\u00e9 de LilleThierryDanquignyUniversit\u00e9 de LilleLiesbethDe MolCNRS Universit\u00e9 de LilleChristopheDeclercqUniversit\u00e9 de La R\u00e9unionEmmanuelDesmontilsUniversit\u00e9 de NantesB\u00e9atriceDrot-DelangeUniversit\u00e9 Clermont AuvergneC\u00e9dricFluckigerUniversit\u00e9 de LilleOlivierGolettiUniversit\u00e9 Catholique de LouvainMoniqueGrandbastienUniversit\u00e9 de LorraineJulieHenryUniversit\u00e9 de NamurMichaHerschHEP VaudS\u00e9bastienHoarauUniversit\u00e9 de La R\u00e9unionS\u00e9bastienJolivetUniversit\u00e9 de Gen\u00e8veVassilisKomisUniversit\u00e9 de PatrasKimMensUniversit\u00e9\u2026","rel":"","context":"Article similaire","block_context":{"text":"Article similaire","link":""},"img":{"alt_text":"","src":"","width":0,"height":0},"classes":[]},{"id":1591,"url":"https:\/\/www.didapro.org\/11\/conferences-et-contributions\/","url_meta":{"origin":552,"position":3},"title":"Conf\u00e9rences et contributions","author":"emmanuel","date":"30 janvier 2026","format":false,"excerpt":"Conf\u00e9rences invit\u00e9es Pascal Lafourcade \u2013 Cryptographie & P\u00e9dagogie, Le jeu au service des chiffres C\u00e9cile Favre \u2013 Tant que problemes\u00a0=\u00a0vrai Faire Intervention(Informatique, Genre) Martin Quinson \u2013 Enseigner l'informatique sans ordinateur, retour d'exp\u00e9rience d'intervention d'\u00e9l\u00e8ves ENS de L3 en cycle 3 Contributions Session 1 \u2013 Pens\u00e9e informatique Robotique scolaire et d\u00e9veloppement\u2026","rel":"","context":"Article similaire","block_context":{"text":"Article similaire","link":""},"img":{"alt_text":"","src":"","width":0,"height":0},"classes":[]},{"id":1618,"url":"https:\/\/www.didapro.org\/11\/ateliers\/","url_meta":{"origin":552,"position":4},"title":"Ateliers","author":"emmanuel","date":"17 f\u00e9vrier 2026","format":false,"excerpt":"Session 1 (A1) Mod\u00e8les et instruments pour l\u2019enseignement et l\u2019apprentissage de la programmation en Python \u2013 S\u00e9bastien Hoarau et Christophe Declercq Cet atelier propose de manipuler deux mod\u00e8les m\u00e9moires ou \u00ab machines notionnelles \u00bb, d\u00e9di\u00e9s \u00e0 l'apprentissage du langage Python : le mod\u00e8le d'ardoise et le mod\u00e8le de r\u00e9f\u00e9rences. Les\u2026","rel":"","context":"Article similaire","block_context":{"text":"Article similaire","link":""},"img":{"alt_text":"","src":"","width":0,"height":0},"classes":[]},{"id":1545,"url":"https:\/\/www.didapro.org\/11\/inscription\/","url_meta":{"origin":552,"position":5},"title":"Inscription","author":"emmanuel","date":"20 novembre 2025","format":false,"excerpt":"Tarifs Gratuit\u00e9 pour les enseignants de l'acad\u00e9mie de Grenoble qui participent uniquement \u00e0 la journ\u00e9e du mercredi 11 mars (inscrite au PAF) \u2014 inscription \u00e0 faire d'urgence 200 \u20ac TTC pour le tarif normal 100 \u20ac TTC pour le tarif r\u00e9duit (\u00e9tudiants, doctorants) Possibilit\u00e9 de s'inscrire comme accompagnant au d\u00eener\u2026","rel":"","context":"Article similaire","block_context":{"text":"Article similaire","link":""},"img":{"alt_text":"","src":"","width":0,"height":0},"classes":[]}],"jetpack_likes_enabled":true,"_links":{"self":[{"href":"https:\/\/www.didapro.org\/11\/wp-json\/wp\/v2\/pages\/552","targetHints":{"allow":["GET"]}}],"collection":[{"href":"https:\/\/www.didapro.org\/11\/wp-json\/wp\/v2\/pages"}],"about":[{"href":"https:\/\/www.didapro.org\/11\/wp-json\/wp\/v2\/types\/page"}],"author":[{"embeddable":true,"href":"https:\/\/www.didapro.org\/11\/wp-json\/wp\/v2\/users\/2"}],"replies":[{"embeddable":true,"href":"https:\/\/www.didapro.org\/11\/wp-json\/wp\/v2\/comments?post=552"}],"version-history":[{"count":43,"href":"https:\/\/www.didapro.org\/11\/wp-json\/wp\/v2\/pages\/552\/revisions"}],"predecessor-version":[{"id":1718,"href":"https:\/\/www.didapro.org\/11\/wp-json\/wp\/v2\/pages\/552\/revisions\/1718"}],"wp:featuredmedia":[{"embeddable":true,"href":"https:\/\/www.didapro.org\/11\/wp-json\/wp\/v2\/media\/868"}],"wp:attachment":[{"href":"https:\/\/www.didapro.org\/11\/wp-json\/wp\/v2\/media?parent=552"}],"curies":[{"name":"wp","href":"https:\/\/api.w.org\/{rel}","templated":true}]}}

Lieu et accès

<h2 class="wp-block-heading">Lieu</h2>



<p>Le colloque se déroulera à la <a href="https://maci.univ-grenoble-alpes.fr/fr"><strong>MaCI</strong> – Maison de la Création et de l&rsquo;Innovation</a> sur le <a href="https://www.univ-grenoble-alpes.fr/informations-pratiques/plans-d-acces/grenoble/le-campus-de-saint-martin-d-heres/le-campus-de-saint-martin-d-heres-369727.kjsp">campus de Saint-Martin-d&rsquo;Hères</a>. L&rsquo;adresse est 339 avenue Centrale, Saint Martin d&rsquo;Hères.</p>



<figure class="wp-block-image size-full"><a href="https://www.openstreetmap.org/relation/18906911"><img data-recalc-dims="1" loading="lazy" decoding="async" width="525" height="306" data-attachment-id="1540" data-permalink="https://www.didapro.org/11/lieu-et-hebergement/carte1/" data-orig-file="https://i0.wp.com/www.didapro.org/11/wp-content/uploads/sites/8/2025/11/carte1.png?fit=784%2C457&amp;ssl=1" data-orig-size="784,457" data-comments-opened="1" data-image-meta="{&quot;aperture&quot;:&quot;0&quot;,&quot;credit&quot;:&quot;&quot;,&quot;camera&quot;:&quot;&quot;,&quot;caption&quot;:&quot;&quot;,&quot;created_timestamp&quot;:&quot;0&quot;,&quot;copyright&quot;:&quot;&quot;,&quot;focal_length&quot;:&quot;0&quot;,&quot;iso&quot;:&quot;0&quot;,&quot;shutter_speed&quot;:&quot;0&quot;,&quot;title&quot;:&quot;&quot;,&quot;orientation&quot;:&quot;0&quot;}" data-image-title="carte(1)" data-image-description="" data-image-caption="" data-large-file="https://i0.wp.com/www.didapro.org/11/wp-content/uploads/sites/8/2025/11/carte1.png?fit=525%2C306&amp;ssl=1" src="https://i0.wp.com/www.didapro.org/11/wp-content/uploads/sites/8/2025/11/carte1.png?resize=525%2C306&#038;ssl=1" alt="" class="wp-image-1540" srcset="https://i0.wp.com/www.didapro.org/11/wp-content/uploads/sites/8/2025/11/carte1.png?w=784&amp;ssl=1 784w, https://i0.wp.com/www.didapro.org/11/wp-content/uploads/sites/8/2025/11/carte1.png?resize=300%2C175&amp;ssl=1 300w, https://i0.wp.com/www.didapro.org/11/wp-content/uploads/sites/8/2025/11/carte1.png?resize=768%2C448&amp;ssl=1 768w" sizes="auto, (max-width: 767px) 89vw, (max-width: 1000px) 54vw, (max-width: 1071px) 543px, 580px" /></a></figure>



<p>Certains ateliers auront lieu dans les locaux de l&rsquo;<a href="https://ensimag.grenoble-inp.fr/">Ensimag</a>, à proximité immédiate de la MaCI.</p>



<h2 class="wp-block-heading">Hébergement</h2>



<p>Pas d&rsquo;hébergement recommandé en particulier, mais l&rsquo;arrêt de tram <em>Gabriel Fauré</em>, situé devant la MaCI, est desservi par les lignes de tram B et C. L&rsquo;office de tourisme de Grenoble propose une <a href="https://www.grenoble-tourisme.com/fr/ou-dormir/tous-les-hebergements/">liste d&rsquo;hébergements</a>.</p>



<h2 class="wp-block-heading">Accès</h2>



<ul class="wp-block-list">
<li>Le campus est bien desservi par les transports en commun. L&rsquo;arrêt de tram <em>Gabriel Fauré</em>, situé devant la MaCI, est sur les lignes B et C du tram. Voir le site <a href="https://www.reso-m.fr/">M réso</a> pour tous les détails.</li>



<li><a href="https://maci.univ-grenoble-alpes.fr/fr/maison-creation-et-linnovation/venir-maci">Tous les détails sur l&rsquo;accès sur le site de la MaCI</a></li>



<li>L&rsquo;agglomération grenobloise est aussi très cyclable.</li>
</ul>



<p></p>

<p>Lieu Le colloque se déroulera à la MaCI – Maison de la Création et de l&rsquo;Innovation sur le campus de Saint-Martin-d&rsquo;Hères. L&rsquo;adresse est 339 avenue Centrale, Saint Martin d&rsquo;Hères. Certains ateliers auront lieu dans les locaux de l&rsquo;Ensimag, à proximité immédiate de la MaCI. Hébergement Pas d&rsquo;hébergement recommandé en particulier, mais l&rsquo;arrêt de tram Gabriel &hellip; </p>
<p class="link-more"><a href="https://www.didapro.org/11/lieu-et-hebergement/" class="more-link">Continuer la lecture<span class="screen-reader-text"> de &laquo;&nbsp;Lieu et accès&nbsp;&raquo;</span></a></p>

Mardi 10 mars 8h309hAccueil9h9h30Ouverture du colloque9h3010h30Conférence invitée de Pascal LafourcadeCryptographie & Pédagogie, Le jeu au service des chiffres10h3011hPause11h12h30Session 1 – Pensée informatique— Robotique scolaire et développement de la pensée computationnelle : rôles du niveau socioéconomique et des performances scolaires – Rawad Chaker— Du « faire » au « dire »…

Appel à contributions

Quatre types de contributions peuvent être proposées : article long (8 à 12 pages) article court (4 à 6 pages) poster (2 à 4 pages pour la proposition) atelier (1 à 4 pages pour la description de l’atelier) Les contributions sont soumises via la plateforme EasyChair avant les dates spécifiées…

Comités

Comité scientifique Georges-LouisBaronUniversité Paris DescartesEmmanuelBeffaraUniversité Grenoble AlpesJacquesBéziatUniversité de Caen NormandieLaetitiaBoulc'hUniversité Paris DescartesPascaleBrandt-PomaresAix-Marseille UniversitéJulienBroisinUniversité de ToulouseEricBruillardUniversité Paris DescartesJulienBugmannHEP VaudPierre-AndréCaronUniversité de LilleThierryDanquignyUniversité de LilleLiesbethDe MolCNRS Université de LilleChristopheDeclercqUniversité de La RéunionEmmanuelDesmontilsUniversité de NantesBéatriceDrot-DelangeUniversité Clermont AuvergneCédricFluckigerUniversité de LilleOlivierGolettiUniversité Catholique de LouvainMoniqueGrandbastienUniversité de LorraineJulieHenryUniversité de NamurMichaHerschHEP VaudSébastienHoarauUniversité de La RéunionSébastienJolivetUniversité de GenèveVassilisKomisUniversité de PatrasKimMensUniversité…

Conférences et contributions

Conférences invitées Pascal Lafourcade – Cryptographie & Pédagogie, Le jeu au service des chiffres Cécile Favre – Tant que problemes = vrai Faire Intervention(Informatique, Genre) Martin Quinson – Enseigner l'informatique sans ordinateur, retour d'expérience d'intervention d'élèves ENS de L3 en cycle 3 Contributions Session 1 – Pensée informatique Robotique scolaire et développement…

17 février 2026

Session 1 (A1) Modèles et instruments pour l’enseignement et l’apprentissage de la programmation en Python – Sébastien Hoarau et Christophe Declercq Cet atelier propose de manipuler deux modèles mémoires ou « machines notionnelles », dédiés à l'apprentissage du langage Python : le modèle d'ardoise et le modèle de références. Les…

Tarifs Gratuité pour les enseignants de l'académie de Grenoble qui participent uniquement à la journée du mercredi 11 mars (inscrite au PAF) — inscription à faire d'urgence 200 € TTC pour le tarif normal 100 € TTC pour le tarif réduit (étudiants, doctorants) Possibilité de s'inscrire comme accompagnant au dîner…
