{"id":353,"date":"2016-08-07T06:48:04","date_gmt":"2016-08-07T06:48:04","guid":{"rendered":"http:\/\/localhost\/wordpress\/event\/?page_id=4"},"modified":"2026-03-10T11:35:28","modified_gmt":"2026-03-10T10:35:28","slug":"home","status":"publish","type":"page","link":"https:\/\/www.didapro.org\/11\/","title":{"rendered":"Accueil"},"content":{"rendered":"<h2 style=\"text-align: center\">Didapro 11 \u2013 DidaSTIC<br \/>\n11\u00e8me colloque francophone de didactique de l&rsquo;informatique<\/h2>\n<h3 style=\"text-align: center\">10 \u2012 12 mars 2026<\/h3>\n<h3 style=\"text-align: center\">Grenoble<\/h3>\n<p>&nbsp;<\/p>\n<p>Depuis<span style=\"font-size: medium\"> 1988, les colloques de didactique de l\u2019informatique, puis le colloque <a href=\"https:\/\/www.didapro.org\/\">Didapro \u2013 DidaSTIC<\/a> explorent les th\u00e8mes autour de l\u2019enseignement et l\u2019apprentissage de l\u2019informatique.<\/span> <span style=\"font-size: medium\">La 11\u00e8me \u00e9dition (Didapro 11), port\u00e9e par le <a href=\"https:\/\/www.liglab.fr\/fr\">LIG<\/a> (Laboratoire d&rsquo;Informatique de Grenoble) avec l&rsquo;<a href=\"https:\/\/www.inria.fr\/fr\/centre-inria-universite-grenoble-alpes\">Inria<\/a> et l&rsquo;<a href=\"https:\/\/inspe.univ-grenoble-alpes.fr\/\">Insp\u00e9 de l&rsquo;Acad\u00e9mie de Grenoble<\/a>, se d\u00e9roulera sur trois jours, du mardi 10 mars au jeudi 12 mars 2026.<\/span><\/p>\n<p><span style=\"font-size: medium\">Le mercredi sera destin\u00e9 \u00e0 des ateliers pour et par les enseignants du primaire et secondaire et leurs partenaires \u00e9ducatifs. Les deux autres journ\u00e9es seront d\u00e9di\u00e9es au colloque scientifique. La rencontre est ouverte non seulement aux chercheurs, mais \u00e9galement \u00e0 tous les enseignants et acteurs de l&rsquo;\u00e9ducation int\u00e9ress\u00e9s par les th\u00e9matiques du colloque.<\/span><\/p>\n<p class=\"part\" data-startline=\"28\" data-endline=\"28\">Les th\u00e9matiques suivantes serviront de lignes directrices :<\/p>\n<ul class=\"part\" data-startline=\"30\" data-endline=\"34\">\n<li class=\"\" data-startline=\"30\" data-endline=\"30\">L\u2019enseignement des enjeux soci\u00e9taux du num\u00e9rique et de l\u2019informatique<\/li>\n<li>La science informatique et sa didactique<\/li>\n<li>Les pratiques d\u2019enseignement et d\u2019apprentissage de l\u2019informatique<\/li>\n<li data-startline=\"30\" data-endline=\"30\">La formation des enseignant\u22c5es et \u00e9ducateur\u22c5ices<\/li>\n<\/ul>\n<h4 id=\"Journ\u00e9e-ateliers-\u2013-11-mars-2026\" class=\"part\" data-startline=\"35\" data-endline=\"35\"><i class=\"fa fa-link\"><\/i>Journ\u00e9e ateliers \u2013 11 mars 2026<\/h4>\n<p class=\"part\" data-startline=\"37\" data-endline=\"37\">La journ\u00e9e du mercredi 11 mars 2026, ouverte \u00e0 tous les enseignant\u22c5es, associera des sessions pl\u00e9ni\u00e8res de conf\u00e9rences scientifiques et tables-rondes et une s\u00e9rie d\u2019ateliers de partage de pratique sp\u00e9cifiques aux diff\u00e9rents niveaux de l\u2019enseignement scolaire. Les propositions d\u2019ateliers seront recueillies dans le cadre de cet appel \u00e0 contributions.<\/p>\n<p class=\"part\" data-startline=\"39\" data-endline=\"39\">Cette journ\u00e9e sera inscrite au Plan acad\u00e9mique de formation et reconnue comme journ\u00e9e de formation continue pour les enseignant\u22c5es de l\u2019Acad\u00e9mie de Grenoble.<\/p>\n<h4 id=\"Colloque-\u2013-du-10-au-12-mars-2026\" class=\"part\" data-startline=\"41\" data-endline=\"41\"><i class=\"fa fa-link\"><\/i>Colloque \u2013 du 10 au 12 mars 2026<\/h4>\n<p class=\"part\" data-startline=\"43\" data-endline=\"43\">La partie scientifique du colloque, ouverte aux chercheur\u22c5euses de diff\u00e9rents disciplines (informatique, didactique, sciences de l\u2019\u00e9ducation, psychologie, sciences de l\u2019information et de la communication, \u00e9pist\u00e9mologie, etc.) et aux praticien\u22c5nes, se d\u00e9roulera du 10 au 12 mars 2026 et int\u00e8grera la journ\u00e9e d\u2019ateliers. Nous attendons des contributions relevant de ces diff\u00e9rentes disciplines en lien avec les th\u00e9matiques d\u00e9finies ci-dessus.<\/p>\n\n\n<p class=\"has-text-align-center has-medium-font-size\" style=\"text-align: center\"><a href=\"https:\/\/www.inria.fr\/fr\/centre-inria-universite-grenoble-alpes\"><img data-recalc-dims=\"1\" loading=\"lazy\" decoding=\"async\" width=\"525\" height=\"185\" data-attachment-id=\"1528\" data-permalink=\"https:\/\/www.didapro.org\/11\/partenaires\/inr_logo_rouge\/\" data-orig-file=\"https:\/\/i0.wp.com\/www.didapro.org\/11\/wp-content\/uploads\/sites\/8\/2025\/09\/inr_logo_rouge.png?fit=645%2C227&amp;ssl=1\" data-orig-size=\"645,227\" data-comments-opened=\"1\" data-image-meta=\"{&quot;aperture&quot;:&quot;0&quot;,&quot;credit&quot;:&quot;&quot;,&quot;camera&quot;:&quot;&quot;,&quot;caption&quot;:&quot;&quot;,&quot;created_timestamp&quot;:&quot;0&quot;,&quot;copyright&quot;:&quot;&quot;,&quot;focal_length&quot;:&quot;0&quot;,&quot;iso&quot;:&quot;0&quot;,&quot;shutter_speed&quot;:&quot;0&quot;,&quot;title&quot;:&quot;&quot;,&quot;orientation&quot;:&quot;0&quot;}\" data-image-title=\"inr_logo_rouge\" data-image-description=\"\" data-image-caption=\"\" data-large-file=\"https:\/\/i0.wp.com\/www.didapro.org\/11\/wp-content\/uploads\/sites\/8\/2025\/09\/inr_logo_rouge.png?fit=525%2C185&amp;ssl=1\" class=\"wp-image-1528\" style=\"width: 150px\" src=\"https:\/\/i0.wp.com\/www.didapro.org\/11\/wp-content\/uploads\/sites\/8\/2025\/09\/inr_logo_rouge.png?resize=525%2C185&#038;ssl=1\" alt=\"Inria\" srcset=\"https:\/\/i0.wp.com\/www.didapro.org\/11\/wp-content\/uploads\/sites\/8\/2025\/09\/inr_logo_rouge.png?w=645&amp;ssl=1 645w, https:\/\/i0.wp.com\/www.didapro.org\/11\/wp-content\/uploads\/sites\/8\/2025\/09\/inr_logo_rouge.png?resize=300%2C106&amp;ssl=1 300w\" sizes=\"auto, (max-width: 525px) 100vw, 525px\" \/><\/a> <a href=\"https:\/\/www.liglab.fr\/fr\"><img data-recalc-dims=\"1\" loading=\"lazy\" decoding=\"async\" width=\"525\" height=\"379\" data-attachment-id=\"1529\" data-permalink=\"https:\/\/www.didapro.org\/11\/partenaires\/logo_couleur\/\" data-orig-file=\"https:\/\/i0.wp.com\/www.didapro.org\/11\/wp-content\/uploads\/sites\/8\/2025\/09\/logo_couleur.png?fit=650%2C469&amp;ssl=1\" data-orig-size=\"650,469\" data-comments-opened=\"1\" data-image-meta=\"{&quot;aperture&quot;:&quot;0&quot;,&quot;credit&quot;:&quot;&quot;,&quot;camera&quot;:&quot;&quot;,&quot;caption&quot;:&quot;&quot;,&quot;created_timestamp&quot;:&quot;0&quot;,&quot;copyright&quot;:&quot;&quot;,&quot;focal_length&quot;:&quot;0&quot;,&quot;iso&quot;:&quot;0&quot;,&quot;shutter_speed&quot;:&quot;0&quot;,&quot;title&quot;:&quot;&quot;,&quot;orientation&quot;:&quot;0&quot;}\" data-image-title=\"logo_couleur\" data-image-description=\"\" data-image-caption=\"\" data-large-file=\"https:\/\/i0.wp.com\/www.didapro.org\/11\/wp-content\/uploads\/sites\/8\/2025\/09\/logo_couleur.png?fit=525%2C379&amp;ssl=1\" class=\"wp-image-1529\" style=\"width: 80px\" src=\"https:\/\/i0.wp.com\/www.didapro.org\/11\/wp-content\/uploads\/sites\/8\/2025\/09\/logo_couleur.png?resize=525%2C379&#038;ssl=1\" alt=\"LIG\" srcset=\"https:\/\/i0.wp.com\/www.didapro.org\/11\/wp-content\/uploads\/sites\/8\/2025\/09\/logo_couleur.png?w=650&amp;ssl=1 650w, https:\/\/i0.wp.com\/www.didapro.org\/11\/wp-content\/uploads\/sites\/8\/2025\/09\/logo_couleur.png?resize=300%2C216&amp;ssl=1 300w\" sizes=\"auto, (max-width: 525px) 100vw, 525px\" \/><\/a> <a href=\"https:\/\/inspe.univ-grenoble-alpes.fr\/\"><img data-recalc-dims=\"1\" loading=\"lazy\" decoding=\"async\" width=\"459\" height=\"87\" data-attachment-id=\"1578\" data-permalink=\"https:\/\/www.didapro.org\/11\/partenaires\/logo_inspe_2021\/\" data-orig-file=\"https:\/\/i0.wp.com\/www.didapro.org\/11\/wp-content\/uploads\/sites\/8\/2025\/12\/logo_inspe_2021.png?fit=459%2C87&amp;ssl=1\" data-orig-size=\"459,87\" data-comments-opened=\"1\" data-image-meta=\"{&quot;aperture&quot;:&quot;0&quot;,&quot;credit&quot;:&quot;&quot;,&quot;camera&quot;:&quot;&quot;,&quot;caption&quot;:&quot;&quot;,&quot;created_timestamp&quot;:&quot;0&quot;,&quot;copyright&quot;:&quot;&quot;,&quot;focal_length&quot;:&quot;0&quot;,&quot;iso&quot;:&quot;0&quot;,&quot;shutter_speed&quot;:&quot;0&quot;,&quot;title&quot;:&quot;&quot;,&quot;orientation&quot;:&quot;0&quot;}\" data-image-title=\"logo_inspe_2021\" data-image-description=\"\" data-image-caption=\"\" data-large-file=\"https:\/\/i0.wp.com\/www.didapro.org\/11\/wp-content\/uploads\/sites\/8\/2025\/12\/logo_inspe_2021.png?fit=459%2C87&amp;ssl=1\" class=\"wp-image-1578\" style=\"width: 200px\" src=\"https:\/\/i0.wp.com\/www.didapro.org\/11\/wp-content\/uploads\/sites\/8\/2025\/12\/logo_inspe_2021.png?resize=459%2C87&#038;ssl=1\" alt=\"Insp\u00e9\" srcset=\"https:\/\/i0.wp.com\/www.didapro.org\/11\/wp-content\/uploads\/sites\/8\/2025\/12\/logo_inspe_2021.png?w=459&amp;ssl=1 459w, https:\/\/i0.wp.com\/www.didapro.org\/11\/wp-content\/uploads\/sites\/8\/2025\/12\/logo_inspe_2021.png?resize=300%2C57&amp;ssl=1 300w\" sizes=\"auto, (max-width: 459px) 100vw, 459px\" \/><\/a> <a href=\"https:\/\/www.univ-irem.fr\/\"><img data-recalc-dims=\"1\" loading=\"lazy\" decoding=\"async\" width=\"101\" height=\"59\" data-attachment-id=\"1582\" data-permalink=\"https:\/\/www.didapro.org\/11\/partenaires\/logo_irem\/\" data-orig-file=\"https:\/\/i0.wp.com\/www.didapro.org\/11\/wp-content\/uploads\/sites\/8\/2025\/12\/logo_irem.png?fit=101%2C59&amp;ssl=1\" data-orig-size=\"101,59\" data-comments-opened=\"1\" data-image-meta=\"{&quot;aperture&quot;:&quot;0&quot;,&quot;credit&quot;:&quot;&quot;,&quot;camera&quot;:&quot;&quot;,&quot;caption&quot;:&quot;&quot;,&quot;created_timestamp&quot;:&quot;0&quot;,&quot;copyright&quot;:&quot;&quot;,&quot;focal_length&quot;:&quot;0&quot;,&quot;iso&quot;:&quot;0&quot;,&quot;shutter_speed&quot;:&quot;0&quot;,&quot;title&quot;:&quot;&quot;,&quot;orientation&quot;:&quot;0&quot;}\" data-image-title=\"logo_irem\" data-image-description=\"\" data-image-caption=\"\" data-large-file=\"https:\/\/i0.wp.com\/www.didapro.org\/11\/wp-content\/uploads\/sites\/8\/2025\/12\/logo_irem.png?fit=101%2C59&amp;ssl=1\" class=\"wp-image-1582\" style=\"width: 80px\" src=\"https:\/\/i0.wp.com\/www.didapro.org\/11\/wp-content\/uploads\/sites\/8\/2025\/12\/logo_irem.png?resize=101%2C59&#038;ssl=1\" alt=\"IREM\"><\/a> <a href=\"https:\/\/persyval.univ-grenoble-alpes.fr\/\"><img data-recalc-dims=\"1\" loading=\"lazy\" decoding=\"async\" width=\"485\" height=\"112\" data-attachment-id=\"1575\" data-permalink=\"https:\/\/www.didapro.org\/11\/partenaires\/logo_persyval\/\" data-orig-file=\"https:\/\/i0.wp.com\/www.didapro.org\/11\/wp-content\/uploads\/sites\/8\/2025\/12\/logo_persyval.png?fit=485%2C112&amp;ssl=1\" data-orig-size=\"485,112\" data-comments-opened=\"1\" data-image-meta=\"{&quot;aperture&quot;:&quot;0&quot;,&quot;credit&quot;:&quot;&quot;,&quot;camera&quot;:&quot;&quot;,&quot;caption&quot;:&quot;&quot;,&quot;created_timestamp&quot;:&quot;0&quot;,&quot;copyright&quot;:&quot;&quot;,&quot;focal_length&quot;:&quot;0&quot;,&quot;iso&quot;:&quot;0&quot;,&quot;shutter_speed&quot;:&quot;0&quot;,&quot;title&quot;:&quot;&quot;,&quot;orientation&quot;:&quot;0&quot;}\" data-image-title=\"logo_persyval\" data-image-description=\"\" data-image-caption=\"\" data-large-file=\"https:\/\/i0.wp.com\/www.didapro.org\/11\/wp-content\/uploads\/sites\/8\/2025\/12\/logo_persyval.png?fit=485%2C112&amp;ssl=1\" class=\"wp-image-1575\" style=\"width: 150px\" src=\"https:\/\/i0.wp.com\/www.didapro.org\/11\/wp-content\/uploads\/sites\/8\/2025\/12\/logo_persyval.png?resize=485%2C112&#038;ssl=1\" alt=\"Persyval-lab\" srcset=\"https:\/\/i0.wp.com\/www.didapro.org\/11\/wp-content\/uploads\/sites\/8\/2025\/12\/logo_persyval.png?w=485&amp;ssl=1 485w, https:\/\/i0.wp.com\/www.didapro.org\/11\/wp-content\/uploads\/sites\/8\/2025\/12\/logo_persyval.png?resize=300%2C69&amp;ssl=1 300w\" sizes=\"auto, (max-width: 485px) 100vw, 485px\" \/> <\/a><a href=\"https:\/\/www.socinfo.fr\/\"><img data-recalc-dims=\"1\" loading=\"lazy\" decoding=\"async\" width=\"172\" height=\"140\" data-attachment-id=\"1572\" data-permalink=\"https:\/\/www.didapro.org\/11\/partenaires\/logo-sif\/\" data-orig-file=\"https:\/\/i0.wp.com\/www.didapro.org\/11\/wp-content\/uploads\/sites\/8\/2025\/12\/logo-sif.png?fit=172%2C140&amp;ssl=1\" data-orig-size=\"172,140\" data-comments-opened=\"1\" data-image-meta=\"{&quot;aperture&quot;:&quot;0&quot;,&quot;credit&quot;:&quot;&quot;,&quot;camera&quot;:&quot;&quot;,&quot;caption&quot;:&quot;&quot;,&quot;created_timestamp&quot;:&quot;0&quot;,&quot;copyright&quot;:&quot;&quot;,&quot;focal_length&quot;:&quot;0&quot;,&quot;iso&quot;:&quot;0&quot;,&quot;shutter_speed&quot;:&quot;0&quot;,&quot;title&quot;:&quot;&quot;,&quot;orientation&quot;:&quot;0&quot;}\" data-image-title=\"logo-sif\" data-image-description=\"\" data-image-caption=\"\" data-large-file=\"https:\/\/i0.wp.com\/www.didapro.org\/11\/wp-content\/uploads\/sites\/8\/2025\/12\/logo-sif.png?fit=172%2C140&amp;ssl=1\" class=\"wp-image-1572\" style=\"width: 80px\" src=\"https:\/\/i0.wp.com\/www.didapro.org\/11\/wp-content\/uploads\/sites\/8\/2025\/12\/logo-sif.png?resize=172%2C140&#038;ssl=1\" alt=\"SIF\"><\/a> <a href=\"https:\/\/miai-cluster.univ-grenoble-alpes.fr\/\"><img decoding=\"async\" style=\"width: 120px\" src=\"https:\/\/miai-cluster.univ-grenoble-alpes.fr\/uas\/MIAI\/UGA_LOGO_ACCUEIL\/LogoMIAICluster+RVB-SVG.svg\" alt=\"MIAI\"><\/a> <a href=\"https:\/\/www.economie.gouv.fr\/france-2030\"><img data-recalc-dims=\"1\" loading=\"lazy\" decoding=\"async\" width=\"322\" height=\"316\" data-attachment-id=\"1705\" data-permalink=\"https:\/\/www.didapro.org\/11\/home\/logo_france_2030\/\" data-orig-file=\"https:\/\/i0.wp.com\/www.didapro.org\/11\/wp-content\/uploads\/sites\/8\/2026\/02\/logo_france_2030.png?fit=322%2C316&amp;ssl=1\" data-orig-size=\"322,316\" data-comments-opened=\"1\" data-image-meta=\"{&quot;aperture&quot;:&quot;0&quot;,&quot;credit&quot;:&quot;&quot;,&quot;camera&quot;:&quot;&quot;,&quot;caption&quot;:&quot;&quot;,&quot;created_timestamp&quot;:&quot;0&quot;,&quot;copyright&quot;:&quot;&quot;,&quot;focal_length&quot;:&quot;0&quot;,&quot;iso&quot;:&quot;0&quot;,&quot;shutter_speed&quot;:&quot;0&quot;,&quot;title&quot;:&quot;&quot;,&quot;orientation&quot;:&quot;0&quot;}\" data-image-title=\"logo_france_2030\" data-image-description=\"\" data-image-caption=\"\" data-large-file=\"https:\/\/i0.wp.com\/www.didapro.org\/11\/wp-content\/uploads\/sites\/8\/2026\/02\/logo_france_2030.png?fit=322%2C316&amp;ssl=1\" class=\"wp-image-1705\" style=\"width: 80px\" src=\"https:\/\/i0.wp.com\/www.didapro.org\/11\/wp-content\/uploads\/sites\/8\/2026\/02\/logo_france_2030.png?resize=322%2C316&#038;ssl=1\" alt=\"France 2030\" srcset=\"https:\/\/i0.wp.com\/www.didapro.org\/11\/wp-content\/uploads\/sites\/8\/2026\/02\/logo_france_2030.png?w=322&amp;ssl=1 322w, https:\/\/i0.wp.com\/www.didapro.org\/11\/wp-content\/uploads\/sites\/8\/2026\/02\/logo_france_2030.png?resize=300%2C294&amp;ssl=1 300w\" sizes=\"auto, (max-width: 322px) 100vw, 322px\" \/><\/a> <a href=\"https:\/\/www.auvergnerhonealpes.fr\/\"><img data-recalc-dims=\"1\" height=\"122\" width=\"525\" decoding=\"async\" style=\"width: 160px\" src=\"https:\/\/i0.wp.com\/www.didapro.org\/11\/wp-content\/uploads\/sites\/8\/2026\/03\/LOGO_REGION_RVB-BLEU-GRIS.png?resize=525%2C122&#038;ssl=1\" alt=\"R\u00e9gion Auvergne-Rh\u00f4ne-Alpes\"><\/a><\/p>\n\n\n\n<p><\/p>\n","protected":false},"excerpt":{"rendered":"<p>Didapro 11 \u2013 DidaSTIC 11\u00e8me colloque francophone de didactique de l&rsquo;informatique 10 \u2012 12 mars 2026 Grenoble &nbsp; Depuis 1988, les colloques de didactique de l\u2019informatique, puis le colloque Didapro \u2013 DidaSTIC explorent les th\u00e8mes autour de l\u2019enseignement et l\u2019apprentissage de l\u2019informatique. La 11\u00e8me \u00e9dition (Didapro 11), port\u00e9e par le LIG (Laboratoire d&rsquo;Informatique de Grenoble) &hellip; <\/p>\n<p class=\"link-more\"><a href=\"https:\/\/www.didapro.org\/11\/\" class=\"more-link\">Continuer la lecture<span class=\"screen-reader-text\"> de &laquo;&nbsp;Accueil&nbsp;&raquo;<\/span><\/a><\/p>\n","protected":false},"author":1,"featured_media":0,"parent":0,"menu_order":0,"comment_status":"closed","ping_status":"closed","template":"","meta":{"jetpack_post_was_ever_published":false,"footnotes":""},"class_list":["post-353","page","type-page","status-publish","hentry"],"jetpack_sharing_enabled":true,"jetpack_shortlink":"https:\/\/wp.me\/PgWH6T-5H","jetpack-related-posts":[{"id":489,"url":"https:\/\/www.didapro.org\/11\/objectifs-et-themes\/","url_meta":{"origin":353,"position":0},"title":"Objectifs et th\u00e8mes","author":"7","date":"18 avril 2017","format":false,"excerpt":"Depuis 1988, les colloques de didactique de l\u2019informatique puis les colloques Didapro \u2013 DidaSTIC explorent les th\u00e8mes autour de l\u2019enseignement et l\u2019apprentissage de l\u2019informatique. La 11\u00e8me \u00e9dition (Didapro 11), port\u00e9e par le LIG (Laboratoire d\u2019Informatique de Grenoble) avec l\u2019Inria et l\u2019Insp\u00e9 de l\u2019Acad\u00e9mie de Grenoble, se d\u00e9roulera sur trois jours,\u2026","rel":"","context":"Article similaire","block_context":{"text":"Article similaire","link":""},"img":{"alt_text":"","src":"","width":0,"height":0},"classes":[]},{"id":1609,"url":"https:\/\/www.didapro.org\/11\/gt-didactique\/","url_meta":{"origin":353,"position":1},"title":"Premi\u00e8re journ\u00e9e pour un collectif sur la didactique de l&rsquo;informatique francophone","author":"emmanuel","date":"5 f\u00e9vrier 2026","format":false,"excerpt":"Depuis quelques d\u00e9cennies et de mani\u00e8re renouvel\u00e9e depuis 10 ans, des acteurs et actrices s'investissent sur l'apprentissage et l'enseignement de l'informatique et l'\u00e9ducation num\u00e9rique suite \u00e0 la r\u00e9introduction de ces \u00e9l\u00e9ments dans les programmes scolaires. Ces personnes sont impliqu\u00e9es dans diff\u00e9rentes communaut\u00e9s, institutions associations, en tant qu'enseignant\u00b7e, en tant que\u2026","rel":"","context":"Article similaire","block_context":{"text":"Article similaire","link":""},"img":{"alt_text":"","src":"","width":0,"height":0},"classes":[]},{"id":733,"url":"https:\/\/www.didapro.org\/11\/partenaires\/","url_meta":{"origin":353,"position":2},"title":"Organisateurs et partenaires","author":"7","date":"15 janvier 2018","format":false,"excerpt":"Le colloque Didapro 11 \u2013 DidaSTIC est soutenu par\u00a0: Centre Inria de l'Universit\u00e9 Grenoble AlpesLIG \u2013 Laboratoire d'Informatique de GrenobleInsp\u00e9 de l'Acad\u00e9mie de GrenobleR\u00e9seau des IREMLabEx PERSYVALSIF \u2013 Soci\u00e9t\u00e9 Informatique de FranceMIAI \u2013 Multidisciplinary Institute in Artificial intelligenceR\u00e9gion Auvergne-Rh\u00f4ne-Alpes","rel":"","context":"Article similaire","block_context":{"text":"Article similaire","link":""},"img":{"alt_text":"","src":"https:\/\/i0.wp.com\/www.didapro.org\/11\/wp-content\/uploads\/sites\/8\/2017\/04\/header-conference.jpg?fit=1200%2C720&ssl=1&resize=350%2C200","width":350,"height":200,"srcset":"https:\/\/i0.wp.com\/www.didapro.org\/11\/wp-content\/uploads\/sites\/8\/2017\/04\/header-conference.jpg?fit=1200%2C720&ssl=1&resize=350%2C200 1x, https:\/\/i0.wp.com\/www.didapro.org\/11\/wp-content\/uploads\/sites\/8\/2017\/04\/header-conference.jpg?fit=1200%2C720&ssl=1&resize=525%2C300 1.5x, https:\/\/i0.wp.com\/www.didapro.org\/11\/wp-content\/uploads\/sites\/8\/2017\/04\/header-conference.jpg?fit=1200%2C720&ssl=1&resize=700%2C400 2x, https:\/\/i0.wp.com\/www.didapro.org\/11\/wp-content\/uploads\/sites\/8\/2017\/04\/header-conference.jpg?fit=1200%2C720&ssl=1&resize=1050%2C600 3x"},"classes":[]},{"id":507,"url":"https:\/\/www.didapro.org\/11\/contributions-dates\/","url_meta":{"origin":353,"position":3},"title":"Appel \u00e0 contributions","author":"jppellet","date":"5 mai 2017","format":false,"excerpt":"Quatre types de contributions peuvent \u00eatre propos\u00e9es : article long (8 \u00e0 12 pages) article court (4 \u00e0 6 pages) poster (2 \u00e0 4 pages pour la proposition) atelier (1 \u00e0 4 pages pour la description de l\u2019atelier) Les contributions sont soumises via la plateforme EasyChair avant les dates sp\u00e9cifi\u00e9es\u2026","rel":"","context":"Article similaire","block_context":{"text":"Article similaire","link":""},"img":{"alt_text":"","src":"https:\/\/i0.wp.com\/www.didapro.org\/11\/wp-content\/uploads\/sites\/8\/2017\/04\/header-didapro-1.jpg?fit=1200%2C720&ssl=1&resize=350%2C200","width":350,"height":200,"srcset":"https:\/\/i0.wp.com\/www.didapro.org\/11\/wp-content\/uploads\/sites\/8\/2017\/04\/header-didapro-1.jpg?fit=1200%2C720&ssl=1&resize=350%2C200 1x, https:\/\/i0.wp.com\/www.didapro.org\/11\/wp-content\/uploads\/sites\/8\/2017\/04\/header-didapro-1.jpg?fit=1200%2C720&ssl=1&resize=525%2C300 1.5x, https:\/\/i0.wp.com\/www.didapro.org\/11\/wp-content\/uploads\/sites\/8\/2017\/04\/header-didapro-1.jpg?fit=1200%2C720&ssl=1&resize=700%2C400 2x, https:\/\/i0.wp.com\/www.didapro.org\/11\/wp-content\/uploads\/sites\/8\/2017\/04\/header-didapro-1.jpg?fit=1200%2C720&ssl=1&resize=1050%2C600 3x"},"classes":[]},{"id":604,"url":"https:\/\/www.didapro.org\/11\/programme\/","url_meta":{"origin":353,"position":4},"title":"Programme","author":"jppellet","date":"27 octobre 2017","format":false,"excerpt":"Mardi 10 mars 8h309hAccueil9h9h30Ouverture du colloque9h3010h30Conf\u00e9rence invit\u00e9e de Pascal LafourcadeCryptographie & P\u00e9dagogie, Le jeu au service des chiffres10h3011hPause11h12h30Session 1 \u2013 Pens\u00e9e informatique\u2014 Robotique scolaire et d\u00e9veloppement de la pens\u00e9e computationnelle : r\u00f4les du niveau socio\u00e9conomique et des performances scolaires \u2013 Rawad Chaker\u2014 Du \u00ab faire \u00bb au \u00ab dire \u00bb\u2026","rel":"","context":"Article similaire","block_context":{"text":"Article similaire","link":""},"img":{"alt_text":"","src":"https:\/\/i0.wp.com\/www.didapro.org\/11\/wp-content\/uploads\/sites\/8\/2017\/10\/program_3.jpg?fit=1200%2C720&ssl=1&resize=350%2C200","width":350,"height":200,"srcset":"https:\/\/i0.wp.com\/www.didapro.org\/11\/wp-content\/uploads\/sites\/8\/2017\/10\/program_3.jpg?fit=1200%2C720&ssl=1&resize=350%2C200 1x, https:\/\/i0.wp.com\/www.didapro.org\/11\/wp-content\/uploads\/sites\/8\/2017\/10\/program_3.jpg?fit=1200%2C720&ssl=1&resize=525%2C300 1.5x, https:\/\/i0.wp.com\/www.didapro.org\/11\/wp-content\/uploads\/sites\/8\/2017\/10\/program_3.jpg?fit=1200%2C720&ssl=1&resize=700%2C400 2x, https:\/\/i0.wp.com\/www.didapro.org\/11\/wp-content\/uploads\/sites\/8\/2017\/10\/program_3.jpg?fit=1200%2C720&ssl=1&resize=1050%2C600 3x"},"classes":[]},{"id":552,"url":"https:\/\/www.didapro.org\/11\/lieu-et-hebergement\/","url_meta":{"origin":353,"position":5},"title":"Lieu et acc\u00e8s","author":"7","date":"24 ao\u00fbt 2017","format":false,"excerpt":"Lieu Le colloque se d\u00e9roulera \u00e0 la MaCI \u2013 Maison de la Cr\u00e9ation et de l'Innovation sur le campus de Saint-Martin-d'H\u00e8res. L'adresse est 339 avenue Centrale, Saint Martin d'H\u00e8res. Certains ateliers auront lieu dans les locaux de l'Ensimag, \u00e0 proximit\u00e9 imm\u00e9diate de la MaCI. H\u00e9bergement Pas d'h\u00e9bergement recommand\u00e9 en particulier,\u2026","rel":"","context":"Article similaire","block_context":{"text":"Article similaire","link":""},"img":{"alt_text":"","src":"https:\/\/i0.wp.com\/www.didapro.org\/11\/wp-content\/uploads\/sites\/8\/2019\/03\/lilliad-exterieur.jpg?fit=920%2C433&ssl=1&resize=350%2C200","width":350,"height":200,"srcset":"https:\/\/i0.wp.com\/www.didapro.org\/11\/wp-content\/uploads\/sites\/8\/2019\/03\/lilliad-exterieur.jpg?fit=920%2C433&ssl=1&resize=350%2C200 1x, https:\/\/i0.wp.com\/www.didapro.org\/11\/wp-content\/uploads\/sites\/8\/2019\/03\/lilliad-exterieur.jpg?fit=920%2C433&ssl=1&resize=525%2C300 1.5x, https:\/\/i0.wp.com\/www.didapro.org\/11\/wp-content\/uploads\/sites\/8\/2019\/03\/lilliad-exterieur.jpg?fit=920%2C433&ssl=1&resize=700%2C400 2x"},"classes":[]}],"jetpack_likes_enabled":true,"_links":{"self":[{"href":"https:\/\/www.didapro.org\/11\/wp-json\/wp\/v2\/pages\/353","targetHints":{"allow":["GET"]}}],"collection":[{"href":"https:\/\/www.didapro.org\/11\/wp-json\/wp\/v2\/pages"}],"about":[{"href":"https:\/\/www.didapro.org\/11\/wp-json\/wp\/v2\/types\/page"}],"author":[{"embeddable":true,"href":"https:\/\/www.didapro.org\/11\/wp-json\/wp\/v2\/users\/1"}],"replies":[{"embeddable":true,"href":"https:\/\/www.didapro.org\/11\/wp-json\/wp\/v2\/comments?post=353"}],"version-history":[{"count":49,"href":"https:\/\/www.didapro.org\/11\/wp-json\/wp\/v2\/pages\/353\/revisions"}],"predecessor-version":[{"id":1733,"href":"https:\/\/www.didapro.org\/11\/wp-json\/wp\/v2\/pages\/353\/revisions\/1733"}],"wp:attachment":[{"href":"https:\/\/www.didapro.org\/11\/wp-json\/wp\/v2\/media?parent=353"}],"curies":[{"name":"wp","href":"https:\/\/api.w.org\/{rel}","templated":true}]}}