{"id":1545,"date":"2025-11-20T16:50:38","date_gmt":"2025-11-20T15:50:38","guid":{"rendered":"https:\/\/www.didapro.org\/11\/?page_id=1545"},"modified":"2026-01-27T10:50:32","modified_gmt":"2026-01-27T09:50:32","slug":"inscription","status":"publish","type":"page","link":"https:\/\/www.didapro.org\/11\/inscription\/","title":{"rendered":"Inscription"},"content":{"rendered":"\n<h2 class=\"wp-block-heading\">Tarifs<\/h2>\n\n\n\n<ul class=\"wp-block-list\">\n<li>Gratuit\u00e9 pour les enseignants de l&rsquo;acad\u00e9mie de Grenoble qui participent <em>uniquement<\/em> \u00e0 la journ\u00e9e du mercredi 11 mars (inscrite au PAF) \u2014 inscription \u00e0 faire d&rsquo;urgence<\/li>\n\n\n\n<li>200 \u20ac TTC pour le tarif normal<\/li>\n\n\n\n<li>100 \u20ac TTC pour le tarif r\u00e9duit (\u00e9tudiants, doctorants)<\/li>\n\n\n\n<li>Possibilit\u00e9 de s&rsquo;inscrire comme accompagnant au d\u00eener de gala pour 60 \u20ac TTC<\/li>\n<\/ul>\n\n\n\n<h2 class=\"wp-block-heading\">Modalit\u00e9s<\/h2>\n\n\n\n<ul class=\"wp-block-list\">\n<li>Mode d&#8217;emploi de la plateforme ci dessous<\/li>\n\n\n\n<li><strong>Enseignants de l&rsquo;acad\u00e9mie<\/strong>\u00a0: merci d&rsquo;utiliser votre adresse mail <em>acad\u00e9mique<\/em> et d&rsquo;indiquer votre \u00e9tablissement lors de l&rsquo;inscription sur la plateforme. Les inscriptions doivent \u00eatre faites \u00e0 temps pour l&rsquo;\u00e9dition de convocations par le rectorat.<\/li>\n<\/ul>\n\n\n\n<div class=\"wp-block-buttons is-content-justification-center is-layout-flex wp-container-core-buttons-is-layout-16018d1d wp-block-buttons-is-layout-flex\">\n<div class=\"wp-block-button is-style-fill\"><a class=\"wp-block-button__link wp-element-button\" href=\"https:\/\/dr11.azur-colloque.fr\/inscription\/fr\/344\/inscription\">Inscrivez-vous ici !<\/a><\/div>\n<\/div>\n\n\n\n<h2 class=\"wp-block-heading\">Mode op\u00e9ratoire<\/h2>\n\n\n\n<p>Il faut suivre le processus \u00ab inscription \u00bb,  n&rsquo;y a pas de pr\u00e9-inscription.<\/p>\n\n\n\n<div data-wp-interactive=\"core\/file\" class=\"wp-block-file\"><object data-wp-bind--hidden=\"!state.hasPdfPreview\" hidden class=\"wp-block-file__embed\" data=\"https:\/\/www.didapro.org\/11\/wp-content\/uploads\/sites\/8\/2025\/11\/MODOP-Module-Participant.pdf\" type=\"application\/pdf\" style=\"width:100%;height:600px\" aria-label=\"Contenu embarqu\u00e9 MODOP Module Participant.\"><\/object><a id=\"wp-block-file--media-aa6d35b3-eae8-4ba8-b639-0caf12f04d46\" href=\"https:\/\/www.didapro.org\/11\/wp-content\/uploads\/sites\/8\/2025\/11\/MODOP-Module-Participant.pdf\">MODOP Module Participant<\/a><a href=\"https:\/\/www.didapro.org\/11\/wp-content\/uploads\/sites\/8\/2025\/11\/MODOP-Module-Participant.pdf\" class=\"wp-block-file__button wp-element-button\" download aria-describedby=\"wp-block-file--media-aa6d35b3-eae8-4ba8-b639-0caf12f04d46\">T\u00e9l\u00e9charger<\/a><\/div>\n\n\n\n<p><\/p>\n","protected":false},"excerpt":{"rendered":"<p>Tarifs Modalit\u00e9s Mode op\u00e9ratoire Il faut suivre le processus \u00ab inscription \u00bb, n&rsquo;y a pas de pr\u00e9-inscription.<\/p>\n","protected":false},"author":15,"featured_media":0,"parent":0,"menu_order":0,"comment_status":"closed","ping_status":"closed","template":"","meta":{"jetpack_post_was_ever_published":false,"footnotes":""},"class_list":["post-1545","page","type-page","status-publish","hentry"],"jetpack_sharing_enabled":true,"jetpack_shortlink":"https:\/\/wp.me\/PgWH6T-oV","jetpack-related-posts":[{"id":353,"url":"https:\/\/www.didapro.org\/11\/","url_meta":{"origin":1545,"position":0},"title":"Accueil","author":"admin","date":"7 ao\u00fbt 2016","format":false,"excerpt":"Didapro 11 \u2013 DidaSTIC 11\u00e8me colloque francophone de didactique de l'informatique 10 \u2012 12 mars 2026 Grenoble \u00a0 Depuis 1988, les colloques de didactique de l\u2019informatique, puis le colloque Didapro \u2013 DidaSTIC explorent les th\u00e8mes autour de l\u2019enseignement et l\u2019apprentissage de l\u2019informatique. La 11\u00e8me \u00e9dition (Didapro 11), port\u00e9e par le\u2026","rel":"","context":"Article similaire","block_context":{"text":"Article similaire","link":""},"img":{"alt_text":"Inria","src":"https:\/\/i0.wp.com\/www.didapro.org\/11\/wp-content\/uploads\/sites\/8\/2025\/09\/inr_logo_rouge.png?resize=350%2C200&ssl=1","width":350,"height":200,"srcset":"https:\/\/i0.wp.com\/www.didapro.org\/11\/wp-content\/uploads\/sites\/8\/2025\/09\/inr_logo_rouge.png?resize=350%2C200&ssl=1 1x, https:\/\/i0.wp.com\/www.didapro.org\/11\/wp-content\/uploads\/sites\/8\/2025\/09\/inr_logo_rouge.png?resize=525%2C300&ssl=1 1.5x"},"classes":[]},{"id":489,"url":"https:\/\/www.didapro.org\/11\/objectifs-et-themes\/","url_meta":{"origin":1545,"position":1},"title":"Objectifs et th\u00e8mes","author":"7","date":"18 avril 2017","format":false,"excerpt":"Depuis 1988, les colloques de didactique de l\u2019informatique puis les colloques Didapro \u2013 DidaSTIC explorent les th\u00e8mes autour de l\u2019enseignement et l\u2019apprentissage de l\u2019informatique. La 11\u00e8me \u00e9dition (Didapro 11), port\u00e9e par le LIG (Laboratoire d\u2019Informatique de Grenoble) avec l\u2019Inria et l\u2019Insp\u00e9 de l\u2019Acad\u00e9mie de Grenoble, se d\u00e9roulera sur trois jours,\u2026","rel":"","context":"Article similaire","block_context":{"text":"Article similaire","link":""},"img":{"alt_text":"","src":"","width":0,"height":0},"classes":[]},{"id":476,"url":"https:\/\/www.didapro.org\/11\/comites\/","url_meta":{"origin":1545,"position":2},"title":"Comit\u00e9s","author":"7","date":"14 avril 2017","format":false,"excerpt":"Comit\u00e9 scientifique Georges-LouisBaronUniversit\u00e9 Paris DescartesEmmanuelBeffaraUniversit\u00e9 Grenoble AlpesJacquesB\u00e9ziatUniversit\u00e9 de Caen NormandieLaetitiaBoulc'hUniversit\u00e9 Paris DescartesPascaleBrandt-PomaresAix-Marseille Universit\u00e9JulienBroisinUniversit\u00e9 de ToulouseEricBruillardUniversit\u00e9 Paris DescartesJulienBugmannHEP VaudPierre-Andr\u00e9CaronUniversit\u00e9 de LilleThierryDanquignyUniversit\u00e9 de LilleLiesbethDe MolCNRS Universit\u00e9 de LilleChristopheDeclercqUniversit\u00e9 de La R\u00e9unionEmmanuelDesmontilsUniversit\u00e9 de NantesB\u00e9atriceDrot-DelangeUniversit\u00e9 Clermont AuvergneC\u00e9dricFluckigerUniversit\u00e9 de LilleOlivierGolettiUniversit\u00e9 Catholique de LouvainMoniqueGrandbastienUniversit\u00e9 de LorraineJulieHenryUniversit\u00e9 de NamurMichaHerschHEP VaudS\u00e9bastienHoarauUniversit\u00e9 de La R\u00e9unionS\u00e9bastienJolivetUniversit\u00e9 de Gen\u00e8veVassilisKomisUniversit\u00e9 de PatrasKimMensUniversit\u00e9\u2026","rel":"","context":"Article similaire","block_context":{"text":"Article similaire","link":""},"img":{"alt_text":"","src":"","width":0,"height":0},"classes":[]},{"id":733,"url":"https:\/\/www.didapro.org\/11\/partenaires\/","url_meta":{"origin":1545,"position":3},"title":"Organisateurs et partenaires","author":"7","date":"15 janvier 2018","format":false,"excerpt":"Le colloque Didapro 11 \u2013 DidaSTIC est soutenu par\u00a0: Centre Inria de l'Universit\u00e9 Grenoble AlpesLIG \u2013 Laboratoire d'Informatique de GrenobleInsp\u00e9 de l'Acad\u00e9mie de GrenobleR\u00e9seau des IREMLabEx PERSYVALSIF \u2013 Soci\u00e9t\u00e9 Informatique de FranceMIAI \u2013 Multidisciplinary Institute in Artificial intelligenceR\u00e9gion Auvergne-Rh\u00f4ne-Alpes","rel":"","context":"Article similaire","block_context":{"text":"Article similaire","link":""},"img":{"alt_text":"","src":"https:\/\/i0.wp.com\/www.didapro.org\/11\/wp-content\/uploads\/sites\/8\/2017\/04\/header-conference.jpg?fit=1200%2C720&ssl=1&resize=350%2C200","width":350,"height":200,"srcset":"https:\/\/i0.wp.com\/www.didapro.org\/11\/wp-content\/uploads\/sites\/8\/2017\/04\/header-conference.jpg?fit=1200%2C720&ssl=1&resize=350%2C200 1x, https:\/\/i0.wp.com\/www.didapro.org\/11\/wp-content\/uploads\/sites\/8\/2017\/04\/header-conference.jpg?fit=1200%2C720&ssl=1&resize=525%2C300 1.5x, https:\/\/i0.wp.com\/www.didapro.org\/11\/wp-content\/uploads\/sites\/8\/2017\/04\/header-conference.jpg?fit=1200%2C720&ssl=1&resize=700%2C400 2x, https:\/\/i0.wp.com\/www.didapro.org\/11\/wp-content\/uploads\/sites\/8\/2017\/04\/header-conference.jpg?fit=1200%2C720&ssl=1&resize=1050%2C600 3x"},"classes":[]},{"id":1618,"url":"https:\/\/www.didapro.org\/11\/ateliers\/","url_meta":{"origin":1545,"position":4},"title":"Ateliers","author":"emmanuel","date":"17 f\u00e9vrier 2026","format":false,"excerpt":"Session 1 (A1) Mod\u00e8les et instruments pour l\u2019enseignement et l\u2019apprentissage de la programmation en Python \u2013 S\u00e9bastien Hoarau et Christophe Declercq Cet atelier propose de manipuler deux mod\u00e8les m\u00e9moires ou \u00ab machines notionnelles \u00bb, d\u00e9di\u00e9s \u00e0 l'apprentissage du langage Python : le mod\u00e8le d'ardoise et le mod\u00e8le de r\u00e9f\u00e9rences. Les\u2026","rel":"","context":"Article similaire","block_context":{"text":"Article similaire","link":""},"img":{"alt_text":"","src":"","width":0,"height":0},"classes":[]},{"id":507,"url":"https:\/\/www.didapro.org\/11\/contributions-dates\/","url_meta":{"origin":1545,"position":5},"title":"Appel \u00e0 contributions","author":"jppellet","date":"5 mai 2017","format":false,"excerpt":"Quatre types de contributions peuvent \u00eatre propos\u00e9es : article long (8 \u00e0 12 pages) article court (4 \u00e0 6 pages) poster (2 \u00e0 4 pages pour la proposition) atelier (1 \u00e0 4 pages pour la description de l\u2019atelier) Les contributions sont soumises via la plateforme EasyChair avant les dates sp\u00e9cifi\u00e9es\u2026","rel":"","context":"Article similaire","block_context":{"text":"Article similaire","link":""},"img":{"alt_text":"","src":"https:\/\/i0.wp.com\/www.didapro.org\/11\/wp-content\/uploads\/sites\/8\/2017\/04\/header-didapro-1.jpg?fit=1200%2C720&ssl=1&resize=350%2C200","width":350,"height":200,"srcset":"https:\/\/i0.wp.com\/www.didapro.org\/11\/wp-content\/uploads\/sites\/8\/2017\/04\/header-didapro-1.jpg?fit=1200%2C720&ssl=1&resize=350%2C200 1x, https:\/\/i0.wp.com\/www.didapro.org\/11\/wp-content\/uploads\/sites\/8\/2017\/04\/header-didapro-1.jpg?fit=1200%2C720&ssl=1&resize=525%2C300 1.5x, https:\/\/i0.wp.com\/www.didapro.org\/11\/wp-content\/uploads\/sites\/8\/2017\/04\/header-didapro-1.jpg?fit=1200%2C720&ssl=1&resize=700%2C400 2x, https:\/\/i0.wp.com\/www.didapro.org\/11\/wp-content\/uploads\/sites\/8\/2017\/04\/header-didapro-1.jpg?fit=1200%2C720&ssl=1&resize=1050%2C600 3x"},"classes":[]}],"jetpack_likes_enabled":true,"_links":{"self":[{"href":"https:\/\/www.didapro.org\/11\/wp-json\/wp\/v2\/pages\/1545","targetHints":{"allow":["GET"]}}],"collection":[{"href":"https:\/\/www.didapro.org\/11\/wp-json\/wp\/v2\/pages"}],"about":[{"href":"https:\/\/www.didapro.org\/11\/wp-json\/wp\/v2\/types\/page"}],"author":[{"embeddable":true,"href":"https:\/\/www.didapro.org\/11\/wp-json\/wp\/v2\/users\/15"}],"replies":[{"embeddable":true,"href":"https:\/\/www.didapro.org\/11\/wp-json\/wp\/v2\/comments?post=1545"}],"version-history":[{"count":9,"href":"https:\/\/www.didapro.org\/11\/wp-json\/wp\/v2\/pages\/1545\/revisions"}],"predecessor-version":[{"id":1588,"href":"https:\/\/www.didapro.org\/11\/wp-json\/wp\/v2\/pages\/1545\/revisions\/1588"}],"wp:attachment":[{"href":"https:\/\/www.didapro.org\/11\/wp-json\/wp\/v2\/media?parent=1545"}],"curies":[{"name":"wp","href":"https:\/\/api.w.org\/{rel}","templated":true}]}}

<h2 class="wp-block-heading">Tarifs</h2>



<ul class="wp-block-list">
<li>Gratuité pour les enseignants de l&rsquo;académie de Grenoble qui participent <em>uniquement</em> à la journée du mercredi 11 mars (inscrite au PAF) — inscription à faire d&rsquo;urgence</li>



<li>200 € TTC pour le tarif normal</li>



<li>100 € TTC pour le tarif réduit (étudiants, doctorants)</li>



<li>Possibilité de s&rsquo;inscrire comme accompagnant au dîner de gala pour 60 € TTC</li>
</ul>



<h2 class="wp-block-heading">Modalités</h2>



<ul class="wp-block-list">
<li>Mode d&#8217;emploi de la plateforme ci dessous</li>



<li><strong>Enseignants de l&rsquo;académie</strong> : merci d&rsquo;utiliser votre adresse mail <em>académique</em> et d&rsquo;indiquer votre établissement lors de l&rsquo;inscription sur la plateforme. Les inscriptions doivent être faites à temps pour l&rsquo;édition de convocations par le rectorat.</li>
</ul>



<div class="wp-block-buttons is-content-justification-center is-layout-flex wp-container-core-buttons-is-layout-16018d1d wp-block-buttons-is-layout-flex">
<div class="wp-block-button is-style-fill"><a class="wp-block-button__link wp-element-button" href="https://dr11.azur-colloque.fr/inscription/fr/344/inscription">Inscrivez-vous ici !</a></div>
</div>



<h2 class="wp-block-heading">Mode opératoire</h2>



<p>Il faut suivre le processus « inscription »,  n&rsquo;y a pas de pré-inscription.</p>



<div data-wp-interactive="core/file" class="wp-block-file"><object data-wp-bind--hidden="!state.hasPdfPreview" hidden class="wp-block-file__embed" data="https://www.didapro.org/11/wp-content/uploads/sites/8/2025/11/MODOP-Module-Participant.pdf" type="application/pdf" style="width:100%;height:600px" aria-label="Contenu embarqué MODOP Module Participant."></object><a id="wp-block-file--media-aa6d35b3-eae8-4ba8-b639-0caf12f04d46" href="https://www.didapro.org/11/wp-content/uploads/sites/8/2025/11/MODOP-Module-Participant.pdf">MODOP Module Participant</a><a href="https://www.didapro.org/11/wp-content/uploads/sites/8/2025/11/MODOP-Module-Participant.pdf" class="wp-block-file__button wp-element-button" download aria-describedby="wp-block-file--media-aa6d35b3-eae8-4ba8-b639-0caf12f04d46">Télécharger</a></div>



<p></p>

<p>Tarifs Modalités Mode opératoire Il faut suivre le processus « inscription », n&rsquo;y a pas de pré-inscription.</p>

7 août 2016

Didapro 11 – DidaSTIC 11ème colloque francophone de didactique de l'informatique 10 ‒ 12 mars 2026 Grenoble   Depuis 1988, les colloques de didactique de l’informatique, puis le colloque Didapro – DidaSTIC explorent les thèmes autour de l’enseignement et l’apprentissage de l’informatique. La 11ème édition (Didapro 11), portée par le…

Objectifs et thèmes

Depuis 1988, les colloques de didactique de l’informatique puis les colloques Didapro – DidaSTIC explorent les thèmes autour de l’enseignement et l’apprentissage de l’informatique. La 11ème édition (Didapro 11), portée par le LIG (Laboratoire d’Informatique de Grenoble) avec l’Inria et l’Inspé de l’Académie de Grenoble, se déroulera sur trois jours,…

Comités

Comité scientifique Georges-LouisBaronUniversité Paris DescartesEmmanuelBeffaraUniversité Grenoble AlpesJacquesBéziatUniversité de Caen NormandieLaetitiaBoulc'hUniversité Paris DescartesPascaleBrandt-PomaresAix-Marseille UniversitéJulienBroisinUniversité de ToulouseEricBruillardUniversité Paris DescartesJulienBugmannHEP VaudPierre-AndréCaronUniversité de LilleThierryDanquignyUniversité de LilleLiesbethDe MolCNRS Université de LilleChristopheDeclercqUniversité de La RéunionEmmanuelDesmontilsUniversité de NantesBéatriceDrot-DelangeUniversité Clermont AuvergneCédricFluckigerUniversité de LilleOlivierGolettiUniversité Catholique de LouvainMoniqueGrandbastienUniversité de LorraineJulieHenryUniversité de NamurMichaHerschHEP VaudSébastienHoarauUniversité de La RéunionSébastienJolivetUniversité de GenèveVassilisKomisUniversité de PatrasKimMensUniversité…

Le colloque Didapro 11 – DidaSTIC est soutenu par : Centre Inria de l'Université Grenoble AlpesLIG – Laboratoire d'Informatique de GrenobleInspé de l'Académie de GrenobleRéseau des IREMLabEx PERSYVALSIF – Société Informatique de FranceMIAI – Multidisciplinary Institute in Artificial intelligenceRégion Auvergne-Rhône-Alpes

17 février 2026

Session 1 (A1) Modèles et instruments pour l’enseignement et l’apprentissage de la programmation en Python – Sébastien Hoarau et Christophe Declercq Cet atelier propose de manipuler deux modèles mémoires ou « machines notionnelles », dédiés à l'apprentissage du langage Python : le modèle d'ardoise et le modèle de références. Les…

Appel à contributions

Quatre types de contributions peuvent être proposées : article long (8 à 12 pages) article court (4 à 6 pages) poster (2 à 4 pages pour la proposition) atelier (1 à 4 pages pour la description de l’atelier) Les contributions sont soumises via la plateforme EasyChair avant les dates spécifiées…
